{"id":304,"date":"2020-11-07T01:16:38","date_gmt":"2020-11-07T04:16:38","guid":{"rendered":"https:\/\/www3.unicentro.br\/museuinterativo\/?page_id=304"},"modified":"2020-12-14T09:11:10","modified_gmt":"2020-12-14T12:11:10","slug":"os-insetos","status":"publish","type":"page","link":"https:\/\/www3.unicentro.br\/museuinterativo\/os-insetos\/","title":{"rendered":"Classe Insecta"},"content":{"rendered":"<p style=\"text-align: center\"><span style=\"font-size: 18pt\">Os insetos<\/span><\/p>\n<div id=\"attachment_451\" style=\"width: 310px\" class=\"wp-caption aligncenter\"><img loading=\"lazy\" decoding=\"async\" aria-describedby=\"caption-attachment-451\" class=\"wp-image-451 size-medium\" src=\"https:\/\/www3.unicentro.br\/museuinterativo\/wp-content\/uploads\/sites\/98\/2020\/11\/Ant_SEM-300x281.jpg\" alt=\"\" width=\"300\" height=\"281\" srcset=\"https:\/\/www3.unicentro.br\/museuinterativo\/wp-content\/uploads\/sites\/98\/2020\/11\/Ant_SEM-300x281.jpg 300w, https:\/\/www3.unicentro.br\/museuinterativo\/wp-content\/uploads\/sites\/98\/2020\/11\/Ant_SEM-255x239.jpg 255w, https:\/\/www3.unicentro.br\/museuinterativo\/wp-content\/uploads\/sites\/98\/2020\/11\/Ant_SEM.jpg 504w\" sizes=\"auto, (max-width: 300px) 100vw, 300px\" \/><p id=\"caption-attachment-451\" class=\"wp-caption-text\">Imagem 1. Antena geniculada de uma formiga. Cr\u00e9dito: Wikimedia commons.<\/p><\/div>\n<div id=\"attachment_453\" style=\"width: 313px\" class=\"wp-caption aligncenter\"><img loading=\"lazy\" decoding=\"async\" aria-describedby=\"caption-attachment-453\" class=\"wp-image-453 \" src=\"https:\/\/www3.unicentro.br\/museuinterativo\/wp-content\/uploads\/sites\/98\/2020\/11\/Dragonfly_eye_3811-243x300.jpg\" alt=\"\" width=\"303\" height=\"374\" srcset=\"https:\/\/www3.unicentro.br\/museuinterativo\/wp-content\/uploads\/sites\/98\/2020\/11\/Dragonfly_eye_3811-243x300.jpg 243w, https:\/\/www3.unicentro.br\/museuinterativo\/wp-content\/uploads\/sites\/98\/2020\/11\/Dragonfly_eye_3811-255x315.jpg 255w, https:\/\/www3.unicentro.br\/museuinterativo\/wp-content\/uploads\/sites\/98\/2020\/11\/Dragonfly_eye_3811.jpg 389w\" sizes=\"auto, (max-width: 303px) 100vw, 303px\" \/><p id=\"caption-attachment-453\" class=\"wp-caption-text\">Imagem 2. Olho composto de uma lib\u00e9lula. Cr\u00e9dito: Wikimedia commons.<\/p><\/div>\n<div id=\"attachment_454\" style=\"width: 314px\" class=\"wp-caption aligncenter\"><img loading=\"lazy\" decoding=\"async\" aria-describedby=\"caption-attachment-454\" class=\"wp-image-454\" src=\"https:\/\/www3.unicentro.br\/museuinterativo\/wp-content\/uploads\/sites\/98\/2020\/11\/Insekt-bein-208x300.gif\" alt=\"\" width=\"304\" height=\"438\" srcset=\"https:\/\/www3.unicentro.br\/museuinterativo\/wp-content\/uploads\/sites\/98\/2020\/11\/Insekt-bein-208x300.gif 208w, https:\/\/www3.unicentro.br\/museuinterativo\/wp-content\/uploads\/sites\/98\/2020\/11\/Insekt-bein-255x368.gif 255w\" sizes=\"auto, (max-width: 304px) 100vw, 304px\" \/><p id=\"caption-attachment-454\" class=\"wp-caption-text\">Figura 1. A pata de um inseto, com as suas subdivis\u00f5es. Cr\u00e9dito: Wikimedia commons.<\/p><\/div>\n<audio class=\"wp-audio-shortcode\" id=\"audio-304-1\" preload=\"none\" style=\"width: 100%;\" controls=\"controls\"><source type=\"audio\/wav\" src=\"https:\/\/www3.unicentro.br\/museuinterativo\/wp-content\/uploads\/sites\/98\/2020\/12\/Os-insetos-2-1.wav?_=1\" \/><a href=\"https:\/\/www3.unicentro.br\/museuinterativo\/wp-content\/uploads\/sites\/98\/2020\/12\/Os-insetos-2-1.wav\">https:\/\/www3.unicentro.br\/museuinterativo\/wp-content\/uploads\/sites\/98\/2020\/12\/Os-insetos-2-1.wav<\/a><\/audio>\n<p style=\"text-align: justify\"><span style=\"font-size: 14pt\">S\u00e3o animais invertebrados que compreendem a classe Insecta, do latim insectum, possuem o corpo dividido em 3 tagmas (grupo de segmentos especializados dos artr\u00f3podes, cabe\u00e7a, t\u00f3rax e abdomem) possuem antenas (\u00f3rg\u00e3o sensorial em forma de ap\u00eandice localizado na cabe\u00e7a), olhos compostos (conjunto de omot\u00eddeo, pequeno sensor que distingue claro e escuro) e 3 pares de paras articuladas, essa classe pertence ao filo Artropoda, do grego <em>Athoros<\/em>: articula\u00e7\u00e3o e <em>podos: p\u00e9s<\/em>. S\u00e3o os animais que apresentam exoesqueleto quitinoso (esqueleto externo).<\/span><\/p>\n<div id=\"attachment_457\" style=\"width: 810px\" class=\"wp-caption aligncenter\"><img loading=\"lazy\" decoding=\"async\" aria-describedby=\"caption-attachment-457\" class=\"wp-image-457 size-full\" src=\"https:\/\/www3.unicentro.br\/museuinterativo\/wp-content\/uploads\/sites\/98\/2020\/11\/Insect_anatomy_diagram.svg.png\" alt=\"\" width=\"800\" height=\"560\" srcset=\"https:\/\/www3.unicentro.br\/museuinterativo\/wp-content\/uploads\/sites\/98\/2020\/11\/Insect_anatomy_diagram.svg.png 800w, https:\/\/www3.unicentro.br\/museuinterativo\/wp-content\/uploads\/sites\/98\/2020\/11\/Insect_anatomy_diagram.svg-300x210.png 300w, https:\/\/www3.unicentro.br\/museuinterativo\/wp-content\/uploads\/sites\/98\/2020\/11\/Insect_anatomy_diagram.svg-768x538.png 768w, https:\/\/www3.unicentro.br\/museuinterativo\/wp-content\/uploads\/sites\/98\/2020\/11\/Insect_anatomy_diagram.svg-255x179.png 255w\" sizes=\"auto, (max-width: 800px) 100vw, 800px\" \/><p id=\"caption-attachment-457\" class=\"wp-caption-text\">Imagem 3. Anatomia de um insecto A- Cabe\u00e7a B- t\u00f3rax C- Abdome 1. antena 2. ocelo (inferior) 3. ocelo (xanerior) 4. olho composto 5. c\u00e9rebro (g\u00e2nglios cerebrais) 6. prot\u00f3rax 7. art\u00e9ria dorsal 8. tubos traqueais e espir\u00e1culos 9. mesot\u00f3rax 10. metat\u00f3rax 11. asa (1\u00aa) 12. asa (2\u00aa) 13. intestino m\u00e9dio (mes\u00eantero) 14. cora\u00e7\u00e3o 15. ov\u00e1rio 16. intestino posterior (proctodeo) 17. \u00e2nus 18. vagina 19. g\u00e2nglios abdominais 20. t\u00fabulos de Malpighi 21. tars\u00f4mero 22. garras tarsais 23. tarso 24. t\u00edbia 25. f\u00e9mur 26. trocanter 27. intestino anterior (estomodeo) 28. g\u00e2nglios tor\u00e1cicos 29. coxa 30. gl\u00e2ndula salivar 31. g\u00e2nglio sub-esof\u00e1gico 32. pe\u00e7as bucais. Cr\u00e9dito: Wikimedia commons.<\/p><\/div>\n<p style=\"text-align: justify\"><span style=\"font-size: 14pt\">Os insetos representam o grupo com maior diversidade entre todos os animais do planeta, com mais de 900.000 esp\u00e9cies distintas. Esses animais apresentam um impressionante sucesso adaptativo, devido a capacidade de voo, que permite que esses insetos ocupem diversos ambientes, sendo o ambiente terrestre o que apresenta a maior quantidade de insetos conhecidos e descritos at\u00e9 hoje, o voo permite tamb\u00e9m que os insetos fujam de predadores e auxilia na busca de alimentos.<\/span><\/p>\n<p style=\"text-align: justify\"><span style=\"font-size: 14pt\">Os insetos s\u00e3o muito importantes porque s\u00e3o capazes de sobreviver e se alimentar nos mais diversos ambientes, s\u00e3o importantes na econ\u00f4mico, agricultura, tem um importante papel ecol\u00f3gico, m\u00e9dico e etc. As abelhas e as borboletas por exemplo s\u00e3o conhecidas por realizar a poliniza\u00e7\u00e3o (transferir o gr\u00e3o de p\u00f3len de uma planta para outra, garantindo sua fecunda\u00e7\u00e3o), ou seja, esses insetos s\u00e3o fundamentais para a reprodu\u00e7\u00e3o de algumas plantas. <\/span><\/p>\n<p style=\"text-align: justify\"><span style=\"font-size: 14pt\">O document\u00e1rio a seguir mostra varias curiosidades sobre os insetos.<\/span><\/p>\n<p><iframe loading=\"lazy\" title=\"NatGeo Wild HD Os incr\u00edveis Insetos\" width=\"900\" height=\"506\" src=\"https:\/\/www.youtube.com\/embed\/mJ8Z8MPGasQ?feature=oembed\" frameborder=\"0\" allow=\"accelerometer; autoplay; clipboard-write; encrypted-media; gyroscope; picture-in-picture\" allowfullscreen><\/iframe><\/p>\n<p>&nbsp;<\/p>\n<p style=\"text-align: center\"><strong><span style=\"font-size: 18pt\">Nos pr\u00f3ximos t\u00f3picos ser\u00e3o apresentadas as principais Ordens dos insetos que podem ser encontrados no acervo entomol\u00f3gico de Hip\u00f3lito Scheneider do Museu de ci\u00eancias naturais, aproveite!<\/span><\/strong><\/p>\n<p>&nbsp;<\/p>\n<p>&nbsp;<\/p>\n<p><span style=\"font-size: 14pt\">Fontes:<\/span><\/p>\n<p><span style=\"font-size: 14pt\">Figura 1. Wikimedia commons, dispon\u00edvel em:\u00a0<a href=\"https:\/\/commons.wikimedia.org\/wiki\/File:Insekt-bein.gif.\">https:\/\/commons.wikimedia.org\/wiki\/File:Insekt-bein.gif.<\/a><\/span><\/p>\n<p><span style=\"font-size: 14pt\">Imagem 1. Wikimedia commons, dispon\u00edvel em: <a href=\"https:\/\/commons.wikimedia.org\/wiki\/File:Ant_SEM.jpg.\">https:\/\/commons.wikimedia.org\/wiki\/File:Ant_SEM.jpg.<\/a><\/span><\/p>\n<p><span style=\"font-size: 14pt\">Imagem 2. Wikimedia commons, dispon\u00edvel em: <a href=\"https:\/\/commons.wikimedia.org\/wiki\/File:Dragonfly_eye_3811.jpg.\">https:\/\/commons.wikimedia.org\/wiki\/File:Dragonfly_eye_3811.jpg.<\/a><\/span><\/p>\n<p><span style=\"font-size: 14pt\">Imagem 3. Wikimedia commons, dispon\u00edvel em:\u00a0<a href=\"https:\/\/commons.wikimedia.org\/wiki\/File:Insect_anatomy_diagram.svg.\">https:\/\/commons.wikimedia.org\/wiki\/File:Insect_anatomy_diagram.svg.<\/a><\/span><\/p>\n<p><span style=\"font-size: 14pt\">Embrapa, Programa embrapa na escola para 2020 tem novidades &#8211; a import\u00e2ncia dos insetos, dispon\u00edvel em: <a href=\"https:\/\/www.embrapa.br\/busca-de-noticias\/-\/noticia\/50645767\/programa-embrapa--escola-para-2020-tem-novidade--a-importancia-dos-insetos#:~:text=SP)%20para%202020.-,Os%20insetos%20s%C3%A3o%20muito%20importantes%20porque%20s%C3%A3o%20capazes%20de%20sobreviver,madeiras%2C%20n%C3%A9ctar%20e%20at%C3%A9%20sangue.&amp;text=%22%2C%20diz%20Simone.-,Alguns%20insetos%20possuem%20ainda%20import%C3%A2ncia%20m%C3%A9dica%2C%20uma%20vez%20que%20provocam,em%20seres%20humanos%20e%20animais\">https:\/\/www.embrapa.br\/busca-de-noticias\/-\/noticia\/50645767\/programa-embrapa&#8211;escola.<\/a><\/span><\/p>\n<p><span style=\"font-size: 14pt\">Toda mat\u00e9ria, Artr\u00f3podes, dispon\u00edvel em: <a href=\"https:\/\/www.todamateria.com.br\/artropodes\/#:~:text=Artr%C3%B3podes%20(filo%20Arthropoda)%20s%C3%A3o%20animais,os%20besouros%20os%20mais%20comuns\">https:\/\/www.todamateria.com.br\/artropodes\/.<\/a><\/span><\/p>\n<p>&nbsp;<\/p>\n<p>&nbsp;<\/p>\n<p><span style=\"font-size: 14pt\"><strong>Acad\u00eamicos respons\u00e1veis:\u00a0<\/strong>Alexsandra de Lima Klates; Aline Noga; Fabiana Polidorio dos Santos; Isac marcelo Gon\u00e7alves da Silva; Pedro Augusto Gon\u00e7alves Tilp.<\/span><\/p>\n","protected":false},"excerpt":{"rendered":"<p>Os insetos S\u00e3o animais invertebrados que compreendem a classe Insecta, do latim insectum, possuem o corpo dividido em 3 tagmas (grupo de segmentos especializados dos artr\u00f3podes, cabe\u00e7a, t\u00f3rax e abdomem) possuem antenas (\u00f3rg\u00e3o sensorial em forma de ap\u00eandice localizado na cabe\u00e7a), olhos compostos (conjunto de omot\u00eddeo, pequeno sensor que distingue claro e escuro) e 3 [&hellip;]<\/p>\n","protected":false},"author":297,"featured_media":0,"parent":0,"menu_order":0,"comment_status":"closed","ping_status":"closed","template":"","meta":{"_exactmetrics_skip_tracking":false,"_exactmetrics_sitenote_active":false,"_exactmetrics_sitenote_note":"","_exactmetrics_sitenote_category":0,"footnotes":"","_links_to":"","_links_to_target":""},"class_list":["post-304","page","type-page","status-publish","hentry"],"_links":{"self":[{"href":"https:\/\/www3.unicentro.br\/museuinterativo\/wp-json\/wp\/v2\/pages\/304","targetHints":{"allow":["GET"]}}],"collection":[{"href":"https:\/\/www3.unicentro.br\/museuinterativo\/wp-json\/wp\/v2\/pages"}],"about":[{"href":"https:\/\/www3.unicentro.br\/museuinterativo\/wp-json\/wp\/v2\/types\/page"}],"author":[{"embeddable":true,"href":"https:\/\/www3.unicentro.br\/museuinterativo\/wp-json\/wp\/v2\/users\/297"}],"replies":[{"embeddable":true,"href":"https:\/\/www3.unicentro.br\/museuinterativo\/wp-json\/wp\/v2\/comments?post=304"}],"version-history":[{"count":0,"href":"https:\/\/www3.unicentro.br\/museuinterativo\/wp-json\/wp\/v2\/pages\/304\/revisions"}],"wp:attachment":[{"href":"https:\/\/www3.unicentro.br\/museuinterativo\/wp-json\/wp\/v2\/media?parent=304"}],"curies":[{"name":"wp","href":"https:\/\/api.w.org\/{rel}","templated":true}]}}