{"id":293,"date":"2020-11-06T22:03:38","date_gmt":"2020-11-07T01:03:38","guid":{"rendered":"https:\/\/www3.unicentro.br\/museuinterativo\/?page_id=293"},"modified":"2020-12-14T08:58:20","modified_gmt":"2020-12-14T11:58:20","slug":"hipolito-scheneider","status":"publish","type":"page","link":"https:\/\/www3.unicentro.br\/museuinterativo\/hipolito-scheneider\/","title":{"rendered":"Hip\u00f3lito Scheneider"},"content":{"rendered":"<p>&nbsp;<\/p>\n<div id=\"attachment_326\" style=\"width: 693px\" class=\"wp-caption aligncenter\"><img loading=\"lazy\" decoding=\"async\" aria-describedby=\"caption-attachment-326\" class=\"wp-image-326\" src=\"https:\/\/www3.unicentro.br\/museuinterativo\/wp-content\/uploads\/sites\/98\/2020\/11\/Hipolito-300x175.jpg\" alt=\"\" width=\"683\" height=\"399\" srcset=\"https:\/\/www3.unicentro.br\/museuinterativo\/wp-content\/uploads\/sites\/98\/2020\/11\/Hipolito-300x175.jpg 300w, https:\/\/www3.unicentro.br\/museuinterativo\/wp-content\/uploads\/sites\/98\/2020\/11\/Hipolito-255x149.jpg 255w, https:\/\/www3.unicentro.br\/museuinterativo\/wp-content\/uploads\/sites\/98\/2020\/11\/Hipolito.jpg 637w\" sizes=\"auto, (max-width: 683px) 100vw, 683px\" \/><p id=\"caption-attachment-326\" class=\"wp-caption-text\">Imagem 1: Hip\u00f3lito Scheneider com as gavetas de sua cole\u00e7\u00e3o. Cr\u00e9dito: P\u00e1gina do Museu Entomol\u00f3gico Hip\u00f3lito Schneider no Facebook.<\/p><\/div>\n<audio class=\"wp-audio-shortcode\" id=\"audio-293-1\" preload=\"none\" style=\"width: 100%;\" controls=\"controls\"><source type=\"audio\/wav\" src=\"https:\/\/www3.unicentro.br\/museuinterativo\/wp-content\/uploads\/sites\/98\/2020\/12\/Hiplito-1-2-1.wav?_=1\" \/><a href=\"https:\/\/www3.unicentro.br\/museuinterativo\/wp-content\/uploads\/sites\/98\/2020\/12\/Hiplito-1-2-1.wav\">https:\/\/www3.unicentro.br\/museuinterativo\/wp-content\/uploads\/sites\/98\/2020\/12\/Hiplito-1-2-1.wav<\/a><\/audio>\n<p style=\"text-align: justify\"><span style=\"font-size: 14pt\">Hip\u00f3lito Schneider, nasceu 30 de abril de 1922 em Prudent\u00f3polis, em 1950 se mudou para cidade de Guarapuava. Autodidata em entomologia teve como principal forma\u00e7\u00e3o o curso t\u00e9cnico em contabilidade. Por\u00e9m, sua atividade profissional de destaque foi o curtimento de peles, onde desenvolveu t\u00e9cnicas em Taxidermia. <\/span><span style=\"font-size: 14pt\">Em 1949 iniciou a montagem do museu Entomol\u00f3gico, coletando incessantemente insetos para formar a cole\u00e7\u00e3o particular, e somente mais tarde inicia a cole\u00e7\u00e3o para Universidade Estadual do Centro Oeste \u2013 UNICENTRO. <\/span><span style=\"font-size: 14pt\">A partir de 1950 foram feitas as primeiras gavetas que perduram at\u00e9 hoje no local de exposi\u00e7\u00e3o do museu particular. Diversas viagens foram feitas pelo Brasil para captura de insetos, com destaque para: em 1982 para Tef\u00e9 e Manaus (AM) pelo Minist\u00e9rio da Agricultura; Bel\u00e9m (PA) com equipe de cientistas credenciados pelo CNPQ. <\/span><span style=\"font-size: 14pt\">Tamb\u00e9m foi para o Mato Grosso do Sul, onde capturou grande diversidade de insetos. Em Guarapuava, aonde tem origem grande parte do acervo, as coletas eram realizadas especialmente aos domingos de madrugada pelos campos e matas at\u00e9 o per\u00edodo da noite. Hip\u00f3lito Schneider iniciou profissionalmente na \u00e1rea de entomologia em 1972 pela FAFIG (Faculdade de Filosofia, Ci\u00eancias e Letras de Guarapuava) atual UNICENTRO.<\/span><\/p>\n<audio class=\"wp-audio-shortcode\" id=\"audio-293-2\" preload=\"none\" style=\"width: 100%;\" controls=\"controls\"><source type=\"audio\/wav\" src=\"https:\/\/www3.unicentro.br\/museuinterativo\/wp-content\/uploads\/sites\/98\/2020\/12\/Hplito-2-1-1.wav?_=2\" \/><a href=\"https:\/\/www3.unicentro.br\/museuinterativo\/wp-content\/uploads\/sites\/98\/2020\/12\/Hplito-2-1-1.wav\">https:\/\/www3.unicentro.br\/museuinterativo\/wp-content\/uploads\/sites\/98\/2020\/12\/Hplito-2-1-1.wav<\/a><\/audio>\n<p style=\"text-align: justify\"><span style=\"font-size: 14pt\">A montagem do material para a institui\u00e7\u00e3o foi oriunda de doa\u00e7\u00f5es de gavetas e alfinetes realizadas por colaboradores. Atualmente essa cole\u00e7\u00e3o, denominada \u201cCole\u00e7\u00e3o Entomol\u00f3gica Hip\u00f3lito Schneider\u201d, est\u00e1 em exposi\u00e7\u00e3o no Museu de Ci\u00eancias Naturais localizado no Parque das Arauc\u00e1rias \u2013 Guarapuava\/PR.<\/span><\/p>\n<p style=\"text-align: center\"><span style=\"color: #800080\"><strong><span style=\"font-size: 12pt\">Veja o v\u00eddeo do Hip\u00f3lito preparando o material do museu na p\u00e1gina do facebook do Museu Entomol\u00f3gico Hip\u00f3lito Schneider, dispon\u00edvel em: <a style=\"color: #800080\" href=\"https:\/\/www.facebook.com\/museuschneider\/videos\/1597753410529054\/?flite=scwspnss.\">https:\/\/www.facebook.com\/museuschneider\/videos\/1597753410529054\/?flite=scwspnss.<\/a><\/span><\/strong><\/span><\/p>\n<p style=\"text-align: justify\"><span style=\"font-size: 14pt\">Em 1988 foi agraciado com o t\u00edtulo de \u201cBicho do Paran\u00e1\u201d, com a produ\u00e7\u00e3o da Rede Paranaense de Televis\u00e3o, afiliada da Rede Globo. Tamb\u00e9m foi declarado cidad\u00e3o e professor honor\u00e1rio pela prefeitura de Guarapuava-PR e UNICENTRO, respectivamente. <\/span><span style=\"font-size: 14pt\">Diplomado como acad\u00eamico fundador da Academia de Letras, Artes e Ci\u00eancias de Guarapuava, sendo titular da cadeira n.\u00ba 35, cujo patrono \u00e9 Jos\u00e9 Siqueira Rosa. Em 13 de dezembro de 2001, participou do programa J\u00f4 Soares, onde fala de sua cole\u00e7\u00e3o particular.<\/span><\/p>\n<p style=\"text-align: center\"><span style=\"font-size: 12pt;color: #339966\">Veja o v\u00eddeo da entrevista do Hip\u00f3lito no J\u00f4 Soares da p\u00e1gina do facebook do Museu Entomol\u00f3gico Hip\u00f3lito Schneider, dispon\u00edvel em: <a style=\"color: #339966\" href=\"https:\/\/www.facebook.com\/museuschneider\/videos\/1600363833601345\/?flite=scwspnss.\">https:\/\/www.facebook.com\/museuschneider\/videos\/1600363833601345\/?flite=scwspnss.<\/a><\/span><\/p>\n<p style=\"text-align: justify\"><span style=\"font-size: 14pt\">O autodidata em entomologia Hip\u00f3lito Schneider morreu aos 88 anos de idade, na madrugada de s\u00e1bado do dia 08 de janeiro, no ano de 2011, foi v\u00edtima de uma parada cardiorrespirat\u00f3ria. Hip\u00f3lito ficou e, sempre ser\u00e1 lembrado por sua paix\u00e3o pelos insetos, por colecionar, catalogar e registrar em um livro a m\u00e3o, mais 100 mil esp\u00e9cies, um trabalho de mais de 70 anos.<\/span><\/p>\n<p>&nbsp;<\/p>\n<p>&nbsp;<\/p>\n<p><span style=\"font-size: 14pt\">Fontes:<\/span><\/p>\n<p><span style=\"font-size: 14pt\">P\u00e1gina do Facebook do Museu Entomol\u00f3gico Hip\u00f3lito Schneider, dispon\u00edvel em: <a href=\"https:\/\/www.facebook.com\/museuschneider\/?ref=page_internal\">https:\/\/www.facebook.com\/museuschneider\/?ref=page_internal<\/a>.<\/span><\/p>\n<p><span style=\"font-size: 14pt\"><strong>Acad\u00eamicos respons\u00e1veis:\u00a0<\/strong>Alexsandra de Lima Klates; Aline Noga; Fabiana Polidorio dos Santos; Isac marcelo Gon\u00e7alves da Silva; Pedro Augusto Gon\u00e7alves Tilp.<\/span><\/p>\n","protected":false},"excerpt":{"rendered":"<p>&nbsp; Hip\u00f3lito Schneider, nasceu 30 de abril de 1922 em Prudent\u00f3polis, em 1950 se mudou para cidade de Guarapuava. Autodidata em entomologia teve como principal forma\u00e7\u00e3o o curso t\u00e9cnico em contabilidade. Por\u00e9m, sua atividade profissional de destaque foi o curtimento de peles, onde desenvolveu t\u00e9cnicas em Taxidermia. Em 1949 iniciou a montagem do museu Entomol\u00f3gico, [&hellip;]<\/p>\n","protected":false},"author":297,"featured_media":0,"parent":0,"menu_order":0,"comment_status":"closed","ping_status":"closed","template":"","meta":{"_exactmetrics_skip_tracking":false,"_exactmetrics_sitenote_active":false,"_exactmetrics_sitenote_note":"","_exactmetrics_sitenote_category":0,"footnotes":"","_links_to":"","_links_to_target":""},"class_list":["post-293","page","type-page","status-publish","hentry"],"_links":{"self":[{"href":"https:\/\/www3.unicentro.br\/museuinterativo\/wp-json\/wp\/v2\/pages\/293","targetHints":{"allow":["GET"]}}],"collection":[{"href":"https:\/\/www3.unicentro.br\/museuinterativo\/wp-json\/wp\/v2\/pages"}],"about":[{"href":"https:\/\/www3.unicentro.br\/museuinterativo\/wp-json\/wp\/v2\/types\/page"}],"author":[{"embeddable":true,"href":"https:\/\/www3.unicentro.br\/museuinterativo\/wp-json\/wp\/v2\/users\/297"}],"replies":[{"embeddable":true,"href":"https:\/\/www3.unicentro.br\/museuinterativo\/wp-json\/wp\/v2\/comments?post=293"}],"version-history":[{"count":0,"href":"https:\/\/www3.unicentro.br\/museuinterativo\/wp-json\/wp\/v2\/pages\/293\/revisions"}],"wp:attachment":[{"href":"https:\/\/www3.unicentro.br\/museuinterativo\/wp-json\/wp\/v2\/media?parent=293"}],"curies":[{"name":"wp","href":"https:\/\/api.w.org\/{rel}","templated":true}]}}