{"id":223,"date":"2020-11-05T17:49:45","date_gmt":"2020-11-05T20:49:45","guid":{"rendered":"https:\/\/www3.unicentro.br\/museuinterativo\/?page_id=223"},"modified":"2020-11-23T19:15:13","modified_gmt":"2020-11-23T22:15:13","slug":"qrcode4","status":"publish","type":"page","link":"https:\/\/www3.unicentro.br\/museuinterativo\/qrcode4\/","title":{"rendered":"Amea\u00e7as"},"content":{"rendered":"<audio class=\"wp-audio-shortcode\" id=\"audio-223-1\" preload=\"none\" style=\"width: 100%;\" controls=\"controls\"><source type=\"audio\/mpeg\" src=\"https:\/\/www3.unicentro.br\/museuinterativo\/wp-content\/uploads\/sites\/98\/2020\/11\/Ameacas.mp3?_=1\" \/><a href=\"https:\/\/www3.unicentro.br\/museuinterativo\/wp-content\/uploads\/sites\/98\/2020\/11\/Ameacas.mp3\">https:\/\/www3.unicentro.br\/museuinterativo\/wp-content\/uploads\/sites\/98\/2020\/11\/Ameacas.mp3<\/a><\/audio>\n<p style=\"text-align: center\"><span style=\"font-family: helvetica, arial, sans-serif;font-size: 14pt\"><strong>AMEA\u00c7AS: POR QUE AS TARTARUGAS EST\u00c3O EM PERIGO DE EXTIN\u00c7\u00c3O?<\/strong><\/span><\/p>\n<p>&nbsp;<\/p>\n<p style=\"text-align: justify\"><span style=\"font-family: helvetica, arial, sans-serif;font-size: 14pt\">Esp\u00e9cies amea\u00e7adas de extin\u00e7\u00e3o s\u00e3o aquelas em risco de desaparecer em um futuro pr\u00f3ximo. Incont\u00e1veis esp\u00e9cies j\u00e1 se extinguiram nos \u00faltimos milh\u00f5es de anos, devido a causas naturais, como mudan\u00e7as clim\u00e1ticas, e incapacidade de adapta\u00e7\u00e3o a novas condi\u00e7\u00f5es de sobreviv\u00eancia. <strong>De cada mil filhotes que nascem, somente um ou dois conseguem atingir a maturidade.<\/strong><strong>\u00a0<\/strong>S\u00e3o in\u00fameros os obst\u00e1culos que enfrentam para sobreviver e, al\u00e9m dos predadores naturais, as a\u00e7\u00f5es do homem est\u00e3o entre as principais amea\u00e7as \u00e0s popula\u00e7\u00f5es de tartarugas marinhas.<\/span><\/p>\n<p style=\"text-align: justify\"><span style=\"font-family: helvetica, arial, sans-serif;font-size: 14pt\">O avan\u00e7o da urbaniza\u00e7\u00e3o sobre as praias provoca grandes altera\u00e7\u00f5es em \u00e1reas que s\u00e3o utilizadas para desova das tartarugas marinhas, pois a presen\u00e7a de ilumina\u00e7\u00e3o artificial faz com que os filhotes que saem dos ninhos confundam essas luzes com a luz natural refletida no mar. Com isso, os filhotes ficam desorientados e seguem no sentido oposto ao mar, n\u00e3o conseguindo alcan\u00e7ar as \u00e1guas.<\/span><\/p>\n<p>&nbsp;<\/p>\n<div id=\"attachment_208\" style=\"width: 457px\" class=\"wp-caption aligncenter\"><img loading=\"lazy\" decoding=\"async\" aria-describedby=\"caption-attachment-208\" class=\"wp-image-208\" src=\"https:\/\/www3.unicentro.br\/museuinterativo\/wp-content\/uploads\/sites\/98\/2020\/11\/O09_A_162-fotopolui_ao-300x173.jpg\" alt=\"\" width=\"447\" height=\"258\" srcset=\"https:\/\/www3.unicentro.br\/museuinterativo\/wp-content\/uploads\/sites\/98\/2020\/11\/O09_A_162-fotopolui_ao-300x173.jpg 300w, https:\/\/www3.unicentro.br\/museuinterativo\/wp-content\/uploads\/sites\/98\/2020\/11\/O09_A_162-fotopolui_ao-255x147.jpg 255w, https:\/\/www3.unicentro.br\/museuinterativo\/wp-content\/uploads\/sites\/98\/2020\/11\/O09_A_162-fotopolui_ao.jpg 620w\" sizes=\"auto, (max-width: 447px) 100vw, 447px\" \/><p id=\"caption-attachment-208\" class=\"wp-caption-text\"><span style=\"font-family: helvetica, arial, sans-serif;font-size: 12pt\">Figura 1: tartaruga perdida na areia por conta da fotopolui\u00e7\u00e3o. Fonte: &lt;https:\/\/tamar.org.br\/interna.php?cod=106&gt;<\/span><\/p><\/div>\n<p>&nbsp;<\/p>\n<p style=\"text-align: justify\"><span style=\"font-family: helvetica, arial, sans-serif;font-size: 14pt\">O tr\u00e2nsito de ve\u00edculos em praias, sobre as \u00e1reas que as tartarugas utilizam para desova dificulta a sa\u00edda dos filhotes do ninho e, al\u00e9m disso, deixam marcas dos pneus que podem deixar os filhotes presos ou, at\u00e9 mesmo, atropela esses filhotes.<\/span><\/p>\n<p>&nbsp;<\/p>\n<div id=\"attachment_198\" style=\"width: 536px\" class=\"wp-caption aligncenter\"><img loading=\"lazy\" decoding=\"async\" aria-describedby=\"caption-attachment-198\" class=\"wp-image-198\" src=\"https:\/\/www3.unicentro.br\/museuinterativo\/wp-content\/uploads\/sites\/98\/2020\/11\/ameaca-veiculo-na-praia-300x133.jpg\" alt=\"\" width=\"526\" height=\"233\" srcset=\"https:\/\/www3.unicentro.br\/museuinterativo\/wp-content\/uploads\/sites\/98\/2020\/11\/ameaca-veiculo-na-praia-300x133.jpg 300w, https:\/\/www3.unicentro.br\/museuinterativo\/wp-content\/uploads\/sites\/98\/2020\/11\/ameaca-veiculo-na-praia-255x113.jpg 255w, https:\/\/www3.unicentro.br\/museuinterativo\/wp-content\/uploads\/sites\/98\/2020\/11\/ameaca-veiculo-na-praia.jpg 500w\" sizes=\"auto, (max-width: 526px) 100vw, 526px\" \/><p id=\"caption-attachment-198\" class=\"wp-caption-text\"><span style=\"font-family: helvetica, arial, sans-serif;font-size: 12pt\">Figura\u00a0 2: o perigo dos meios do tr\u00e2nsito de ve\u00edculos. Fonte: &lt;https:\/\/tamar.org.br\/interna.php?cod=107&gt;<\/span><\/p><\/div>\n<p>&nbsp;<\/p>\n<p style=\"text-align: justify\"><span style=\"font-family: helvetica, arial, sans-serif;font-size: 14pt\">No passado, muitas tartarugas eram mortas quando subiam at\u00e9 a areia da praia para desovar e tinham seus ovos coletados, sendo um recurso alimentar e de renda para os pescadores locais. Este foi um dos principais motivos das tartarugas marinhas entrarem em processo de extin\u00e7\u00e3o, pois h\u00e1 a evidente interrup\u00e7\u00e3o de seu ciclo de vida e a redu\u00e7\u00e3o de sua popula\u00e7\u00e3o.<\/span><\/p>\n<p>&nbsp;<\/p>\n<div id=\"attachment_197\" style=\"width: 361px\" class=\"wp-caption aligncenter\"><img loading=\"lazy\" decoding=\"async\" aria-describedby=\"caption-attachment-197\" class=\"wp-image-197\" src=\"https:\/\/www3.unicentro.br\/museuinterativo\/wp-content\/uploads\/sites\/98\/2020\/11\/ameaca-caca-e-coleta-293x300.jpg\" alt=\"\" width=\"351\" height=\"359\" srcset=\"https:\/\/www3.unicentro.br\/museuinterativo\/wp-content\/uploads\/sites\/98\/2020\/11\/ameaca-caca-e-coleta-293x300.jpg 293w, https:\/\/www3.unicentro.br\/museuinterativo\/wp-content\/uploads\/sites\/98\/2020\/11\/ameaca-caca-e-coleta-768x788.jpg 768w, https:\/\/www3.unicentro.br\/museuinterativo\/wp-content\/uploads\/sites\/98\/2020\/11\/ameaca-caca-e-coleta-50x50.jpg 50w, https:\/\/www3.unicentro.br\/museuinterativo\/wp-content\/uploads\/sites\/98\/2020\/11\/ameaca-caca-e-coleta-255x262.jpg 255w, https:\/\/www3.unicentro.br\/museuinterativo\/wp-content\/uploads\/sites\/98\/2020\/11\/ameaca-caca-e-coleta.jpg 975w\" sizes=\"auto, (max-width: 351px) 100vw, 351px\" \/><p id=\"caption-attachment-197\" class=\"wp-caption-text\"><span style=\"font-family: helvetica, arial, sans-serif;font-size: 12pt\">Figura 3: ovos de tartaruga sendo usados como alimento. Fonte: &lt;https:\/\/tamar.org.br\/interna.php?cod=102&gt;<\/span><\/p><\/div>\n<p>&nbsp;<\/p>\n<p style=\"text-align: justify\"><span style=\"font-family: helvetica, arial, sans-serif;font-size: 14pt\">A ca\u00e7a ilegal acontece em muitos locais que utilizam o casco das tartarugas para fins econ\u00f4micos e \u00e9 um dos principais motivos da tartaruga-de-pente ter entrado em perigo de extin\u00e7\u00e3o.<\/span><\/p>\n<p>&nbsp;<\/p>\n<div id=\"attachment_211\" style=\"width: 415px\" class=\"wp-caption aligncenter\"><img loading=\"lazy\" decoding=\"async\" aria-describedby=\"caption-attachment-211\" class=\"wp-image-211\" src=\"https:\/\/www3.unicentro.br\/museuinterativo\/wp-content\/uploads\/sites\/98\/2020\/11\/pente-300x300.jpg\" alt=\"\" width=\"405\" height=\"405\" srcset=\"https:\/\/www3.unicentro.br\/museuinterativo\/wp-content\/uploads\/sites\/98\/2020\/11\/pente-300x300.jpg 300w, https:\/\/www3.unicentro.br\/museuinterativo\/wp-content\/uploads\/sites\/98\/2020\/11\/pente-150x150.jpg 150w, https:\/\/www3.unicentro.br\/museuinterativo\/wp-content\/uploads\/sites\/98\/2020\/11\/pente-50x50.jpg 50w, https:\/\/www3.unicentro.br\/museuinterativo\/wp-content\/uploads\/sites\/98\/2020\/11\/pente-80x80.jpg 80w, https:\/\/www3.unicentro.br\/museuinterativo\/wp-content\/uploads\/sites\/98\/2020\/11\/pente-263x263.jpg 263w, https:\/\/www3.unicentro.br\/museuinterativo\/wp-content\/uploads\/sites\/98\/2020\/11\/pente-100x100.jpg 100w, https:\/\/www3.unicentro.br\/museuinterativo\/wp-content\/uploads\/sites\/98\/2020\/11\/pente-526x526.jpg 526w, https:\/\/www3.unicentro.br\/museuinterativo\/wp-content\/uploads\/sites\/98\/2020\/11\/pente-255x255.jpg 255w, https:\/\/www3.unicentro.br\/museuinterativo\/wp-content\/uploads\/sites\/98\/2020\/11\/pente.jpg 600w\" sizes=\"auto, (max-width: 405px) 100vw, 405px\" \/><p id=\"caption-attachment-211\" class=\"wp-caption-text\"><span style=\"font-family: helvetica, arial, sans-serif;font-size: 12pt\">Figura 4: pente feito com o casco de tartaruga. Fonte: &lt;https:\/\/www.levyleiloeiro.com.br\/peca.asp?ID=324890&gt;<\/span><\/p><\/div>\n<p>&nbsp;<\/p>\n<p style=\"text-align: justify\"><span style=\"font-family: helvetica, arial, sans-serif;font-size: 14pt\">Outra amea\u00e7a \u00e9 a captura acidental, ou seja, a pesca que n\u00e3o tem como objetivo as tartarugas marinhas, mas que, por utilizar extensas redes no mar, acaba capturando esses animais. A morte pode ser causada por afogamento, j\u00e1 que elas ficam presas por muito tempo nas redes e acabam n\u00e3o conseguindo subir at\u00e9 a superf\u00edcie para respirar, ou por ingest\u00e3o de anz\u00f3is que acabam perfurando seus \u00f3rg\u00e3os internos.<\/span><\/p>\n<p style=\"text-align: justify\"><span style=\"font-family: helvetica, arial, sans-serif;font-size: 14pt\">\u00a0<\/span><\/p>\n<div id=\"attachment_213\" style=\"width: 504px\" class=\"wp-caption aligncenter\"><img loading=\"lazy\" decoding=\"async\" aria-describedby=\"caption-attachment-213\" class=\"wp-image-213\" src=\"https:\/\/www3.unicentro.br\/museuinterativo\/wp-content\/uploads\/sites\/98\/2020\/11\/pesca-300x125.jpg\" alt=\"\" width=\"494\" height=\"206\" srcset=\"https:\/\/www3.unicentro.br\/museuinterativo\/wp-content\/uploads\/sites\/98\/2020\/11\/pesca-300x125.jpg 300w, https:\/\/www3.unicentro.br\/museuinterativo\/wp-content\/uploads\/sites\/98\/2020\/11\/pesca-768x320.jpg 768w, https:\/\/www3.unicentro.br\/museuinterativo\/wp-content\/uploads\/sites\/98\/2020\/11\/pesca-255x106.jpg 255w, https:\/\/www3.unicentro.br\/museuinterativo\/wp-content\/uploads\/sites\/98\/2020\/11\/pesca.jpg 941w\" sizes=\"auto, (max-width: 494px) 100vw, 494px\" \/><p id=\"caption-attachment-213\" class=\"wp-caption-text\"><span style=\"font-family: helvetica, arial, sans-serif;font-size: 12pt\">Figura 5: tartaruga presa em rede de pescador. Fonte:&lt;https:\/\/revistagalileu.globo.com\/Ciencia\/Meio-Ambiente\/noticia\/2018\/12\/todas-tartarugas-marinhas-do-planeta-tem-plastico-no-organismo.html&gt;<\/span><\/p><\/div>\n<p>&nbsp;<\/p>\n<p style=\"text-align: justify\"><span style=\"font-family: helvetica, arial, sans-serif;font-size: 14pt\">A polui\u00e7\u00e3o tamb\u00e9m causa grandes impactos, pois interfere na alimenta\u00e7\u00e3o e locomo\u00e7\u00e3o das tartarugas marinhas. Muitos registros de morte s\u00e3o feitos e a causa principal \u00e9 devido a sufocamentos por ingest\u00e3o de materiais pl\u00e1sticos, pois os animais acabam confundindo esses materiais com seu alimento por possu\u00edrem a mesma apar\u00eancia, como sacolas pl\u00e1sticas que na \u00e1gua parecem \u00e1guas vivas. A presen\u00e7a de sacolas pl\u00e1sticas, linhas de pesca, garrafas, dentre outros materiais, al\u00e9m dos problemas relacionados \u00e0 sua ingest\u00e3o, tamb\u00e9m pode causar deforma\u00e7\u00f5es e estrangulamento de membros. At\u00e9 o ano de 2050 prev\u00ea-se que o oceano ter\u00e1 mais peso em pl\u00e1stico do que em peixes.<\/span><\/p>\n<p>&nbsp;<\/p>\n<div id=\"attachment_210\" style=\"width: 416px\" class=\"wp-caption aligncenter\"><img loading=\"lazy\" decoding=\"async\" aria-describedby=\"caption-attachment-210\" class=\"wp-image-210\" src=\"https:\/\/www3.unicentro.br\/museuinterativo\/wp-content\/uploads\/sites\/98\/2020\/11\/o-plastico-que-vc-usa-uma-vez-tortura-o-oceano-para-sempre-foto-divulgacao1-225x300.jpg\" alt=\"\" width=\"406\" height=\"541\" srcset=\"https:\/\/www3.unicentro.br\/museuinterativo\/wp-content\/uploads\/sites\/98\/2020\/11\/o-plastico-que-vc-usa-uma-vez-tortura-o-oceano-para-sempre-foto-divulgacao1-225x300.jpg 225w, https:\/\/www3.unicentro.br\/museuinterativo\/wp-content\/uploads\/sites\/98\/2020\/11\/o-plastico-que-vc-usa-uma-vez-tortura-o-oceano-para-sempre-foto-divulgacao1-255x340.jpg 255w, https:\/\/www3.unicentro.br\/museuinterativo\/wp-content\/uploads\/sites\/98\/2020\/11\/o-plastico-que-vc-usa-uma-vez-tortura-o-oceano-para-sempre-foto-divulgacao1.jpg 600w\" sizes=\"auto, (max-width: 406px) 100vw, 406px\" \/><p id=\"caption-attachment-210\" class=\"wp-caption-text\"><span style=\"font-family: helvetica, arial, sans-serif;font-size: 12pt\">Figura 6: campanha para redu\u00e7\u00e3o do uso de pl\u00e1stico. Fonte:&lt;https:\/\/conexaoplaneta.com.br\/blog\/o-plastico-que-voce-usa-uma-vez-tortura-o-oceano-para-sempre-diz-ong-sea-shepherd-em-campanha-mundial\/&gt;<\/span><\/p><\/div>\n<p>&nbsp;<\/p>\n<div id=\"attachment_216\" style=\"width: 501px\" class=\"wp-caption aligncenter\"><img loading=\"lazy\" decoding=\"async\" aria-describedby=\"caption-attachment-216\" class=\"wp-image-216\" src=\"https:\/\/www3.unicentro.br\/museuinterativo\/wp-content\/uploads\/sites\/98\/2020\/11\/poluicao-300x200.jpg\" alt=\"\" width=\"491\" height=\"327\" srcset=\"https:\/\/www3.unicentro.br\/museuinterativo\/wp-content\/uploads\/sites\/98\/2020\/11\/poluicao-300x200.jpg 300w, https:\/\/www3.unicentro.br\/museuinterativo\/wp-content\/uploads\/sites\/98\/2020\/11\/poluicao-255x170.jpg 255w, https:\/\/www3.unicentro.br\/museuinterativo\/wp-content\/uploads\/sites\/98\/2020\/11\/poluicao.jpg 750w\" sizes=\"auto, (max-width: 491px) 100vw, 491px\" \/><p id=\"caption-attachment-216\" class=\"wp-caption-text\"><span style=\"font-family: helvetica, arial, sans-serif;font-size: 12pt\">Figura 7: tartaruga morta por conta da quantidade de pl\u00e1stico ingerido. Fonte:&lt;https:\/\/hardcore.com.br\/lixo-tartarugas-sp\/&gt;<\/span><\/p><\/div>\n<p>&nbsp;<\/p>\n<p><span style=\"font-family: helvetica, arial, sans-serif;font-size: 14pt;color: #000000\"><strong>Acad\u00eamicos respons\u00e1veis:<\/strong> Douglas Rocha, Felipe Martins, Fernanda Gurgel Matakas, Karoline Troc Pires, Tamiris Loures.<\/span><\/p>\n","protected":false},"excerpt":{"rendered":"<p>AMEA\u00c7AS: POR QUE AS TARTARUGAS EST\u00c3O EM PERIGO DE EXTIN\u00c7\u00c3O? &nbsp; Esp\u00e9cies amea\u00e7adas de extin\u00e7\u00e3o s\u00e3o aquelas em risco de desaparecer em um futuro pr\u00f3ximo. Incont\u00e1veis esp\u00e9cies j\u00e1 se extinguiram nos \u00faltimos milh\u00f5es de anos, devido a causas naturais, como mudan\u00e7as clim\u00e1ticas, e incapacidade de adapta\u00e7\u00e3o a novas condi\u00e7\u00f5es de sobreviv\u00eancia. De cada mil filhotes [&hellip;]<\/p>\n","protected":false},"author":299,"featured_media":0,"parent":0,"menu_order":0,"comment_status":"closed","ping_status":"closed","template":"","meta":{"_exactmetrics_skip_tracking":false,"_exactmetrics_sitenote_active":false,"_exactmetrics_sitenote_note":"","_exactmetrics_sitenote_category":0,"footnotes":"","_links_to":"","_links_to_target":""},"class_list":["post-223","page","type-page","status-publish","hentry"],"_links":{"self":[{"href":"https:\/\/www3.unicentro.br\/museuinterativo\/wp-json\/wp\/v2\/pages\/223","targetHints":{"allow":["GET"]}}],"collection":[{"href":"https:\/\/www3.unicentro.br\/museuinterativo\/wp-json\/wp\/v2\/pages"}],"about":[{"href":"https:\/\/www3.unicentro.br\/museuinterativo\/wp-json\/wp\/v2\/types\/page"}],"author":[{"embeddable":true,"href":"https:\/\/www3.unicentro.br\/museuinterativo\/wp-json\/wp\/v2\/users\/299"}],"replies":[{"embeddable":true,"href":"https:\/\/www3.unicentro.br\/museuinterativo\/wp-json\/wp\/v2\/comments?post=223"}],"version-history":[{"count":0,"href":"https:\/\/www3.unicentro.br\/museuinterativo\/wp-json\/wp\/v2\/pages\/223\/revisions"}],"wp:attachment":[{"href":"https:\/\/www3.unicentro.br\/museuinterativo\/wp-json\/wp\/v2\/media?parent=223"}],"curies":[{"name":"wp","href":"https:\/\/api.w.org\/{rel}","templated":true}]}}