{"id":113,"date":"2020-10-30T15:38:16","date_gmt":"2020-10-30T18:38:16","guid":{"rendered":"https:\/\/www3.unicentro.br\/museuinterativo\/?page_id=113"},"modified":"2020-11-24T21:15:15","modified_gmt":"2020-11-25T00:15:15","slug":"paleomastozoologia-estudando-os-mamiferos-extintos","status":"publish","type":"page","link":"https:\/\/www3.unicentro.br\/museuinterativo\/paleomastozoologia-estudando-os-mamiferos-extintos\/","title":{"rendered":"Paleomastozoologia: Estudando os Mam\u00edferos Extintos"},"content":{"rendered":"<div id=\"attachment_117\" style=\"width: 587px\" class=\"wp-caption aligncenter\"><img loading=\"lazy\" decoding=\"async\" aria-describedby=\"caption-attachment-117\" class=\"wp-image-117\" src=\"https:\/\/www3.unicentro.br\/museuinterativo\/wp-content\/uploads\/sites\/98\/2020\/10\/Megafauna1-300x201.jpg\" alt=\"\" width=\"577\" height=\"387\" srcset=\"https:\/\/www3.unicentro.br\/museuinterativo\/wp-content\/uploads\/sites\/98\/2020\/10\/Megafauna1-300x201.jpg 300w, https:\/\/www3.unicentro.br\/museuinterativo\/wp-content\/uploads\/sites\/98\/2020\/10\/Megafauna1-255x171.jpg 255w, https:\/\/www3.unicentro.br\/museuinterativo\/wp-content\/uploads\/sites\/98\/2020\/10\/Megafauna1.jpg 640w\" sizes=\"auto, (max-width: 577px) 100vw, 577px\" \/><p id=\"caption-attachment-117\" class=\"wp-caption-text\"><span style=\"font-size: 12pt\">Imagem 1: Muitos f\u00f3sseis da megafauna foram encontrados em cavernas e grutas de Minas Gerais Foto: Ilustra\u00e7\u00e3o: Maurilio Oliveira (Fonte: G1 <a href=\"https:\/\/g1.globo.com\/sp\/campinas-regiao\/terra-da-gente\/noticia\/2018\/09\/08\/cerrado-brasileiro-foi-casa-para-tigre-ursos-preguicas-e-tatus-gigantes.ghtml\">https:\/\/g1.globo.com\/sp\/campinas-regiao\/terra-da-gente\/noticia\/2018\/09\/08\/cerrado-brasileiro-foi-casa-para-tigre-ursos-preguicas-e-tatus-gigantes.ghtml<\/a>)<\/span><\/p><\/div>\n<p>&nbsp;<\/p>\n<audio class=\"wp-audio-shortcode\" id=\"audio-113-1\" preload=\"none\" style=\"width: 100%;\" controls=\"controls\"><source type=\"audio\/mpeg\" src=\"https:\/\/www3.unicentro.br\/museuinterativo\/wp-content\/uploads\/sites\/98\/2020\/11\/Megafauna-1.mp3?_=1\" \/><a href=\"https:\/\/www3.unicentro.br\/museuinterativo\/wp-content\/uploads\/sites\/98\/2020\/11\/Megafauna-1.mp3\">https:\/\/www3.unicentro.br\/museuinterativo\/wp-content\/uploads\/sites\/98\/2020\/11\/Megafauna-1.mp3<\/a><\/audio>\n<p style=\"text-align: justify\"><span style=\"font-size: 14pt\">A Paleomastozoologia \u00e9 o estudo de f\u00f3sseis de mam\u00edferos. Ela contribui para o entendimento da evolu\u00e7\u00e3o destes animais. H\u00e1 muita discuss\u00e3o sobre o que \u00e9 megafauna, geralmente s\u00e3o os mam\u00edferos terrestres grandes, acima de 50kg de peso, mas isto est\u00e1 relacionado mesmo ao tamanho destes animais.<\/span><\/p>\n<p>&nbsp;<\/p>\n<div id=\"attachment_121\" style=\"width: 615px\" class=\"wp-caption aligncenter\"><img loading=\"lazy\" decoding=\"async\" aria-describedby=\"caption-attachment-121\" class=\"wp-image-121\" src=\"https:\/\/www3.unicentro.br\/museuinterativo\/wp-content\/uploads\/sites\/98\/2020\/10\/Megafauna3-300x150.jpg\" alt=\"\" width=\"605\" height=\"303\" srcset=\"https:\/\/www3.unicentro.br\/museuinterativo\/wp-content\/uploads\/sites\/98\/2020\/10\/Megafauna3-300x150.jpg 300w, https:\/\/www3.unicentro.br\/museuinterativo\/wp-content\/uploads\/sites\/98\/2020\/10\/Megafauna3-1024x512.jpg 1024w, https:\/\/www3.unicentro.br\/museuinterativo\/wp-content\/uploads\/sites\/98\/2020\/10\/Megafauna3-768x384.jpg 768w, https:\/\/www3.unicentro.br\/museuinterativo\/wp-content\/uploads\/sites\/98\/2020\/10\/Megafauna3-255x128.jpg 255w, https:\/\/www3.unicentro.br\/museuinterativo\/wp-content\/uploads\/sites\/98\/2020\/10\/Megafauna3.jpg 1152w\" sizes=\"auto, (max-width: 605px) 100vw, 605px\" \/><p id=\"caption-attachment-121\" class=\"wp-caption-text\"><span style=\"font-size: 12pt\">Imagem 2: Da esquerda para a direita: Xenorinot\u00e9rio, Gliptodonte e Mastodonte. (Cr\u00e9dito: Rodolfo Nogueira\/ Megafauna)<\/span><\/p><\/div>\n<audio class=\"wp-audio-shortcode\" id=\"audio-113-2\" preload=\"none\" style=\"width: 100%;\" controls=\"controls\"><source type=\"audio\/mpeg\" src=\"https:\/\/www3.unicentro.br\/museuinterativo\/wp-content\/uploads\/sites\/98\/2020\/11\/Megafauna-21.mp3?_=2\" \/><a href=\"https:\/\/www3.unicentro.br\/museuinterativo\/wp-content\/uploads\/sites\/98\/2020\/11\/Megafauna-21.mp3\">https:\/\/www3.unicentro.br\/museuinterativo\/wp-content\/uploads\/sites\/98\/2020\/11\/Megafauna-21.mp3<\/a><\/audio>\n<p>&nbsp;<\/p>\n<div id=\"attachment_122\" style=\"width: 620px\" class=\"wp-caption aligncenter\"><img loading=\"lazy\" decoding=\"async\" aria-describedby=\"caption-attachment-122\" class=\"wp-image-122\" src=\"https:\/\/www3.unicentro.br\/museuinterativo\/wp-content\/uploads\/sites\/98\/2020\/10\/Megafauna2-300x150.jpg\" alt=\"\" width=\"610\" height=\"304\" srcset=\"https:\/\/www3.unicentro.br\/museuinterativo\/wp-content\/uploads\/sites\/98\/2020\/10\/Megafauna2-300x150.jpg 300w, https:\/\/www3.unicentro.br\/museuinterativo\/wp-content\/uploads\/sites\/98\/2020\/10\/Megafauna2-768x384.jpg 768w, https:\/\/www3.unicentro.br\/museuinterativo\/wp-content\/uploads\/sites\/98\/2020\/10\/Megafauna2-255x128.jpg 255w, https:\/\/www3.unicentro.br\/museuinterativo\/wp-content\/uploads\/sites\/98\/2020\/10\/Megafauna2.jpg 920w\" sizes=\"auto, (max-width: 610px) 100vw, 610px\" \/><p id=\"caption-attachment-122\" class=\"wp-caption-text\"><span style=\"font-size: 12pt\">Imagem 3: Tigre-dentes-de-sabre (\u00e0 esquerda) e pregui\u00e7a-gigante (Megat\u00e9rio). (Cr\u00e9dito: Rodolfo Nogueira\/ Megafauna)<\/span><\/p><\/div>\n<audio class=\"wp-audio-shortcode\" id=\"audio-113-3\" preload=\"none\" style=\"width: 100%;\" controls=\"controls\"><source type=\"audio\/mpeg\" src=\"https:\/\/www3.unicentro.br\/museuinterativo\/wp-content\/uploads\/sites\/98\/2020\/11\/Megafauna-3.mp3?_=3\" \/><a href=\"https:\/\/www3.unicentro.br\/museuinterativo\/wp-content\/uploads\/sites\/98\/2020\/11\/Megafauna-3.mp3\">https:\/\/www3.unicentro.br\/museuinterativo\/wp-content\/uploads\/sites\/98\/2020\/11\/Megafauna-3.mp3<\/a><\/audio>\n<h3><\/h3>\n<p>&nbsp;<\/p>\n<h3><strong>Extin\u00e7\u00f5es<\/strong><\/h3>\n<p style=\"text-align: justify\"><span style=\"font-size: 14pt\">As esp\u00e9cies que comp\u00f5em a megafauna foram se extinguindo gradualmente a partir da \u00faltima grande glacia\u00e7\u00e3o, no final do per\u00edodo chamado Pleistoceno &#8211; h\u00e1 aproximadamente 12 mil anos. Os maiores n\u00e3o teriam vivido al\u00e9m de 10 mil anos atr\u00e1s e os menores teriam avan\u00e7ado um pouco al\u00e9m da &#8220;nova era&#8221;, chegando a 4 mil anos atr\u00e1s. No entanto, para Tulio Schargel, diretor e produtor de filmes com especializa\u00e7\u00e3o em cinegrafia subaqu\u00e1tica e idealizador do projeto Megafauna, a esp\u00e9cie humana, em busca de prote\u00e7\u00e3o e alimento, tamb\u00e9m teria contribu\u00eddo para a extin\u00e7\u00e3o de alguns desses animais em determinadas regi\u00f5es da Am\u00e9rica.<\/span><\/p>\n<p style=\"text-align: justify\"><span style=\"font-size: 14pt\">Para mais informa\u00e7\u00f5es sobre Paleomastozoologia, veja o v\u00eddeo a seguir: <a href=\"https:\/\/www.youtube.com\/watch?v=Au2Y_CeeWYg&amp;t\">https:\/\/www.youtube.com\/watch?v=Au2Y_CeeWYg&amp;t<\/a><\/span><\/p>\n<audio class=\"wp-audio-shortcode\" id=\"audio-113-4\" preload=\"none\" style=\"width: 100%;\" controls=\"controls\"><source type=\"audio\/mpeg\" src=\"https:\/\/www3.unicentro.br\/museuinterativo\/wp-content\/uploads\/sites\/98\/2020\/11\/Megafauna-4.mp3?_=4\" \/><a href=\"https:\/\/www3.unicentro.br\/museuinterativo\/wp-content\/uploads\/sites\/98\/2020\/11\/Megafauna-4.mp3\">https:\/\/www3.unicentro.br\/museuinterativo\/wp-content\/uploads\/sites\/98\/2020\/11\/Megafauna-4.mp3<\/a><\/audio>\n<p>&nbsp;<\/p>\n<p>&nbsp;<\/p>\n<p>&nbsp;<\/p>\n<p><strong><span style=\"font-size: 14pt\">Fontes:<\/span><\/strong><\/p>\n<p><span style=\"font-size: 18.6667px;text-align: justify\">BoneCasts em parceria com a UFSCar\u00a0<\/span><a style=\"font-size: 18.6667px;text-align: justify\" href=\"https:\/\/www.youtube.com\/watch?v=Au2Y_CeeWYg\">https:\/\/www.youtube.com\/watch?v=Au2Y_CeeWYg<\/a><span style=\"font-size: 18.6667px;text-align: justify\">.<\/span><\/p>\n<p><span style=\"font-size: 18.6667px;text-align: justify\">Nova Escola\u00a0<\/span><a style=\"font-size: 18.6667px;text-align: justify\" href=\"https:\/\/novaescola.org.br\/conteudo\/225\/5-animais-gigantes-que-habitaram-o-brasil-ha-milhares-de-anos\">https:\/\/novaescola.org.br\/conteudo\/225\/5-animais-gigantes-que-habitaram-o-brasil-ha-milhares-de-anos<\/a><span style=\"font-size: 18.6667px;text-align: justify\">.<\/span><\/p>\n<p>&nbsp;<\/p>\n<p>&nbsp;<\/p>\n<p>&nbsp;<\/p>\n<p style=\"text-align: justify\"><span style=\"font-size: 14pt\"><strong>Acad\u00eamicos respons\u00e1veis:<\/strong> Alberto Marques Pilati, Ana Fl\u00e1via Tractz da Luz, Ant\u00f4nio Correa da Silva Filho, Eziel Jonh de Oliveira e Luana Cheliga de Souza<\/span><\/p>\n","protected":false},"excerpt":{"rendered":"<p>&nbsp; A Paleomastozoologia \u00e9 o estudo de f\u00f3sseis de mam\u00edferos. Ela contribui para o entendimento da evolu\u00e7\u00e3o destes animais. H\u00e1 muita discuss\u00e3o sobre o que \u00e9 megafauna, geralmente s\u00e3o os mam\u00edferos terrestres grandes, acima de 50kg de peso, mas isto est\u00e1 relacionado mesmo ao tamanho destes animais. &nbsp; &nbsp; &nbsp; Extin\u00e7\u00f5es As esp\u00e9cies que comp\u00f5em [&hellip;]<\/p>\n","protected":false},"author":298,"featured_media":0,"parent":0,"menu_order":0,"comment_status":"closed","ping_status":"closed","template":"","meta":{"_exactmetrics_skip_tracking":false,"_exactmetrics_sitenote_active":false,"_exactmetrics_sitenote_note":"","_exactmetrics_sitenote_category":0,"footnotes":"","_links_to":"","_links_to_target":""},"class_list":["post-113","page","type-page","status-publish","hentry"],"_links":{"self":[{"href":"https:\/\/www3.unicentro.br\/museuinterativo\/wp-json\/wp\/v2\/pages\/113","targetHints":{"allow":["GET"]}}],"collection":[{"href":"https:\/\/www3.unicentro.br\/museuinterativo\/wp-json\/wp\/v2\/pages"}],"about":[{"href":"https:\/\/www3.unicentro.br\/museuinterativo\/wp-json\/wp\/v2\/types\/page"}],"author":[{"embeddable":true,"href":"https:\/\/www3.unicentro.br\/museuinterativo\/wp-json\/wp\/v2\/users\/298"}],"replies":[{"embeddable":true,"href":"https:\/\/www3.unicentro.br\/museuinterativo\/wp-json\/wp\/v2\/comments?post=113"}],"version-history":[{"count":0,"href":"https:\/\/www3.unicentro.br\/museuinterativo\/wp-json\/wp\/v2\/pages\/113\/revisions"}],"wp:attachment":[{"href":"https:\/\/www3.unicentro.br\/museuinterativo\/wp-json\/wp\/v2\/media?parent=113"}],"curies":[{"name":"wp","href":"https:\/\/api.w.org\/{rel}","templated":true}]}}