{"id":734,"date":"2021-03-10T19:18:14","date_gmt":"2021-03-10T22:18:14","guid":{"rendered":"https:\/\/www3.unicentro.br\/museu\/?page_id=734"},"modified":"2021-03-10T19:18:14","modified_gmt":"2021-03-10T22:18:14","slug":"pedra-pomes","status":"publish","type":"page","link":"https:\/\/www3.unicentro.br\/museu\/acervo\/geologia\/pedra-pomes\/","title":{"rendered":"Pedra Pomes"},"content":{"rendered":"<p><span style=\"font-family: 'comic sans ms', sans-serif;font-size: 14pt\">PEDRA POMES<\/span><\/p>\n<ul>\n<li><span style=\"font-family: 'comic sans ms', sans-serif;font-size: 14pt\">\u00c9 uma rocha vulc\u00e2nica de muito baixa densidade.<\/span><\/li>\n<li><span style=\"font-family: 'comic sans ms', sans-serif;font-size: 14pt\"> \u00c9 formada quando gases e lava forma um col\u00f3ide que por arrefecimento solidifica sob a forma de uma rocha esponjosa, a rocha-pomes \u00e9 o menos denso de todos os piroclastos, sendo comum ter densidade inferior \u00e0 da \u00e1gua, o que a transforma numa rocha que flutua.<\/span><\/li>\n<li><span style=\"font-family: 'comic sans ms', sans-serif;font-size: 14pt\">Qualquer tipo de rocha \u00edgnea ( andesito, basalto, dacito ou riolito) pode dar origem a pomes desde que a erup\u00e7\u00e3o seja suficientemente explosiva para projetar os materiais e a lava seja rica em g\u00e1s.<\/span><\/li>\n<li><span style=\"font-family: 'comic sans ms', sans-serif;font-size: 14pt\">Devido a sua porosidade e leveza, tem v\u00e1rias utilidades poss\u00edveis na \u00e1rea da est\u00e9tica. \u00c9 usada principalmente como uma ferramenta de alisamento.<\/span><\/li>\n<\/ul>\n","protected":false},"excerpt":{"rendered":"<p>PEDRA POMES \u00c9 uma rocha vulc\u00e2nica de muito baixa densidade. \u00c9 formada quando gases e lava forma um col\u00f3ide que por arrefecimento solidifica sob a forma de uma rocha esponjosa, a rocha-pomes \u00e9 o menos denso de todos os piroclastos, sendo comum ter densidade inferior \u00e0 da \u00e1gua, o que a transforma numa rocha que [&hellip;]<\/p>\n","protected":false},"author":330,"featured_media":0,"parent":34,"menu_order":0,"comment_status":"closed","ping_status":"closed","template":"","meta":{"_exactmetrics_skip_tracking":false,"_exactmetrics_sitenote_active":false,"_exactmetrics_sitenote_note":"","_exactmetrics_sitenote_category":0,"footnotes":"","_links_to":"","_links_to_target":""},"class_list":["post-734","page","type-page","status-publish","hentry"],"_links":{"self":[{"href":"https:\/\/www3.unicentro.br\/museu\/wp-json\/wp\/v2\/pages\/734","targetHints":{"allow":["GET"]}}],"collection":[{"href":"https:\/\/www3.unicentro.br\/museu\/wp-json\/wp\/v2\/pages"}],"about":[{"href":"https:\/\/www3.unicentro.br\/museu\/wp-json\/wp\/v2\/types\/page"}],"author":[{"embeddable":true,"href":"https:\/\/www3.unicentro.br\/museu\/wp-json\/wp\/v2\/users\/330"}],"replies":[{"embeddable":true,"href":"https:\/\/www3.unicentro.br\/museu\/wp-json\/wp\/v2\/comments?post=734"}],"version-history":[{"count":0,"href":"https:\/\/www3.unicentro.br\/museu\/wp-json\/wp\/v2\/pages\/734\/revisions"}],"up":[{"embeddable":true,"href":"https:\/\/www3.unicentro.br\/museu\/wp-json\/wp\/v2\/pages\/34"}],"wp:attachment":[{"href":"https:\/\/www3.unicentro.br\/museu\/wp-json\/wp\/v2\/media?parent=734"}],"curies":[{"name":"wp","href":"https:\/\/api.w.org\/{rel}","templated":true}]}}