{"id":599,"date":"2021-02-05T15:10:02","date_gmt":"2021-02-05T18:10:02","guid":{"rendered":"https:\/\/www3.unicentro.br\/museu\/?page_id=599"},"modified":"2021-03-31T09:46:59","modified_gmt":"2021-03-31T12:46:59","slug":"vidro-de-uranio","status":"publish","type":"page","link":"https:\/\/www3.unicentro.br\/museu\/acervo\/fisica\/vidro-de-uranio\/","title":{"rendered":"Vidro de Ur\u00e2nio"},"content":{"rendered":"<p style=\"text-align: center\"><span style=\"font-family: comic sans ms, sans-serif;font-size: 24pt\">Vidro de Ur\u00e2nio<\/span><\/p>\n<p><span style=\"font-family: comic sans ms, sans-serif;font-size: 14pt\">O vidro de ur\u00e2nio \u00e9 feito adi\u00e7\u00e3o do \u00f3xido de diuranato a uma mistura de vidro antes da fus\u00e3o. Essa quantidade \u00e9 geralmente baixa e pouco radioativa e n\u00e3o apresenta riscos a sa\u00fade.<\/span><\/p>\n<p><span style=\"font-family: comic sans ms, sans-serif;font-size: 14pt\">Este tipo de vidro \u00e9 famoso pela forma em que reage a luz ultravioleta. Em contato com esse tipo de luz o vidro torna-se brilhante (fluorescente) em um tom entre o amarelo e o verde.<\/span><\/p>\n<p><span style=\"font-family: comic sans ms, sans-serif;font-size: 14pt\">Era mais comum na Europa e parou de ser fabricado quase que totalmente durante a segunda guerra devido ao uso do ur\u00e2nio para armas de destrui\u00e7\u00e3o em massa.<\/span><\/p>\n<p><span style=\"font-family: comic sans ms, sans-serif;font-size: 14pt\">Vidro sem luz ultravioleta\u00a0\u00a0 Vidro com luz ultravioleta<br \/>\n<\/span><\/p>\n<p><span style=\"font-family: comic sans ms, sans-serif;font-size: 14pt\"><img loading=\"lazy\" decoding=\"async\" class=\"size-medium wp-image-605 alignleft\" src=\"https:\/\/www3.unicentro.br\/museu\/wp-content\/uploads\/sites\/86\/2021\/02\/P_20210205_153650_vHDR_Auto-225x300.jpg\" alt=\"\" width=\"225\" height=\"300\" srcset=\"https:\/\/www3.unicentro.br\/museu\/wp-content\/uploads\/sites\/86\/2021\/02\/P_20210205_153650_vHDR_Auto-225x300.jpg 225w, https:\/\/www3.unicentro.br\/museu\/wp-content\/uploads\/sites\/86\/2021\/02\/P_20210205_153650_vHDR_Auto-768x1024.jpg 768w, https:\/\/www3.unicentro.br\/museu\/wp-content\/uploads\/sites\/86\/2021\/02\/P_20210205_153650_vHDR_Auto-255x340.jpg 255w, https:\/\/www3.unicentro.br\/museu\/wp-content\/uploads\/sites\/86\/2021\/02\/P_20210205_153650_vHDR_Auto.jpg 900w\" sizes=\"auto, (max-width: 225px) 100vw, 225px\" \/><\/span><\/p>\n<p><img loading=\"lazy\" decoding=\"async\" class=\"size-medium wp-image-606 alignleft\" src=\"https:\/\/www3.unicentro.br\/museu\/wp-content\/uploads\/sites\/86\/2021\/02\/P_20210205_153713_vHDR_Auto-225x300.jpg\" alt=\"\" width=\"225\" height=\"300\" srcset=\"https:\/\/www3.unicentro.br\/museu\/wp-content\/uploads\/sites\/86\/2021\/02\/P_20210205_153713_vHDR_Auto-225x300.jpg 225w, https:\/\/www3.unicentro.br\/museu\/wp-content\/uploads\/sites\/86\/2021\/02\/P_20210205_153713_vHDR_Auto-768x1024.jpg 768w, https:\/\/www3.unicentro.br\/museu\/wp-content\/uploads\/sites\/86\/2021\/02\/P_20210205_153713_vHDR_Auto-255x340.jpg 255w, https:\/\/www3.unicentro.br\/museu\/wp-content\/uploads\/sites\/86\/2021\/02\/P_20210205_153713_vHDR_Auto.jpg 900w\" sizes=\"auto, (max-width: 225px) 100vw, 225px\" \/><\/p>\n<p>&nbsp;<\/p>\n","protected":false},"excerpt":{"rendered":"<p>Vidro de Ur\u00e2nio O vidro de ur\u00e2nio \u00e9 feito adi\u00e7\u00e3o do \u00f3xido de diuranato a uma mistura de vidro antes da fus\u00e3o. Essa quantidade \u00e9 geralmente baixa e pouco radioativa e n\u00e3o apresenta riscos a sa\u00fade. Este tipo de vidro \u00e9 famoso pela forma em que reage a luz ultravioleta. Em contato com esse tipo [&hellip;]<\/p>\n","protected":false},"author":272,"featured_media":0,"parent":38,"menu_order":0,"comment_status":"closed","ping_status":"closed","template":"","meta":{"_exactmetrics_skip_tracking":false,"_exactmetrics_sitenote_active":false,"_exactmetrics_sitenote_note":"","_exactmetrics_sitenote_category":0,"footnotes":"","_links_to":"","_links_to_target":""},"class_list":["post-599","page","type-page","status-publish","hentry"],"_links":{"self":[{"href":"https:\/\/www3.unicentro.br\/museu\/wp-json\/wp\/v2\/pages\/599","targetHints":{"allow":["GET"]}}],"collection":[{"href":"https:\/\/www3.unicentro.br\/museu\/wp-json\/wp\/v2\/pages"}],"about":[{"href":"https:\/\/www3.unicentro.br\/museu\/wp-json\/wp\/v2\/types\/page"}],"author":[{"embeddable":true,"href":"https:\/\/www3.unicentro.br\/museu\/wp-json\/wp\/v2\/users\/272"}],"replies":[{"embeddable":true,"href":"https:\/\/www3.unicentro.br\/museu\/wp-json\/wp\/v2\/comments?post=599"}],"version-history":[{"count":0,"href":"https:\/\/www3.unicentro.br\/museu\/wp-json\/wp\/v2\/pages\/599\/revisions"}],"up":[{"embeddable":true,"href":"https:\/\/www3.unicentro.br\/museu\/wp-json\/wp\/v2\/pages\/38"}],"wp:attachment":[{"href":"https:\/\/www3.unicentro.br\/museu\/wp-json\/wp\/v2\/media?parent=599"}],"curies":[{"name":"wp","href":"https:\/\/api.w.org\/{rel}","templated":true}]}}

Vidro de Urânio

<p style="text-align: center"><span style="font-family: comic sans ms, sans-serif;font-size: 24pt">Vidro de Urânio</span></p>
<p><span style="font-family: comic sans ms, sans-serif;font-size: 14pt">O vidro de urânio é feito adição do óxido de diuranato a uma mistura de vidro antes da fusão. Essa quantidade é geralmente baixa e pouco radioativa e não apresenta riscos a saúde.</span></p>
<p><span style="font-family: comic sans ms, sans-serif;font-size: 14pt">Este tipo de vidro é famoso pela forma em que reage a luz ultravioleta. Em contato com esse tipo de luz o vidro torna-se brilhante (fluorescente) em um tom entre o amarelo e o verde.</span></p>
<p><span style="font-family: comic sans ms, sans-serif;font-size: 14pt">Era mais comum na Europa e parou de ser fabricado quase que totalmente durante a segunda guerra devido ao uso do urânio para armas de destruição em massa.</span></p>
<p><span style="font-family: comic sans ms, sans-serif;font-size: 14pt">Vidro sem luz ultravioleta   Vidro com luz ultravioleta<br />
</span></p>
<p><span style="font-family: comic sans ms, sans-serif;font-size: 14pt"><img loading="lazy" decoding="async" class="size-medium wp-image-605 alignleft" src="https://www3.unicentro.br/museu/wp-content/uploads/sites/86/2021/02/P_20210205_153650_vHDR_Auto-225x300.jpg" alt="" width="225" height="300" srcset="https://www3.unicentro.br/museu/wp-content/uploads/sites/86/2021/02/P_20210205_153650_vHDR_Auto-225x300.jpg 225w, https://www3.unicentro.br/museu/wp-content/uploads/sites/86/2021/02/P_20210205_153650_vHDR_Auto-768x1024.jpg 768w, https://www3.unicentro.br/museu/wp-content/uploads/sites/86/2021/02/P_20210205_153650_vHDR_Auto-255x340.jpg 255w, https://www3.unicentro.br/museu/wp-content/uploads/sites/86/2021/02/P_20210205_153650_vHDR_Auto.jpg 900w" sizes="auto, (max-width: 225px) 100vw, 225px" /></span></p>
<p><img loading="lazy" decoding="async" class="size-medium wp-image-606 alignleft" src="https://www3.unicentro.br/museu/wp-content/uploads/sites/86/2021/02/P_20210205_153713_vHDR_Auto-225x300.jpg" alt="" width="225" height="300" srcset="https://www3.unicentro.br/museu/wp-content/uploads/sites/86/2021/02/P_20210205_153713_vHDR_Auto-225x300.jpg 225w, https://www3.unicentro.br/museu/wp-content/uploads/sites/86/2021/02/P_20210205_153713_vHDR_Auto-768x1024.jpg 768w, https://www3.unicentro.br/museu/wp-content/uploads/sites/86/2021/02/P_20210205_153713_vHDR_Auto-255x340.jpg 255w, https://www3.unicentro.br/museu/wp-content/uploads/sites/86/2021/02/P_20210205_153713_vHDR_Auto.jpg 900w" sizes="auto, (max-width: 225px) 100vw, 225px" /></p>
<p>&nbsp;</p>

<p>Vidro de Urânio O vidro de urânio é feito adição do óxido de diuranato a uma mistura de vidro antes da fusão. Essa quantidade é geralmente baixa e pouco radioativa e não apresenta riscos a saúde. Este tipo de vidro é famoso pela forma em que reage a luz ultravioleta. Em contato com esse tipo [&hellip;]</p>
