{"id":30,"date":"2020-04-23T17:14:06","date_gmt":"2020-04-23T20:14:06","guid":{"rendered":"https:\/\/www3.unicentro.br\/museu\/?page_id=30"},"modified":"2025-07-04T11:36:37","modified_gmt":"2025-07-04T14:36:37","slug":"do-mar","status":"publish","type":"page","link":"https:\/\/www3.unicentro.br\/museu\/acervo\/do-mar\/","title":{"rendered":"Malacologia"},"content":{"rendered":"<p align=\"JUSTIFY\"><span style=\"color: #000000;font-family: 'comic sans ms', sans-serif;font-size: 12pt\">Nesta sala est\u00e3o expostos principalmente <a href=\"https:\/\/www3.unicentro.br\/museu\/acervo\/do-mar\/malacologia\/\">conchas de moluscos (cole\u00e7\u00e3o malacol\u00f3gica)<\/a>, mas possui alguns representantes de <a href=\"https:\/\/www3.unicentro.br\/museu\/acervo\/do-mar\/filo-cnidarios\/\">cnid\u00e1rios<\/a>, <a href=\"https:\/\/www3.unicentro.br\/museu\/acervo\/do-mar\/equinodermos\/\">equinodermos<\/a>, crust\u00e1ceos, peixes-\u00f3sseos, quel\u00f4nios e mam\u00edfero marinho.<\/span><\/p>\n<table style=\"width: 99.6563%;height: 577px\">\n<thead>\n<tr style=\"height: 48px\">\n<td style=\"height: 48px;width: 14.8984%\"><span style=\"font-family: 'comic sans ms', sans-serif\">Nome<\/span><\/td>\n<td style=\"height: 48px;width: 52.1559%\"><span style=\"font-family: 'comic sans ms', sans-serif\">Foto e descri\u00e7\u00e3o\u00a0<\/span><\/td>\n<td style=\"height: 48px;width: 2.69655%\"><span style=\"font-family: 'comic sans ms', sans-serif\">Para quem quer saber\u00a0<\/span><\/td>\n<\/tr>\n<\/thead>\n<colgroup>\n<col style=\"width: 15%\" \/><\/colgroup>\n<colgroup>\n<col style=\"width: 20%\" \/>\n<col style=\"width: 20%\" \/>\n<col style=\"width: 25%\" \/>\n<col style=\"width: 20%\" \/> <\/colgroup>\n<tbody>\n<tr style=\"height: 285px\">\n<td style=\"height: 285px;width: 14.8984%\"><a href=\"https:\/\/www3.unicentro.br\/museu\/acervo\/do-mar\/malacologia\/\"><span style=\"font-family: 'comic sans ms', sans-serif;font-size: 12pt\">MALACOLOGIA<\/span><\/a><\/td>\n<td style=\"height: 285px;width: 52.1559%\"><span style=\"font-family: 'comic sans ms', sans-serif\"><a href=\"https:\/\/www3.unicentro.br\/museu\/acervo\/do-mar\/malacologia\"><img loading=\"lazy\" decoding=\"async\" class=\"wp-image-82 aligncenter\" src=\"https:\/\/www3.unicentro.br\/museu\/wp-content\/uploads\/sites\/86\/2020\/05\/MesoNeogastropoda-300x225.jpg\" alt=\"MALACOLOLOGIA\" width=\"333\" height=\"250\" srcset=\"https:\/\/www3.unicentro.br\/museu\/wp-content\/uploads\/sites\/86\/2020\/05\/MesoNeogastropoda-300x225.jpg 300w, https:\/\/www3.unicentro.br\/museu\/wp-content\/uploads\/sites\/86\/2020\/05\/MesoNeogastropoda-1024x768.jpg 1024w, https:\/\/www3.unicentro.br\/museu\/wp-content\/uploads\/sites\/86\/2020\/05\/MesoNeogastropoda-768x576.jpg 768w, https:\/\/www3.unicentro.br\/museu\/wp-content\/uploads\/sites\/86\/2020\/05\/MesoNeogastropoda-400x300.jpg 400w, https:\/\/www3.unicentro.br\/museu\/wp-content\/uploads\/sites\/86\/2020\/05\/MesoNeogastropoda-800x600.jpg 800w, https:\/\/www3.unicentro.br\/museu\/wp-content\/uploads\/sites\/86\/2020\/05\/MesoNeogastropoda-255x191.jpg 255w, https:\/\/www3.unicentro.br\/museu\/wp-content\/uploads\/sites\/86\/2020\/05\/MesoNeogastropoda.jpg 1152w\" sizes=\"auto, (max-width: 333px) 100vw, 333px\" \/><\/a><\/span><\/td>\n<td style=\"height: 285px;width: 2.69655%\">&nbsp;<\/p>\n<p>&nbsp;<\/td>\n<\/tr>\n<tr style=\"height: 244px\">\n<td style=\"height: 244px;width: 14.8984%\"><a href=\"https:\/\/www3.unicentro.br\/museu\/acervo\/do-mar\/filo-cnidarios\/\"><span style=\"font-family: 'comic sans ms', sans-serif;font-size: 12pt\">CNID\u00c1RIOS<\/span><\/a><\/p>\n<p>&nbsp;<\/td>\n<td style=\"height: 244px;width: 52.1559%\"><a href=\"https:\/\/www3.unicentro.br\/museu\/acervo\/do-mar\/filo-cnidarios\/\"><img loading=\"lazy\" decoding=\"async\" class=\"wp-image-107 aligncenter\" src=\"https:\/\/www3.unicentro.br\/museu\/wp-content\/uploads\/sites\/86\/2020\/05\/bigarela-112-300x200.jpg\" alt=\"\" width=\"335\" height=\"223\" srcset=\"https:\/\/www3.unicentro.br\/museu\/wp-content\/uploads\/sites\/86\/2020\/05\/bigarela-112-300x200.jpg 300w, https:\/\/www3.unicentro.br\/museu\/wp-content\/uploads\/sites\/86\/2020\/05\/bigarela-112-1024x684.jpg 1024w, https:\/\/www3.unicentro.br\/museu\/wp-content\/uploads\/sites\/86\/2020\/05\/bigarela-112-768x513.jpg 768w, https:\/\/www3.unicentro.br\/museu\/wp-content\/uploads\/sites\/86\/2020\/05\/bigarela-112-1536x1026.jpg 1536w, https:\/\/www3.unicentro.br\/museu\/wp-content\/uploads\/sites\/86\/2020\/05\/bigarela-112-255x170.jpg 255w, https:\/\/www3.unicentro.br\/museu\/wp-content\/uploads\/sites\/86\/2020\/05\/bigarela-112.jpg 1797w\" sizes=\"auto, (max-width: 335px) 100vw, 335px\" \/><\/a><\/td>\n<td style=\"height: 244px;width: 2.69655%\"><\/td>\n<\/tr>\n<tr>\n<td style=\"width: 14.8984%\"><a href=\"https:\/\/www3.unicentro.br\/museu\/acervo\/do-mar\/equinodermos\/\"><span style=\"font-family: 'comic sans ms', sans-serif;font-size: 12pt\">EQUINODERMOS<\/span><\/a><\/td>\n<td style=\"width: 52.1559%\"><a href=\"https:\/\/www3.unicentro.br\/museu\/acervo\/do-mar\/equinodermos\/\"><img loading=\"lazy\" decoding=\"async\" class=\"wp-image-103 aligncenter\" src=\"https:\/\/www3.unicentro.br\/museu\/wp-content\/uploads\/sites\/86\/2020\/05\/bigarela-102-300x200.jpg\" alt=\"Equinodermos\" width=\"336\" height=\"224\" srcset=\"https:\/\/www3.unicentro.br\/museu\/wp-content\/uploads\/sites\/86\/2020\/05\/bigarela-102-300x200.jpg 300w, https:\/\/www3.unicentro.br\/museu\/wp-content\/uploads\/sites\/86\/2020\/05\/bigarela-102-1024x684.jpg 1024w, https:\/\/www3.unicentro.br\/museu\/wp-content\/uploads\/sites\/86\/2020\/05\/bigarela-102-768x513.jpg 768w, https:\/\/www3.unicentro.br\/museu\/wp-content\/uploads\/sites\/86\/2020\/05\/bigarela-102-1536x1026.jpg 1536w, https:\/\/www3.unicentro.br\/museu\/wp-content\/uploads\/sites\/86\/2020\/05\/bigarela-102-255x170.jpg 255w, https:\/\/www3.unicentro.br\/museu\/wp-content\/uploads\/sites\/86\/2020\/05\/bigarela-102.jpg 1797w\" sizes=\"auto, (max-width: 336px) 100vw, 336px\" \/><\/a><\/td>\n<td style=\"width: 2.69655%\">    \t<a class=\"btn button-button_29 btn-default \" href=\"https:\/\/www3.unicentro.br\/museu\/acervo\/do-mar\/equinodermos\/\" data-delay= >\n        Bolacha do mar        <\/a>\n        <\/p>\n<p>&nbsp;<\/p>\n<p>    \t<a class=\"btn button-button_29 btn-default \" href=\"https:\/\/www3.unicentro.br\/museu\/acervo\/do-mar\/equinodermos\/\" data-delay= >\n        Ouri\u00e7o do mar        <\/a>\n        <\/td>\n<\/tr>\n<tr>\n<td style=\"width: 14.8984%\"><span style=\"font-family: 'comic sans ms', sans-serif;font-size: 12pt\">QUEL\u00d4NIOS<\/span><\/td>\n<td style=\"width: 52.1559%\"><img loading=\"lazy\" decoding=\"async\" class=\"wp-image-99 aligncenter\" src=\"https:\/\/www3.unicentro.br\/museu\/wp-content\/uploads\/sites\/86\/2020\/05\/bigarela-150-300x200.jpg\" alt=\"QUEL\u00d4NIOS\" width=\"335\" height=\"223\" srcset=\"https:\/\/www3.unicentro.br\/museu\/wp-content\/uploads\/sites\/86\/2020\/05\/bigarela-150-300x200.jpg 300w, https:\/\/www3.unicentro.br\/museu\/wp-content\/uploads\/sites\/86\/2020\/05\/bigarela-150-1024x681.jpg 1024w, https:\/\/www3.unicentro.br\/museu\/wp-content\/uploads\/sites\/86\/2020\/05\/bigarela-150-768x511.jpg 768w, https:\/\/www3.unicentro.br\/museu\/wp-content\/uploads\/sites\/86\/2020\/05\/bigarela-150-1536x1022.jpg 1536w, https:\/\/www3.unicentro.br\/museu\/wp-content\/uploads\/sites\/86\/2020\/05\/bigarela-150-255x170.jpg 255w, https:\/\/www3.unicentro.br\/museu\/wp-content\/uploads\/sites\/86\/2020\/05\/bigarela-150.jpg 1804w\" sizes=\"auto, (max-width: 335px) 100vw, 335px\" \/><\/td>\n<td style=\"width: 2.69655%\"><\/td>\n<\/tr>\n<\/tbody>\n<\/table>\n<table style=\"border-collapse: collapse;width: 100%;height: 325px\">\n<tbody>\n<tr style=\"height: 23px\">\n<td style=\"width: 16.4058%;height: 23px\"><span style=\"font-family: 'comic sans ms', sans-serif;font-size: 12pt\">Nome\u00a0<\/span><\/td>\n<td style=\"width: 69.1572%;height: 23px\"><span style=\"font-family: 'comic sans ms', sans-serif;font-size: 12pt\">Foto e descri\u00e7\u00e3o\u00a0<\/span><\/td>\n<td style=\"width: 14.4369%;height: 23px\"><span style=\"font-family: 'comic sans ms', sans-serif;font-size: 12pt\">Para quem quer saber mais\u00a0<\/span><\/td>\n<\/tr>\n<tr style=\"height: 23px\">\n<td style=\"width: 16.4058%;height: 23px\"><span style=\"font-family: 'comic sans ms', sans-serif;font-size: 12pt\">Bolacha do Mar<\/span><\/td>\n<td style=\"width: 69.1572%;height: 23px\"><span style=\"font-size: 12pt\"><img loading=\"lazy\" decoding=\"async\" class=\"aligncenter wp-image-776\" src=\"https:\/\/www3.unicentro.br\/museu\/wp-content\/uploads\/sites\/86\/2021\/03\/WhatsApp-Image-2021-03-12-at-10.54.43-AM-2-300x225.jpeg\" alt=\"\" width=\"391\" height=\"293\" srcset=\"https:\/\/www3.unicentro.br\/museu\/wp-content\/uploads\/sites\/86\/2021\/03\/WhatsApp-Image-2021-03-12-at-10.54.43-AM-2-300x225.jpeg 300w, https:\/\/www3.unicentro.br\/museu\/wp-content\/uploads\/sites\/86\/2021\/03\/WhatsApp-Image-2021-03-12-at-10.54.43-AM-2-1024x768.jpeg 1024w, https:\/\/www3.unicentro.br\/museu\/wp-content\/uploads\/sites\/86\/2021\/03\/WhatsApp-Image-2021-03-12-at-10.54.43-AM-2-768x576.jpeg 768w, https:\/\/www3.unicentro.br\/museu\/wp-content\/uploads\/sites\/86\/2021\/03\/WhatsApp-Image-2021-03-12-at-10.54.43-AM-2-400x300.jpeg 400w, https:\/\/www3.unicentro.br\/museu\/wp-content\/uploads\/sites\/86\/2021\/03\/WhatsApp-Image-2021-03-12-at-10.54.43-AM-2-800x600.jpeg 800w, https:\/\/www3.unicentro.br\/museu\/wp-content\/uploads\/sites\/86\/2021\/03\/WhatsApp-Image-2021-03-12-at-10.54.43-AM-2-255x191.jpeg 255w, https:\/\/www3.unicentro.br\/museu\/wp-content\/uploads\/sites\/86\/2021\/03\/WhatsApp-Image-2021-03-12-at-10.54.43-AM-2.jpeg 1040w\" sizes=\"auto, (max-width: 391px) 100vw, 391px\" \/><\/span><\/p>\n<p>&nbsp;<\/td>\n<td style=\"width: 14.4369%;height: 23px\"><\/td>\n<\/tr>\n<tr style=\"height: 23px\">\n<td style=\"width: 16.4058%;height: 23px\"><span style=\"font-family: 'comic sans ms', sans-serif;font-size: 12pt\">Ouri\u00e7o do mar<\/span><\/td>\n<td style=\"width: 69.1572%;height: 23px\"><span style=\"font-size: 12pt\"><img loading=\"lazy\" decoding=\"async\" class=\"aligncenter wp-image-782\" src=\"https:\/\/www3.unicentro.br\/museu\/wp-content\/uploads\/sites\/86\/2021\/03\/WhatsApp-Image-2021-03-12-at-10.54.43-AM-1-300x225.jpeg\" alt=\"\" width=\"416\" height=\"312\" srcset=\"https:\/\/www3.unicentro.br\/museu\/wp-content\/uploads\/sites\/86\/2021\/03\/WhatsApp-Image-2021-03-12-at-10.54.43-AM-1-300x225.jpeg 300w, https:\/\/www3.unicentro.br\/museu\/wp-content\/uploads\/sites\/86\/2021\/03\/WhatsApp-Image-2021-03-12-at-10.54.43-AM-1-1024x768.jpeg 1024w, https:\/\/www3.unicentro.br\/museu\/wp-content\/uploads\/sites\/86\/2021\/03\/WhatsApp-Image-2021-03-12-at-10.54.43-AM-1-768x576.jpeg 768w, https:\/\/www3.unicentro.br\/museu\/wp-content\/uploads\/sites\/86\/2021\/03\/WhatsApp-Image-2021-03-12-at-10.54.43-AM-1-400x300.jpeg 400w, https:\/\/www3.unicentro.br\/museu\/wp-content\/uploads\/sites\/86\/2021\/03\/WhatsApp-Image-2021-03-12-at-10.54.43-AM-1-800x600.jpeg 800w, https:\/\/www3.unicentro.br\/museu\/wp-content\/uploads\/sites\/86\/2021\/03\/WhatsApp-Image-2021-03-12-at-10.54.43-AM-1-255x191.jpeg 255w, https:\/\/www3.unicentro.br\/museu\/wp-content\/uploads\/sites\/86\/2021\/03\/WhatsApp-Image-2021-03-12-at-10.54.43-AM-1.jpeg 1040w\" sizes=\"auto, (max-width: 416px) 100vw, 416px\" \/><\/span><\/p>\n<ul>\n<li><span style=\"font-family: 'comic sans ms', sans-serif;font-size: 12pt\">S\u00e3o animais invertebrados pertencentes ao filo echinodermata e a classe Echinoidea;<\/span><\/li>\n<li><span style=\"font-family: 'comic sans ms', sans-serif;font-size: 12pt\">Compreende 900 esp\u00e9cies, sendo que 105 s\u00e3o encontradas no Brasil;<\/span><\/li>\n<li><span style=\"font-family: 'comic sans ms', sans-serif;font-size: 12pt\">Os espinhos do ouri\u00e7o-do-mar tem a fun\u00e7\u00e3o de defesa contra predadores;<\/span><\/li>\n<li><span style=\"font-family: 'comic sans ms', sans-serif;font-size: 12pt\">Os espinhos s\u00e3o m\u00f3veis e arranjam-se de acordo com a simetria do corpo;<\/span><\/li>\n<li><span style=\"font-family: 'comic sans ms', sans-serif;font-size: 12pt\"><span class=\"TextRun SCXW106733701 BCX0\" lang=\"PT-BR\" xml:lang=\"PT-BR\" data-contrast=\"none\"><span class=\"NormalTextRun SpellingErrorV2 SCXW106733701 BCX0 SpellingErrorHighlight\">O esteroma (o esqueleto) \u00e9 composto de carbonado de c\u00e1lcio <\/span><\/span> e\/ou carbonato de magn\u00e9sio;<\/span><\/li>\n<li><span style=\"font-family: 'comic sans ms', sans-serif;font-size: 12pt\">S\u00e3o respons\u00e1veis por quase 50% dos acidentes\u00a0 em regi\u00f5es litor\u00e2neas, quando h\u00e1 a penetra\u00e7\u00e3o do espinho na pele causa rea\u00e7\u00e3o inflamat\u00f3ria, sangramento, dor intensa.\u00a0<\/span><\/li>\n<\/ul>\n<\/td>\n<td style=\"width: 14.4369%;height: 23px\"><a href=\"https:\/\/drive.google.com\/file\/d\/1DmQw6cjtEZAJ4tgB49lv4hIgzD8LUZwl\/view?usp=sharing\"><img loading=\"lazy\" decoding=\"async\" class=\"aligncenter wp-image-72 size-medium\" src=\"https:\/\/www3.unicentro.br\/museu\/wp-content\/uploads\/sites\/86\/2020\/05\/link-icon-300x300.png\" alt=\"Link\" width=\"300\" height=\"300\" srcset=\"https:\/\/www3.unicentro.br\/museu\/wp-content\/uploads\/sites\/86\/2020\/05\/link-icon-300x300.png 300w, https:\/\/www3.unicentro.br\/museu\/wp-content\/uploads\/sites\/86\/2020\/05\/link-icon-150x150.png 150w, https:\/\/www3.unicentro.br\/museu\/wp-content\/uploads\/sites\/86\/2020\/05\/link-icon-50x50.png 50w, https:\/\/www3.unicentro.br\/museu\/wp-content\/uploads\/sites\/86\/2020\/05\/link-icon-80x80.png 80w, https:\/\/www3.unicentro.br\/museu\/wp-content\/uploads\/sites\/86\/2020\/05\/link-icon-263x263.png 263w, https:\/\/www3.unicentro.br\/museu\/wp-content\/uploads\/sites\/86\/2020\/05\/link-icon-100x100.png 100w, https:\/\/www3.unicentro.br\/museu\/wp-content\/uploads\/sites\/86\/2020\/05\/link-icon-255x255.png 255w, https:\/\/www3.unicentro.br\/museu\/wp-content\/uploads\/sites\/86\/2020\/05\/link-icon.png 512w\" sizes=\"auto, (max-width: 300px) 100vw, 300px\" \/><\/a><\/td>\n<\/tr>\n<tr style=\"height: 23px\">\n<td style=\"width: 16.4058%;height: 23px\"><span style=\"font-family: 'comic sans ms', sans-serif;font-size: 12pt\">C\u00e1gado\u00a0<\/span><\/td>\n<td style=\"width: 69.1572%;height: 23px\"><span style=\"font-size: 12pt\"><img loading=\"lazy\" decoding=\"async\" class=\"aligncenter wp-image-829\" src=\"https:\/\/www3.unicentro.br\/museu\/wp-content\/uploads\/sites\/86\/2021\/03\/cascos-de-Tartaruga-2-e1616607616195-202x300.jpeg\" alt=\"\" width=\"327\" height=\"486\" srcset=\"https:\/\/www3.unicentro.br\/museu\/wp-content\/uploads\/sites\/86\/2021\/03\/cascos-de-Tartaruga-2-e1616607616195-202x300.jpeg 202w, https:\/\/www3.unicentro.br\/museu\/wp-content\/uploads\/sites\/86\/2021\/03\/cascos-de-Tartaruga-2-e1616607616195.jpeg 205w\" sizes=\"auto, (max-width: 327px) 100vw, 327px\" \/><\/span><\/td>\n<td style=\"width: 14.4369%;height: 23px\"><\/td>\n<\/tr>\n<tr style=\"height: 23px\">\n<td style=\"width: 16.4058%;height: 23px\"><span style=\"font-family: 'comic sans ms', sans-serif;font-size: 12pt\">Ostras\u00a0<\/span><\/td>\n<td style=\"width: 69.1572%;height: 23px\"><span style=\"font-family: 'comic sans ms', sans-serif;font-size: 12pt\"><strong>OSTRAS <\/strong><\/span><\/p>\n<ul>\n<li><span style=\"font-family: 'comic sans ms', sans-serif;font-size: 12pt\">S\u00e3o biv\u00e1lvias (duas partes de concha) de formato irregular;<\/span><\/li>\n<li><span style=\"font-family: 'comic sans ms', sans-serif;font-size: 12pt\">S\u00e3o organismos filtradores de part\u00edculas em suspens\u00e3o principalmente o fitopl\u00e2ncton, que \u00e9 filtrado pelos filamentos branquiais;<\/span><\/li>\n<\/ul>\n<p><span style=\"font-family: 'comic sans ms', sans-serif;font-size: 12pt\"><strong>As p\u00e9rolas<\/strong><\/span><\/p>\n<ul>\n<li><span style=\"font-family: 'comic sans ms', sans-serif;font-size: 12pt\">As p\u00e9rolas resultam da rea\u00e7\u00e3o contra invasores como um gr\u00e3o de areia ou um organismo;<\/span><\/li>\n<li><span style=\"font-family: 'comic sans ms', sans-serif;font-size: 12pt\">Ao entrar na concha ficam alojados no manto, e para se defender libera uma subst\u00e2ncia chamada n\u00e1car que vai sendo depositada em torno do invasor que vai sendo cristalizada levando cerca de tr\u00eas anos at\u00e9 atingir matura\u00e7\u00e3o; \u00a0<\/span><\/li>\n<li><span style=\"font-family: 'comic sans ms', sans-serif;font-size: 12pt\">As p\u00e9rolas mais esf\u00e9ricas s\u00e3o as mais valiosas por serem mais raras;<\/span><\/li>\n<li><span style=\"font-family: 'comic sans ms', sans-serif;font-size: 12pt\">\u00c9 um fen\u00f4meno raro na natureza que ocorre em 1 a cada 10.000 animais;<\/span><\/li>\n<li><span style=\"font-family: 'comic sans ms', sans-serif;font-size: 12pt\">A cor da p\u00e9rola varia de acordo com o ambiente, podendo ser: rosa, creme, branca, cinza e preta.<\/span><\/li>\n<\/ul>\n<\/td>\n<td style=\"width: 14.4369%;height: 23px\"><\/td>\n<\/tr>\n<tr style=\"height: 23px\">\n<td style=\"width: 16.4058%;height: 23px\"><span style=\"font-family: 'comic sans ms', sans-serif;font-size: 12pt\">Bivalves<\/span><\/td>\n<td style=\"width: 69.1572%;height: 23px\"><span style=\"font-size: 12pt\"><img loading=\"lazy\" decoding=\"async\" class=\"aligncenter wp-image-825\" src=\"https:\/\/www3.unicentro.br\/museu\/wp-content\/uploads\/sites\/86\/2021\/03\/bivalvia-e1616520558718-225x300.jpeg\" alt=\"\" width=\"367\" height=\"489\" srcset=\"https:\/\/www3.unicentro.br\/museu\/wp-content\/uploads\/sites\/86\/2021\/03\/bivalvia-e1616520558718-225x300.jpeg 225w, https:\/\/www3.unicentro.br\/museu\/wp-content\/uploads\/sites\/86\/2021\/03\/bivalvia-e1616520558718-768x1024.jpeg 768w, https:\/\/www3.unicentro.br\/museu\/wp-content\/uploads\/sites\/86\/2021\/03\/bivalvia-e1616520558718-255x340.jpeg 255w, https:\/\/www3.unicentro.br\/museu\/wp-content\/uploads\/sites\/86\/2021\/03\/bivalvia-e1616520558718.jpeg 780w\" sizes=\"auto, (max-width: 367px) 100vw, 367px\" \/><\/span><\/td>\n<td style=\"width: 14.4369%;height: 23px\"><span style=\"font-size: 12pt\">\u00a0<\/span><\/td>\n<\/tr>\n<tr style=\"height: 47px\">\n<td style=\"width: 16.4058%;height: 47px\"><span style=\"font-family: 'comic sans ms', sans-serif;font-size: 12pt\">Caranguejo Ermit\u00e3o\u00a0<\/span><\/td>\n<td style=\"width: 69.1572%;height: 47px\"><span style=\"font-size: 12pt\"><img loading=\"lazy\" decoding=\"async\" class=\"aligncenter wp-image-777\" src=\"https:\/\/www3.unicentro.br\/museu\/wp-content\/uploads\/sites\/86\/2021\/03\/WhatsApp-Image-2021-03-12-at-10.54.43-AM-3-225x300.jpeg\" alt=\"\" width=\"343\" height=\"459\" srcset=\"https:\/\/www3.unicentro.br\/museu\/wp-content\/uploads\/sites\/86\/2021\/03\/WhatsApp-Image-2021-03-12-at-10.54.43-AM-3-225x300.jpeg 225w, https:\/\/www3.unicentro.br\/museu\/wp-content\/uploads\/sites\/86\/2021\/03\/WhatsApp-Image-2021-03-12-at-10.54.43-AM-3-255x340.jpeg 255w\" sizes=\"auto, (max-width: 343px) 100vw, 343px\" \/><\/span><\/td>\n<td style=\"width: 14.4369%;height: 47px\"><\/td>\n<\/tr>\n<tr style=\"height: 23px\">\n<td style=\"width: 16.4058%;height: 23px\"><span style=\"font-family: 'comic sans ms', sans-serif;font-size: 12pt\">Nautilus\u00a0<\/span><\/td>\n<td style=\"width: 69.1572%;height: 23px\"><span style=\"font-size: 12pt\"><img loading=\"lazy\" decoding=\"async\" class=\"aligncenter wp-image-803\" src=\"https:\/\/www3.unicentro.br\/museu\/wp-content\/uploads\/sites\/86\/2021\/03\/Nautilo-300x225.jpeg\" alt=\"\" width=\"400\" height=\"300\" srcset=\"https:\/\/www3.unicentro.br\/museu\/wp-content\/uploads\/sites\/86\/2021\/03\/Nautilo-300x225.jpeg 300w, https:\/\/www3.unicentro.br\/museu\/wp-content\/uploads\/sites\/86\/2021\/03\/Nautilo-1024x768.jpeg 1024w, https:\/\/www3.unicentro.br\/museu\/wp-content\/uploads\/sites\/86\/2021\/03\/Nautilo-768x576.jpeg 768w, https:\/\/www3.unicentro.br\/museu\/wp-content\/uploads\/sites\/86\/2021\/03\/Nautilo-400x300.jpeg 400w, https:\/\/www3.unicentro.br\/museu\/wp-content\/uploads\/sites\/86\/2021\/03\/Nautilo-800x600.jpeg 800w, https:\/\/www3.unicentro.br\/museu\/wp-content\/uploads\/sites\/86\/2021\/03\/Nautilo-255x191.jpeg 255w, https:\/\/www3.unicentro.br\/museu\/wp-content\/uploads\/sites\/86\/2021\/03\/Nautilo.jpeg 1040w\" sizes=\"auto, (max-width: 400px) 100vw, 400px\" \/><\/span><\/td>\n<td style=\"width: 14.4369%;height: 23px\"><a href=\"https:\/\/drive.google.com\/file\/d\/1Ua2e5zTVA5tPM--b8QDCZnUmKkmBvUUg\/view?usp=sharing\"><img loading=\"lazy\" decoding=\"async\" class=\"alignnone wp-image-72 size-medium\" src=\"https:\/\/www3.unicentro.br\/museu\/wp-content\/uploads\/sites\/86\/2020\/05\/link-icon-300x300.png\" alt=\"Link\" width=\"300\" height=\"300\" srcset=\"https:\/\/www3.unicentro.br\/museu\/wp-content\/uploads\/sites\/86\/2020\/05\/link-icon-300x300.png 300w, https:\/\/www3.unicentro.br\/museu\/wp-content\/uploads\/sites\/86\/2020\/05\/link-icon-150x150.png 150w, https:\/\/www3.unicentro.br\/museu\/wp-content\/uploads\/sites\/86\/2020\/05\/link-icon-50x50.png 50w, https:\/\/www3.unicentro.br\/museu\/wp-content\/uploads\/sites\/86\/2020\/05\/link-icon-80x80.png 80w, https:\/\/www3.unicentro.br\/museu\/wp-content\/uploads\/sites\/86\/2020\/05\/link-icon-263x263.png 263w, https:\/\/www3.unicentro.br\/museu\/wp-content\/uploads\/sites\/86\/2020\/05\/link-icon-100x100.png 100w, https:\/\/www3.unicentro.br\/museu\/wp-content\/uploads\/sites\/86\/2020\/05\/link-icon-255x255.png 255w, https:\/\/www3.unicentro.br\/museu\/wp-content\/uploads\/sites\/86\/2020\/05\/link-icon.png 512w\" sizes=\"auto, (max-width: 300px) 100vw, 300px\" \/><\/a><\/td>\n<\/tr>\n<tr style=\"height: 23px\">\n<td style=\"width: 16.4058%;height: 23px\"><span style=\"font-family: 'comic sans ms', sans-serif;font-size: 12pt\">Gastr\u00f3podes\u00a0<\/span><\/td>\n<td style=\"width: 69.1572%;height: 23px\"><span style=\"font-size: 12pt\"><img loading=\"lazy\" decoding=\"async\" class=\"aligncenter wp-image-824\" src=\"https:\/\/www3.unicentro.br\/museu\/wp-content\/uploads\/sites\/86\/2021\/03\/gastropoda-2-225x300.jpeg\" alt=\"\" width=\"306\" height=\"407\" srcset=\"https:\/\/www3.unicentro.br\/museu\/wp-content\/uploads\/sites\/86\/2021\/03\/gastropoda-2-225x300.jpeg 225w, https:\/\/www3.unicentro.br\/museu\/wp-content\/uploads\/sites\/86\/2021\/03\/gastropoda-2-768x1024.jpeg 768w, https:\/\/www3.unicentro.br\/museu\/wp-content\/uploads\/sites\/86\/2021\/03\/gastropoda-2-255x340.jpeg 255w, https:\/\/www3.unicentro.br\/museu\/wp-content\/uploads\/sites\/86\/2021\/03\/gastropoda-2.jpeg 780w\" sizes=\"auto, (max-width: 306px) 100vw, 306px\" \/><\/span><\/td>\n<td style=\"width: 14.4369%;height: 23px\"><\/td>\n<\/tr>\n<tr style=\"height: 23px\">\n<td style=\"width: 16.4058%;height: 23px\"><span style=\"font-family: 'comic sans ms', sans-serif;font-size: 12pt\">Cavalo Marinho\u00a0<\/span><\/td>\n<td style=\"width: 69.1572%;height: 23px\"><span style=\"font-size: 12pt\"><img loading=\"lazy\" decoding=\"async\" class=\"aligncenter wp-image-830\" src=\"https:\/\/www3.unicentro.br\/museu\/wp-content\/uploads\/sites\/86\/2021\/03\/cavalo-marinho-300x225.jpeg\" alt=\"\" width=\"384\" height=\"288\" srcset=\"https:\/\/www3.unicentro.br\/museu\/wp-content\/uploads\/sites\/86\/2021\/03\/cavalo-marinho-300x225.jpeg 300w, https:\/\/www3.unicentro.br\/museu\/wp-content\/uploads\/sites\/86\/2021\/03\/cavalo-marinho-1024x768.jpeg 1024w, https:\/\/www3.unicentro.br\/museu\/wp-content\/uploads\/sites\/86\/2021\/03\/cavalo-marinho-768x576.jpeg 768w, https:\/\/www3.unicentro.br\/museu\/wp-content\/uploads\/sites\/86\/2021\/03\/cavalo-marinho-400x300.jpeg 400w, https:\/\/www3.unicentro.br\/museu\/wp-content\/uploads\/sites\/86\/2021\/03\/cavalo-marinho-800x600.jpeg 800w, https:\/\/www3.unicentro.br\/museu\/wp-content\/uploads\/sites\/86\/2021\/03\/cavalo-marinho-255x191.jpeg 255w, https:\/\/www3.unicentro.br\/museu\/wp-content\/uploads\/sites\/86\/2021\/03\/cavalo-marinho.jpeg 1040w\" sizes=\"auto, (max-width: 384px) 100vw, 384px\" \/><\/span><\/td>\n<td style=\"width: 14.4369%;height: 23px\"><\/td>\n<\/tr>\n<tr style=\"height: 25px\">\n<td style=\"width: 16.4058%;height: 25px\"><span style=\"font-family: 'comic sans ms', sans-serif;font-size: 12pt\">V\u00e9rtebras Baleia Jubarte<\/span><\/td>\n<td style=\"width: 69.1572%;height: 25px\"><span style=\"font-size: 12pt\"><img loading=\"lazy\" decoding=\"async\" class=\"aligncenter wp-image-805\" src=\"https:\/\/www3.unicentro.br\/museu\/wp-content\/uploads\/sites\/86\/2021\/03\/Vertebras-de-baleia-300x225.jpeg\" alt=\"\" width=\"417\" height=\"312\" srcset=\"https:\/\/www3.unicentro.br\/museu\/wp-content\/uploads\/sites\/86\/2021\/03\/Vertebras-de-baleia-300x225.jpeg 300w, https:\/\/www3.unicentro.br\/museu\/wp-content\/uploads\/sites\/86\/2021\/03\/Vertebras-de-baleia-1024x768.jpeg 1024w, https:\/\/www3.unicentro.br\/museu\/wp-content\/uploads\/sites\/86\/2021\/03\/Vertebras-de-baleia-768x576.jpeg 768w, https:\/\/www3.unicentro.br\/museu\/wp-content\/uploads\/sites\/86\/2021\/03\/Vertebras-de-baleia-400x300.jpeg 400w, https:\/\/www3.unicentro.br\/museu\/wp-content\/uploads\/sites\/86\/2021\/03\/Vertebras-de-baleia-800x600.jpeg 800w, https:\/\/www3.unicentro.br\/museu\/wp-content\/uploads\/sites\/86\/2021\/03\/Vertebras-de-baleia-255x191.jpeg 255w, https:\/\/www3.unicentro.br\/museu\/wp-content\/uploads\/sites\/86\/2021\/03\/Vertebras-de-baleia.jpeg 1040w\" sizes=\"auto, (max-width: 417px) 100vw, 417px\" \/><\/span><\/td>\n<td style=\"width: 14.4369%;height: 25px\"><\/td>\n<\/tr>\n<\/tbody>\n<\/table>\n<p>&nbsp;<\/p>\n","protected":false},"excerpt":{"rendered":"<p>Nesta sala est\u00e3o expostos principalmente conchas de moluscos (cole\u00e7\u00e3o malacol\u00f3gica), mas possui alguns representantes de cnid\u00e1rios, equinodermos, crust\u00e1ceos, peixes-\u00f3sseos, quel\u00f4nios e mam\u00edfero marinho. Nome Foto e descri\u00e7\u00e3o\u00a0 Para quem quer saber\u00a0 MALACOLOGIA &nbsp; &nbsp; CNID\u00c1RIOS &nbsp; EQUINODERMOS &nbsp; QUEL\u00d4NIOS Nome\u00a0 Foto e descri\u00e7\u00e3o\u00a0 Para quem quer saber mais\u00a0 Bolacha do Mar &nbsp; Ouri\u00e7o do mar [&hellip;]<\/p>\n","protected":false},"author":3,"featured_media":0,"parent":642,"menu_order":0,"comment_status":"closed","ping_status":"closed","template":"","meta":{"_exactmetrics_skip_tracking":false,"_exactmetrics_sitenote_active":false,"_exactmetrics_sitenote_note":"","_exactmetrics_sitenote_category":0,"footnotes":"","_links_to":"","_links_to_target":""},"class_list":["post-30","page","type-page","status-publish","hentry"],"_links":{"self":[{"href":"https:\/\/www3.unicentro.br\/museu\/wp-json\/wp\/v2\/pages\/30","targetHints":{"allow":["GET"]}}],"collection":[{"href":"https:\/\/www3.unicentro.br\/museu\/wp-json\/wp\/v2\/pages"}],"about":[{"href":"https:\/\/www3.unicentro.br\/museu\/wp-json\/wp\/v2\/types\/page"}],"author":[{"embeddable":true,"href":"https:\/\/www3.unicentro.br\/museu\/wp-json\/wp\/v2\/users\/3"}],"replies":[{"embeddable":true,"href":"https:\/\/www3.unicentro.br\/museu\/wp-json\/wp\/v2\/comments?post=30"}],"version-history":[{"count":3,"href":"https:\/\/www3.unicentro.br\/museu\/wp-json\/wp\/v2\/pages\/30\/revisions"}],"predecessor-version":[{"id":1395,"href":"https:\/\/www3.unicentro.br\/museu\/wp-json\/wp\/v2\/pages\/30\/revisions\/1395"}],"up":[{"embeddable":true,"href":"https:\/\/www3.unicentro.br\/museu\/wp-json\/wp\/v2\/pages\/642"}],"wp:attachment":[{"href":"https:\/\/www3.unicentro.br\/museu\/wp-json\/wp\/v2\/media?parent=30"}],"curies":[{"name":"wp","href":"https:\/\/api.w.org\/{rel}","templated":true}]}}