{"id":296,"date":"2020-12-08T15:41:55","date_gmt":"2020-12-08T18:41:55","guid":{"rendered":"https:\/\/www3.unicentro.br\/museu\/?page_id=296"},"modified":"2021-02-04T09:34:46","modified_gmt":"2021-02-04T12:34:46","slug":"da-radioatividade-aos-raios-cosmicos","status":"publish","type":"page","link":"https:\/\/www3.unicentro.br\/museu\/acervo\/fisica\/da-radioatividade-aos-raios-cosmicos\/","title":{"rendered":"Da Radioatividade aos Raios C\u00f3smicos"},"content":{"rendered":"<p style=\"text-align: center\"><span style=\"font-family: comic sans ms, sans-serif;font-size: 14pt\"><span style=\"color: #ff0000\">AVISO: Todos os experimentos desta p\u00e1gina contam com uma descri\u00e7\u00e3o escrita e uma demonstra\u00e7\u00e3o por v\u00eddeo com conteudos equivalentes.<\/span><\/span><\/p>\n<p style=\"text-align: center\"><span style=\"font-family: comic sans ms, sans-serif;font-size: 18pt\">Eletrosc\u00f3pio e a Radioatividade<\/span><\/p>\n<audio class=\"wp-audio-shortcode\" id=\"audio-296-1\" preload=\"none\" style=\"width: 100%;\" controls=\"controls\"><source type=\"audio\/mpeg\" src=\"https:\/\/www3.unicentro.br\/museu\/wp-content\/uploads\/sites\/86\/2020\/12\/Eletoscopio-e-Radiacao.mp3?_=1\" \/><a href=\"https:\/\/www3.unicentro.br\/museu\/wp-content\/uploads\/sites\/86\/2020\/12\/Eletoscopio-e-Radiacao.mp3\">https:\/\/www3.unicentro.br\/museu\/wp-content\/uploads\/sites\/86\/2020\/12\/Eletoscopio-e-Radiacao.mp3<\/a><\/audio>\n<p><span style=\"font-family: comic sans ms, sans-serif;font-size: 14pt;color: #000000\">O eletrosc\u00f3pio \u00e9 um instrumento usado indicar a eletriza\u00e7\u00e3o de um corpo baseado na intera\u00e7\u00e3o e movimenta\u00e7\u00e3o devido \u00e0s for\u00e7as coulombianas. Criado em 1600 pelo m\u00e9dico brit\u00e2nico Willian Gilbert, foi um dos primeiros instrumentos criados para se realizar estudos a respeito da eletrost\u00e1tica.<\/span><\/p>\n<p><span style=\"font-family: comic sans ms, sans-serif;font-size: 14pt;color: #000000\">Atualmente o eletrosc\u00f3pio \u00e9 um instrumento did\u00e1tico usado nas institui\u00e7\u00f5es de ensino para se estudar corpos carregados. Suas formas mais comuns s\u00e3o o eletrosc\u00f3pio de p\u00eandulo e o eletrosc\u00f3pio de folhas (segue esquema abaixo)<\/span><\/p>\n<div id=\"attachment_379\" style=\"width: 237px\" class=\"wp-caption aligncenter\"><img loading=\"lazy\" decoding=\"async\" aria-describedby=\"caption-attachment-379\" class=\"wp-image-379 size-full\" src=\"https:\/\/www3.unicentro.br\/museu\/wp-content\/uploads\/sites\/86\/2020\/12\/eletroscopio.jpg\" alt=\"\" width=\"227\" height=\"192\" \/><p id=\"caption-attachment-379\" class=\"wp-caption-text\">Eletosc\u00f3pio de folhas (Retitada de: https:\/\/prof-cassiofernando.blogspot.com\/2010\/09\/o-eletroscopio.html?m=1)<\/p><\/div>\n<p><span style=\"font-family: comic sans ms, sans-serif;font-size: 14pt;color: #000000\">Becquerel, em suas pesquisas, percebeu que a radia\u00e7\u00e3o emitida por alguns materiais eram capazes de arrancar el\u00e9trons de mol\u00e9culas de gases tornando-as \u00edons. A classe de radia\u00e7\u00f5es que conseguia realizar este feito foi chamada de radia\u00e7\u00e3o<\/span><\/p>\n<p><span style=\"font-family: comic sans ms, sans-serif;font-size: 14pt;color: #000000\">Marie Curie percebeu, com o efeito descrito por Becquerel, que seria poss\u00edvel utilizar-se de eletrosc\u00f3pios para medir a intensidade da radia\u00e7\u00e3o ionizante (devido seu efeito de ioniza\u00e7\u00e3o dos gases). Adaptando um eletrosc\u00f3pio pode estudar que as emiss\u00f5es de alguns materiais eram proporcionais a sua quantidade de ur\u00e2nio e que havia outros materiais que possu\u00edam outros elementos, mas tinham mesmo efeito (como o pol\u00f4nio e o r\u00e1dio).<\/span><\/p>\n<p style=\"text-align: center\"><span style=\"font-family: comic sans ms, sans-serif;font-size: 18pt;color: #000000\">Ioniza\u00e7\u00e3o Residual e Raios C\u00f3smicos<br \/>\n<\/span><\/p>\n<audio class=\"wp-audio-shortcode\" id=\"audio-296-2\" preload=\"none\" style=\"width: 100%;\" controls=\"controls\"><source type=\"audio\/mpeg\" src=\"https:\/\/www3.unicentro.br\/museu\/wp-content\/uploads\/sites\/86\/2020\/12\/Radiacao-Cosmica.mp3?_=2\" \/><a href=\"https:\/\/www3.unicentro.br\/museu\/wp-content\/uploads\/sites\/86\/2020\/12\/Radiacao-Cosmica.mp3\">https:\/\/www3.unicentro.br\/museu\/wp-content\/uploads\/sites\/86\/2020\/12\/Radiacao-Cosmica.mp3<\/a><\/audio>\n<p><span style=\"font-family: comic sans ms, sans-serif;font-size: 14pt;color: #000000\">Ocorria um descarregamento dos eletrosc\u00f3pios durante a realiza\u00e7\u00e3o de experimentos sem um motivo claro. A solu\u00e7\u00e3o proposta era que havia raios de origem misteriosa que ionizavam o ar que envolvia as folhas do eletrosc\u00f3pio.<\/span><\/p>\n<p><span style=\"font-family: comic sans ms, sans-serif;font-size: 14pt;color: #000000\">Inicialmente, no come\u00e7o do s\u00e9culo XX, a hip\u00f3tese era que estes raios eram provenientes da costa terrestre e os elementos como ur\u00e2nio e t\u00f3rio e pot\u00e1ssio emitiam radia\u00e7\u00f5es gama (que possuem forte poder de penetra\u00e7\u00e3o) e fazia o fen\u00f4meno ocorrer. A forma de testar isso era se afastar da crosta terrestre e verificar o decr\u00e9scimo desse efeito nos eletrosc\u00f3pios.<\/span><\/p>\n<p><span style=\"font-family: comic sans ms, sans-serif;font-size: 14pt;color: #000000\">Em 1910 o f\u00edsico Theodor Wulf teve a ideia de realizar o experimento no cume da Torre Eiffel, a 300 metros acima do solo. Ele sup\u00f4s que a ioniza\u00e7\u00e3o causada pela fonte natural\/ambiental seria a metade quando estivesse a 80 metros acima do solo e continuaria diminuindo at\u00e9 ser muito menos no topo da torre, mas quando o experimento foi realizado, percebeu-se que a queda dessa radia\u00e7\u00e3o era muito menos intensa do que o esperado.<\/span><\/p>\n<p><span style=\"font-family: comic sans ms, sans-serif;font-size: 14pt;color: #000000\">Houve medidas feitas por Domenico Pacini na superf\u00edcie terrestre e com eletrosc\u00f3pios submersos a diferentes profundidades. A conclus\u00e3o foi que a diminui\u00e7\u00e3o nas leituras n\u00e3o poderia ser devido a absor\u00e7\u00e3o da radia\u00e7\u00e3o terrestre pela \u00e1gua, ela deveria ter origem extraterrestre.<\/span><\/p>\n","protected":false},"excerpt":{"rendered":"<p>AVISO: Todos os experimentos desta p\u00e1gina contam com uma descri\u00e7\u00e3o escrita e uma demonstra\u00e7\u00e3o por v\u00eddeo com conteudos equivalentes. Eletrosc\u00f3pio e a Radioatividade O eletrosc\u00f3pio \u00e9 um instrumento usado indicar a eletriza\u00e7\u00e3o de um corpo baseado na intera\u00e7\u00e3o e movimenta\u00e7\u00e3o devido \u00e0s for\u00e7as coulombianas. Criado em 1600 pelo m\u00e9dico brit\u00e2nico Willian Gilbert, foi um dos [&hellip;]<\/p>\n","protected":false},"author":272,"featured_media":0,"parent":38,"menu_order":0,"comment_status":"closed","ping_status":"closed","template":"","meta":{"_exactmetrics_skip_tracking":false,"_exactmetrics_sitenote_active":false,"_exactmetrics_sitenote_note":"","_exactmetrics_sitenote_category":0,"footnotes":"","_links_to":"","_links_to_target":""},"class_list":["post-296","page","type-page","status-publish","hentry"],"_links":{"self":[{"href":"https:\/\/www3.unicentro.br\/museu\/wp-json\/wp\/v2\/pages\/296","targetHints":{"allow":["GET"]}}],"collection":[{"href":"https:\/\/www3.unicentro.br\/museu\/wp-json\/wp\/v2\/pages"}],"about":[{"href":"https:\/\/www3.unicentro.br\/museu\/wp-json\/wp\/v2\/types\/page"}],"author":[{"embeddable":true,"href":"https:\/\/www3.unicentro.br\/museu\/wp-json\/wp\/v2\/users\/272"}],"replies":[{"embeddable":true,"href":"https:\/\/www3.unicentro.br\/museu\/wp-json\/wp\/v2\/comments?post=296"}],"version-history":[{"count":0,"href":"https:\/\/www3.unicentro.br\/museu\/wp-json\/wp\/v2\/pages\/296\/revisions"}],"up":[{"embeddable":true,"href":"https:\/\/www3.unicentro.br\/museu\/wp-json\/wp\/v2\/pages\/38"}],"wp:attachment":[{"href":"https:\/\/www3.unicentro.br\/museu\/wp-json\/wp\/v2\/media?parent=296"}],"curies":[{"name":"wp","href":"https:\/\/api.w.org\/{rel}","templated":true}]}}

Da Radioatividade aos Raios Cósmicos

<p style="text-align: center"><span style="font-family: comic sans ms, sans-serif;font-size: 14pt"><span style="color: #ff0000">AVISO: Todos os experimentos desta página contam com uma descrição escrita e uma demonstração por vídeo com conteudos equivalentes.</span></span></p>
<p style="text-align: center"><span style="font-family: comic sans ms, sans-serif;font-size: 18pt">Eletroscópio e a Radioatividade</span></p>
<audio class="wp-audio-shortcode" id="audio-296-1" preload="none" style="width: 100%;" controls="controls"><source type="audio/mpeg" src="https://www3.unicentro.br/museu/wp-content/uploads/sites/86/2020/12/Eletoscopio-e-Radiacao.mp3?_=1" /><a href="https://www3.unicentro.br/museu/wp-content/uploads/sites/86/2020/12/Eletoscopio-e-Radiacao.mp3">https://www3.unicentro.br/museu/wp-content/uploads/sites/86/2020/12/Eletoscopio-e-Radiacao.mp3</a></audio>
<p><span style="font-family: comic sans ms, sans-serif;font-size: 14pt;color: #000000">O eletroscópio é um instrumento usado indicar a eletrização de um corpo baseado na interação e movimentação devido às forças coulombianas. Criado em 1600 pelo médico britânico Willian Gilbert, foi um dos primeiros instrumentos criados para se realizar estudos a respeito da eletrostática.</span></p>
<p><span style="font-family: comic sans ms, sans-serif;font-size: 14pt;color: #000000">Atualmente o eletroscópio é um instrumento didático usado nas instituições de ensino para se estudar corpos carregados. Suas formas mais comuns são o eletroscópio de pêndulo e o eletroscópio de folhas (segue esquema abaixo)</span></p>
<div id="attachment_379" style="width: 237px" class="wp-caption aligncenter"><img loading="lazy" decoding="async" aria-describedby="caption-attachment-379" class="wp-image-379 size-full" src="https://www3.unicentro.br/museu/wp-content/uploads/sites/86/2020/12/eletroscopio.jpg" alt="" width="227" height="192" /><p id="caption-attachment-379" class="wp-caption-text">Eletoscópio de folhas (Retitada de: https://prof-cassiofernando.blogspot.com/2010/09/o-eletroscopio.html?m=1)</p></div>
<p><span style="font-family: comic sans ms, sans-serif;font-size: 14pt;color: #000000">Becquerel, em suas pesquisas, percebeu que a radiação emitida por alguns materiais eram capazes de arrancar elétrons de moléculas de gases tornando-as íons. A classe de radiações que conseguia realizar este feito foi chamada de radiação</span></p>
<p><span style="font-family: comic sans ms, sans-serif;font-size: 14pt;color: #000000">Marie Curie percebeu, com o efeito descrito por Becquerel, que seria possível utilizar-se de eletroscópios para medir a intensidade da radiação ionizante (devido seu efeito de ionização dos gases). Adaptando um eletroscópio pode estudar que as emissões de alguns materiais eram proporcionais a sua quantidade de urânio e que havia outros materiais que possuíam outros elementos, mas tinham mesmo efeito (como o polônio e o rádio).</span></p>
<p style="text-align: center"><span style="font-family: comic sans ms, sans-serif;font-size: 18pt;color: #000000">Ionização Residual e Raios Cósmicos<br />
</span></p>
<audio class="wp-audio-shortcode" id="audio-296-2" preload="none" style="width: 100%;" controls="controls"><source type="audio/mpeg" src="https://www3.unicentro.br/museu/wp-content/uploads/sites/86/2020/12/Radiacao-Cosmica.mp3?_=2" /><a href="https://www3.unicentro.br/museu/wp-content/uploads/sites/86/2020/12/Radiacao-Cosmica.mp3">https://www3.unicentro.br/museu/wp-content/uploads/sites/86/2020/12/Radiacao-Cosmica.mp3</a></audio>
<p><span style="font-family: comic sans ms, sans-serif;font-size: 14pt;color: #000000">Ocorria um descarregamento dos eletroscópios durante a realização de experimentos sem um motivo claro. A solução proposta era que havia raios de origem misteriosa que ionizavam o ar que envolvia as folhas do eletroscópio.</span></p>
<p><span style="font-family: comic sans ms, sans-serif;font-size: 14pt;color: #000000">Inicialmente, no começo do século XX, a hipótese era que estes raios eram provenientes da costa terrestre e os elementos como urânio e tório e potássio emitiam radiações gama (que possuem forte poder de penetração) e fazia o fenômeno ocorrer. A forma de testar isso era se afastar da crosta terrestre e verificar o decréscimo desse efeito nos eletroscópios.</span></p>
<p><span style="font-family: comic sans ms, sans-serif;font-size: 14pt;color: #000000">Em 1910 o físico Theodor Wulf teve a ideia de realizar o experimento no cume da Torre Eiffel, a 300 metros acima do solo. Ele supôs que a ionização causada pela fonte natural/ambiental seria a metade quando estivesse a 80 metros acima do solo e continuaria diminuindo até ser muito menos no topo da torre, mas quando o experimento foi realizado, percebeu-se que a queda dessa radiação era muito menos intensa do que o esperado.</span></p>
<p><span style="font-family: comic sans ms, sans-serif;font-size: 14pt;color: #000000">Houve medidas feitas por Domenico Pacini na superfície terrestre e com eletroscópios submersos a diferentes profundidades. A conclusão foi que a diminuição nas leituras não poderia ser devido a absorção da radiação terrestre pela água, ela deveria ter origem extraterrestre.</span></p>

<p>AVISO: Todos os experimentos desta página contam com uma descrição escrita e uma demonstração por vídeo com conteudos equivalentes. Eletroscópio e a Radioatividade O eletroscópio é um instrumento usado indicar a eletrização de um corpo baseado na interação e movimentação devido às forças coulombianas. Criado em 1600 pelo médico britânico Willian Gilbert, foi um dos [&hellip;]</p>
