{"id":97,"date":"2017-06-28T00:16:25","date_gmt":"2017-06-28T03:16:25","guid":{"rendered":"https:\/\/www3.unicentro.br\/midiaememoriasemfronteiras\/?page_id=97"},"modified":"2017-08-22T21:42:29","modified_gmt":"2017-08-23T00:42:29","slug":"nao-apague-minha-memoria","status":"publish","type":"page","link":"https:\/\/www3.unicentro.br\/midiaememoriasemfronteiras\/universidades\/uenp\/nao-apague-minha-memoria\/","title":{"rendered":"N\u00e3o apague minha mem\u00f3ria"},"content":{"rendered":"<p>O desenvolvimento tecnol\u00f3gico rapidamente vem apagando mem\u00f3rias. Objetos, processos, saberes s\u00e3o esquecidos a medida em que as pessoas v\u00e3o morrendo e novos artefatos substituem os antigos. H\u00e1 um enorme campo a ser explorado para a organiza\u00e7\u00e3o da mem\u00f3ria das comunidades paranaenses. Tradicionalmente, a preserva\u00e7\u00e3o do passado \u00e9 realizada por meio de museus hist\u00f3ricos. No entanto, a constitui\u00e7\u00e3o de museus f\u00edsicos demanda recursos humanos e financeiros por parte de entidades. Al\u00e9m disso, o acesso \u00e9 restrito, uma vez que o p\u00fablico precisa se deslocar at\u00e9 a cidade em que o museu se encontra. Sem querer substituir o museu f\u00edsico, mas complementar sua contribui\u00e7\u00e3o, surge a proposta de museu virtual, que \u00e9 uma cole\u00e7\u00e3o de objetos digitais, com ou sem correspond\u00eancia com um museu f\u00edsico. O museu virtual transcende os limites geogr\u00e1ficos e estabelece novas formas de interagir com os visitantes. Em resumo, um museu virtual \u00e9 um museu que se encontra na web e \u00e9 visitado por meio dela. Assim, este projeto prop\u00f5e a constitui\u00e7\u00e3o de museu virtual voltado \u00e0 valoriza\u00e7\u00e3o da cultura local, especialmente a rural.<\/p>\n<p><strong>Equipe:<\/strong><\/p>\n<p>Jos\u00e9 Reinaldo Merlin (coordenador);<br \/>\nBruno Squizato Fai\u00e7al;<br \/>\nPaulo Roberto Anastacio;<br \/>\nGuilherme Corretado Guerino;<br \/>\nMatheus Martins Bertonha;<br \/>\nJose Henrique Ricordi Cruz;<br \/>\nDenise Emerenciana de Souza;<\/p>\n","protected":false},"excerpt":{"rendered":"<p>O desenvolvimento tecnol\u00f3gico rapidamente vem apagando mem\u00f3rias. Objetos, processos, saberes s\u00e3o esquecidos a medida em que as pessoas v\u00e3o morrendo e novos artefatos substituem os antigos. H\u00e1 um enorme campo a ser explorado para a organiza\u00e7\u00e3o da mem\u00f3ria das comunidades paranaenses. Tradicionalmente, a preserva\u00e7\u00e3o do passado \u00e9 realizada por meio de museus hist\u00f3ricos. No entanto, [&hellip;]<\/p>\n","protected":false},"author":28,"featured_media":0,"parent":81,"menu_order":5,"comment_status":"closed","ping_status":"closed","template":"","meta":{"_exactmetrics_skip_tracking":false,"_exactmetrics_sitenote_active":false,"_exactmetrics_sitenote_note":"","_exactmetrics_sitenote_category":0,"footnotes":"","_links_to":"","_links_to_target":""},"class_list":["post-97","page","type-page","status-publish","hentry"],"_links":{"self":[{"href":"https:\/\/www3.unicentro.br\/midiaememoriasemfronteiras\/wp-json\/wp\/v2\/pages\/97","targetHints":{"allow":["GET"]}}],"collection":[{"href":"https:\/\/www3.unicentro.br\/midiaememoriasemfronteiras\/wp-json\/wp\/v2\/pages"}],"about":[{"href":"https:\/\/www3.unicentro.br\/midiaememoriasemfronteiras\/wp-json\/wp\/v2\/types\/page"}],"author":[{"embeddable":true,"href":"https:\/\/www3.unicentro.br\/midiaememoriasemfronteiras\/wp-json\/wp\/v2\/users\/28"}],"replies":[{"embeddable":true,"href":"https:\/\/www3.unicentro.br\/midiaememoriasemfronteiras\/wp-json\/wp\/v2\/comments?post=97"}],"version-history":[{"count":0,"href":"https:\/\/www3.unicentro.br\/midiaememoriasemfronteiras\/wp-json\/wp\/v2\/pages\/97\/revisions"}],"up":[{"embeddable":true,"href":"https:\/\/www3.unicentro.br\/midiaememoriasemfronteiras\/wp-json\/wp\/v2\/pages\/81"}],"wp:attachment":[{"href":"https:\/\/www3.unicentro.br\/midiaememoriasemfronteiras\/wp-json\/wp\/v2\/media?parent=97"}],"curies":[{"name":"wp","href":"https:\/\/api.w.org\/{rel}","templated":true}]}}