{"id":68,"date":"2017-06-27T22:15:08","date_gmt":"2017-06-28T01:15:08","guid":{"rendered":"https:\/\/www3.unicentro.br\/midiaememoriasemfronteiras\/?page_id=68"},"modified":"2017-08-22T21:33:16","modified_gmt":"2017-08-23T00:33:16","slug":"brincar-ler-e-contar-historias-criancas-e-professores-ocupando-a-universidade","status":"publish","type":"page","link":"https:\/\/www3.unicentro.br\/midiaememoriasemfronteiras\/universidades\/unicentro\/brincar-ler-e-contar-historias-criancas-e-professores-ocupando-a-universidade\/","title":{"rendered":"Brincar, ler e contar hist\u00f3rias: crian\u00e7as e professores ocupando a universidade"},"content":{"rendered":"<p>O projeto, desenvolvido nos munic\u00edpios de Guarapuava, Pitanga, Chopinzinho e Laranjeiras do Sul, busca desenvolver pr\u00e1ticas de leitura e brincadeiras com crian\u00e7as, bem como forma\u00e7\u00e3o para professores no \u00e2mbito da leitura, conta\u00e7\u00e3o de hist\u00f3rias e brincar. Concebe a viv\u00eancia com a literatura e as brincadeiras como forma de humaniza\u00e7\u00e3o. As atividades desenvolvidas s\u00e3o: a circula\u00e7\u00e3o de materiais de leitura entre as institui\u00e7\u00f5es educativas; oficinas de constru\u00e7\u00e3o de brinquedos; atividades de leitura e conta\u00e7\u00e3o de hist\u00f3rias; brincadeiras na brinquedoteca; forma\u00e7\u00e3o de professores nas tem\u00e1ticas da leitura e do brincar; estudos e produ\u00e7\u00e3o de textos cient\u00edficos acerca da experi\u00eancia.<\/p>\n<p><strong>Equipe:<\/strong><\/p>\n<p>Marcos Gehrke (coordenador);<br \/>\nAliandra Mesomo Lira;<br \/>\nR\u00e9gis Silva;<br \/>\nAdriana Ramos;<br \/>\nEmily Ribeiro Botelho;<br \/>\nLuciana Vit\u00f3ria Cordova;<br \/>\nStefani Aparecida Bonfim;<\/p>\n<p>&nbsp;<\/p>\n","protected":false},"excerpt":{"rendered":"<p>O projeto, desenvolvido nos munic\u00edpios de Guarapuava, Pitanga, Chopinzinho e Laranjeiras do Sul, busca desenvolver pr\u00e1ticas de leitura e brincadeiras com crian\u00e7as, bem como forma\u00e7\u00e3o para professores no \u00e2mbito da leitura, conta\u00e7\u00e3o de hist\u00f3rias e brincar. Concebe a viv\u00eancia com a literatura e as brincadeiras como forma de humaniza\u00e7\u00e3o. As atividades desenvolvidas s\u00e3o: a circula\u00e7\u00e3o [&hellip;]<\/p>\n","protected":false},"author":28,"featured_media":0,"parent":27,"menu_order":7,"comment_status":"closed","ping_status":"closed","template":"","meta":{"_exactmetrics_skip_tracking":false,"_exactmetrics_sitenote_active":false,"_exactmetrics_sitenote_note":"","_exactmetrics_sitenote_category":0,"footnotes":"","_links_to":"","_links_to_target":""},"class_list":["post-68","page","type-page","status-publish","hentry"],"_links":{"self":[{"href":"https:\/\/www3.unicentro.br\/midiaememoriasemfronteiras\/wp-json\/wp\/v2\/pages\/68","targetHints":{"allow":["GET"]}}],"collection":[{"href":"https:\/\/www3.unicentro.br\/midiaememoriasemfronteiras\/wp-json\/wp\/v2\/pages"}],"about":[{"href":"https:\/\/www3.unicentro.br\/midiaememoriasemfronteiras\/wp-json\/wp\/v2\/types\/page"}],"author":[{"embeddable":true,"href":"https:\/\/www3.unicentro.br\/midiaememoriasemfronteiras\/wp-json\/wp\/v2\/users\/28"}],"replies":[{"embeddable":true,"href":"https:\/\/www3.unicentro.br\/midiaememoriasemfronteiras\/wp-json\/wp\/v2\/comments?post=68"}],"version-history":[{"count":0,"href":"https:\/\/www3.unicentro.br\/midiaememoriasemfronteiras\/wp-json\/wp\/v2\/pages\/68\/revisions"}],"up":[{"embeddable":true,"href":"https:\/\/www3.unicentro.br\/midiaememoriasemfronteiras\/wp-json\/wp\/v2\/pages\/27"}],"wp:attachment":[{"href":"https:\/\/www3.unicentro.br\/midiaememoriasemfronteiras\/wp-json\/wp\/v2\/media?parent=68"}],"curies":[{"name":"wp","href":"https:\/\/api.w.org\/{rel}","templated":true}]}}