{"id":48,"date":"2017-06-27T17:14:27","date_gmt":"2017-06-27T20:14:27","guid":{"rendered":"https:\/\/www3.unicentro.br\/midiaememoriasemfronteiras\/?page_id=48"},"modified":"2017-06-27T17:14:27","modified_gmt":"2017-06-27T20:14:27","slug":"programa-de-aperfeicoamento-profissional-em-servico-educacao-inclusiva-papsei","status":"publish","type":"page","link":"https:\/\/www3.unicentro.br\/midiaememoriasemfronteiras\/universidades\/unicentro\/programa-de-aperfeicoamento-profissional-em-servico-educacao-inclusiva-papsei\/","title":{"rendered":"Programa de aperfei\u00e7oamento profissional em servi\u00e7o: educa\u00e7\u00e3o inclusiva &#8211; PAPSEI"},"content":{"rendered":"<p>&nbsp;<\/p>\n<p><strong>Equipe:<\/strong><\/p>\n<p>Gilmar de Carvalho Cruz (coordenador);<\/p>\n","protected":false},"excerpt":{"rendered":"<p>&nbsp; Equipe: Gilmar de Carvalho Cruz (coordenador);<\/p>\n","protected":false},"author":28,"featured_media":0,"parent":27,"menu_order":3,"comment_status":"closed","ping_status":"closed","template":"","meta":{"_exactmetrics_skip_tracking":false,"_exactmetrics_sitenote_active":false,"_exactmetrics_sitenote_note":"","_exactmetrics_sitenote_category":0,"footnotes":"","_links_to":"","_links_to_target":""},"class_list":["post-48","page","type-page","status-publish","hentry"],"_links":{"self":[{"href":"https:\/\/www3.unicentro.br\/midiaememoriasemfronteiras\/wp-json\/wp\/v2\/pages\/48","targetHints":{"allow":["GET"]}}],"collection":[{"href":"https:\/\/www3.unicentro.br\/midiaememoriasemfronteiras\/wp-json\/wp\/v2\/pages"}],"about":[{"href":"https:\/\/www3.unicentro.br\/midiaememoriasemfronteiras\/wp-json\/wp\/v2\/types\/page"}],"author":[{"embeddable":true,"href":"https:\/\/www3.unicentro.br\/midiaememoriasemfronteiras\/wp-json\/wp\/v2\/users\/28"}],"replies":[{"embeddable":true,"href":"https:\/\/www3.unicentro.br\/midiaememoriasemfronteiras\/wp-json\/wp\/v2\/comments?post=48"}],"version-history":[{"count":0,"href":"https:\/\/www3.unicentro.br\/midiaememoriasemfronteiras\/wp-json\/wp\/v2\/pages\/48\/revisions"}],"up":[{"embeddable":true,"href":"https:\/\/www3.unicentro.br\/midiaememoriasemfronteiras\/wp-json\/wp\/v2\/pages\/27"}],"wp:attachment":[{"href":"https:\/\/www3.unicentro.br\/midiaememoriasemfronteiras\/wp-json\/wp\/v2\/media?parent=48"}],"curies":[{"name":"wp","href":"https:\/\/api.w.org\/{rel}","templated":true}]}}