{"id":264,"date":"2017-06-30T15:42:41","date_gmt":"2017-06-30T18:42:41","guid":{"rendered":"https:\/\/www3.unicentro.br\/midiaememoriasemfronteiras\/?page_id=264"},"modified":"2017-08-22T22:00:53","modified_gmt":"2017-08-23T01:00:53","slug":"suporte-juridico-administrativo-e-contabil-aos-empreendimentos-economicos-solidarios","status":"publish","type":"page","link":"https:\/\/www3.unicentro.br\/midiaememoriasemfronteiras\/universidades\/uem\/suporte-juridico-administrativo-e-contabil-aos-empreendimentos-economicos-solidarios\/","title":{"rendered":"Suporte jur\u00eddico, administrativo e cont\u00e1bil aos empreendimentos econ\u00f4micos solid\u00e1rios"},"content":{"rendered":"<p>O projeto visa dar continuidade aos trabalhos desenvolvidos no \u00e2mbito do Programa Multidisciplinar de Estudos e Pesquisas sobre o Trabalho e os Movimentos Sociais &#8211; N\u00facleo\/Incubadora Unitrabalho \u2013 UEM, atendendo 4 (quatro) empreendimentos e\/ou grupos informais, sendo 2 (duas) de Maring\u00e1, 1 (uma) de Pai\u00e7andu e 1 (uma) de Sarandi. Envolve os princ\u00edpios da economia solid\u00e1ria por meio de um conjunto de atividades sistem\u00e1ticas de pesquisa, forma\u00e7\u00e3o, assessoria t\u00e9cnica e tecnol\u00f3gica que abrange desde o surgimento do empreendimento econ\u00f4mico solid\u00e1rio (EES) at\u00e9 a sua consolida\u00e7\u00e3o. Baseado na autogest\u00e3o, por meio da troca de conhecimentos, busca-se a melhoria, amplia\u00e7\u00e3o e comercializa\u00e7\u00e3o de produtos e servi\u00e7os com foco no desenvolvimento territorial sustent\u00e1vel pela organiza\u00e7\u00e3o do trabalho, conquista da autonomia e viabilidade econ\u00f4mica dos empreendimentos a fim de combater a extrema pobreza. Concomitante com a atua\u00e7\u00e3o da extens\u00e3o, relacionada com o processo de incuba\u00e7\u00e3o dos EES, o N\u00facleo\/Incubadora tamb\u00e9m atua como espa\u00e7o de estudos, pesquisas e desenvolvimento de tecnologias sociais sustent\u00e1veis, facilmente aplic\u00e1veis como estrat\u00e9gias de produ\u00e7\u00e3o para gera\u00e7\u00e3o de trabalho e renda. Os EES j\u00e1 incubados e\/ou atendidos pelo N\u00facleo\/Incubadora Unitrabalho s\u00e3o classificados como pertencentes aos espa\u00e7os rural e urbano.<\/p>\n<p><strong>Equipe:<\/strong><\/p>\n<p>Vicente Chiaramonte Pires (coordenador);<br \/>\nNanci Aparecida Meneguetti Garcia;<br \/>\nMaria Ad\u00e9lia Alves Sousa;<br \/>\nCaroliny Cristiny Trajano;<br \/>\nTito Maranho Gomes de Azevedo Santos;<br \/>\nTerezinha Scarabel;<\/p>\n<p><a href=\"https:\/\/www.facebook.com\/UnitrabalhoUem\/\" target=\"_blank\" rel=\"noopener\"><img loading=\"lazy\" decoding=\"async\" class=\"alignleft size-thumbnail wp-image-351\" src=\"https:\/\/www3.unicentro.br\/midiaememoriasemfronteiras\/wp-content\/uploads\/sites\/19\/2017\/06\/botao3-150x150.png\" alt=\"\" width=\"150\" height=\"150\" srcset=\"https:\/\/www3.unicentro.br\/midiaememoriasemfronteiras\/wp-content\/uploads\/sites\/19\/2017\/06\/botao3-150x150.png 150w, https:\/\/www3.unicentro.br\/midiaememoriasemfronteiras\/wp-content\/uploads\/sites\/19\/2017\/06\/botao3-50x50.png 50w, https:\/\/www3.unicentro.br\/midiaememoriasemfronteiras\/wp-content\/uploads\/sites\/19\/2017\/06\/botao3-80x80.png 80w, https:\/\/www3.unicentro.br\/midiaememoriasemfronteiras\/wp-content\/uploads\/sites\/19\/2017\/06\/botao3-263x263.png 263w, https:\/\/www3.unicentro.br\/midiaememoriasemfronteiras\/wp-content\/uploads\/sites\/19\/2017\/06\/botao3-100x100.png 100w, https:\/\/www3.unicentro.br\/midiaememoriasemfronteiras\/wp-content\/uploads\/sites\/19\/2017\/06\/botao3-526x526.png 526w\" sizes=\"auto, (max-width: 150px) 100vw, 150px\" \/><\/a><\/p>\n<p>&nbsp;<\/p>\n<p><a href=\"http:\/\/www.unitrabalho.uem.br\/\" target=\"_blank\" rel=\"noopener\"><strong>Site<\/strong><\/a><\/p>\n","protected":false},"excerpt":{"rendered":"<p>O projeto visa dar continuidade aos trabalhos desenvolvidos no \u00e2mbito do Programa Multidisciplinar de Estudos e Pesquisas sobre o Trabalho e os Movimentos Sociais &#8211; N\u00facleo\/Incubadora Unitrabalho \u2013 UEM, atendendo 4 (quatro) empreendimentos e\/ou grupos informais, sendo 2 (duas) de Maring\u00e1, 1 (uma) de Pai\u00e7andu e 1 (uma) de Sarandi. Envolve os princ\u00edpios da economia [&hellip;]<\/p>\n","protected":false},"author":28,"featured_media":0,"parent":198,"menu_order":16,"comment_status":"closed","ping_status":"closed","template":"","meta":{"_exactmetrics_skip_tracking":false,"_exactmetrics_sitenote_active":false,"_exactmetrics_sitenote_note":"","_exactmetrics_sitenote_category":0,"footnotes":"","_links_to":"","_links_to_target":""},"class_list":["post-264","page","type-page","status-publish","hentry"],"_links":{"self":[{"href":"https:\/\/www3.unicentro.br\/midiaememoriasemfronteiras\/wp-json\/wp\/v2\/pages\/264","targetHints":{"allow":["GET"]}}],"collection":[{"href":"https:\/\/www3.unicentro.br\/midiaememoriasemfronteiras\/wp-json\/wp\/v2\/pages"}],"about":[{"href":"https:\/\/www3.unicentro.br\/midiaememoriasemfronteiras\/wp-json\/wp\/v2\/types\/page"}],"author":[{"embeddable":true,"href":"https:\/\/www3.unicentro.br\/midiaememoriasemfronteiras\/wp-json\/wp\/v2\/users\/28"}],"replies":[{"embeddable":true,"href":"https:\/\/www3.unicentro.br\/midiaememoriasemfronteiras\/wp-json\/wp\/v2\/comments?post=264"}],"version-history":[{"count":0,"href":"https:\/\/www3.unicentro.br\/midiaememoriasemfronteiras\/wp-json\/wp\/v2\/pages\/264\/revisions"}],"up":[{"embeddable":true,"href":"https:\/\/www3.unicentro.br\/midiaememoriasemfronteiras\/wp-json\/wp\/v2\/pages\/198"}],"wp:attachment":[{"href":"https:\/\/www3.unicentro.br\/midiaememoriasemfronteiras\/wp-json\/wp\/v2\/media?parent=264"}],"curies":[{"name":"wp","href":"https:\/\/api.w.org\/{rel}","templated":true}]}}