{"id":252,"date":"2017-06-30T15:39:38","date_gmt":"2017-06-30T18:39:38","guid":{"rendered":"https:\/\/www3.unicentro.br\/midiaememoriasemfronteiras\/?page_id=252"},"modified":"2017-08-22T21:57:43","modified_gmt":"2017-08-23T00:57:43","slug":"projeto-sorrir-com-saude-em-marialva-e-sarandi","status":"publish","type":"page","link":"https:\/\/www3.unicentro.br\/midiaememoriasemfronteiras\/universidades\/uem\/projeto-sorrir-com-saude-em-marialva-e-sarandi\/","title":{"rendered":"Projeto sorrir com sa\u00fade em Marialva e Sarandi"},"content":{"rendered":"<p>O projeto beneficia as crian\u00e7as matriculadas nas Escolas de Ensino Fundamental dos munic\u00edpios de Marialva &#8211; PR e Sarandi &#8211; PR. Atendem, aproximadamente, 350 crian\u00e7as nas faixas et\u00e1rias de 5 a 13 anos. S\u00e3o propostas atividades permanentes, juntamente com os professores e cuidadores das crian\u00e7as, baseados na cria\u00e7\u00e3o de h\u00e1bitos saud\u00e1veis, est\u00edmulo para o autocuidado a partir da escova\u00e7\u00e3o supervisionada, conscientiza\u00e7\u00e3o da sa\u00fade bucal por meio de atividades l\u00fadico-educativas e, em alguns casos, o atendimento cl\u00ednico utilizando o Tratamento Restaurador Atraum\u00e1tico (ART). Al\u00e9m disso, s\u00e3o discutidas as compet\u00eancias e habilidades a serem desenvolvidas neste cen\u00e1rio de pr\u00e1tica com docentes, discentes da gradua\u00e7\u00e3o, da p\u00f3s-gradua\u00e7\u00e3o, comunidade externa, visando a forma\u00e7\u00e3o do profissional da Odontologia, preparando-o para o mercado de trabalho.<\/p>\n<p><strong>Equipe:<\/strong><\/p>\n<p>Mitsue Fujimaki (coordenadora);<br \/>\nAmanda Cristina Vieira Machado;<br \/>\nNallu GOmes Lima Hironaka;<br \/>\nLeandro Henrique Galeti Lima;<\/p>\n","protected":false},"excerpt":{"rendered":"<p>O projeto beneficia as crian\u00e7as matriculadas nas Escolas de Ensino Fundamental dos munic\u00edpios de Marialva &#8211; PR e Sarandi &#8211; PR. Atendem, aproximadamente, 350 crian\u00e7as nas faixas et\u00e1rias de 5 a 13 anos. S\u00e3o propostas atividades permanentes, juntamente com os professores e cuidadores das crian\u00e7as, baseados na cria\u00e7\u00e3o de h\u00e1bitos saud\u00e1veis, est\u00edmulo para o autocuidado [&hellip;]<\/p>\n","protected":false},"author":28,"featured_media":0,"parent":198,"menu_order":10,"comment_status":"closed","ping_status":"closed","template":"","meta":{"_exactmetrics_skip_tracking":false,"_exactmetrics_sitenote_active":false,"_exactmetrics_sitenote_note":"","_exactmetrics_sitenote_category":0,"footnotes":"","_links_to":"","_links_to_target":""},"class_list":["post-252","page","type-page","status-publish","hentry"],"_links":{"self":[{"href":"https:\/\/www3.unicentro.br\/midiaememoriasemfronteiras\/wp-json\/wp\/v2\/pages\/252","targetHints":{"allow":["GET"]}}],"collection":[{"href":"https:\/\/www3.unicentro.br\/midiaememoriasemfronteiras\/wp-json\/wp\/v2\/pages"}],"about":[{"href":"https:\/\/www3.unicentro.br\/midiaememoriasemfronteiras\/wp-json\/wp\/v2\/types\/page"}],"author":[{"embeddable":true,"href":"https:\/\/www3.unicentro.br\/midiaememoriasemfronteiras\/wp-json\/wp\/v2\/users\/28"}],"replies":[{"embeddable":true,"href":"https:\/\/www3.unicentro.br\/midiaememoriasemfronteiras\/wp-json\/wp\/v2\/comments?post=252"}],"version-history":[{"count":0,"href":"https:\/\/www3.unicentro.br\/midiaememoriasemfronteiras\/wp-json\/wp\/v2\/pages\/252\/revisions"}],"up":[{"embeddable":true,"href":"https:\/\/www3.unicentro.br\/midiaememoriasemfronteiras\/wp-json\/wp\/v2\/pages\/198"}],"wp:attachment":[{"href":"https:\/\/www3.unicentro.br\/midiaememoriasemfronteiras\/wp-json\/wp\/v2\/media?parent=252"}],"curies":[{"name":"wp","href":"https:\/\/api.w.org\/{rel}","templated":true}]}}