{"id":250,"date":"2017-06-30T15:39:14","date_gmt":"2017-06-30T18:39:14","guid":{"rendered":"https:\/\/www3.unicentro.br\/midiaememoriasemfronteiras\/?page_id=250"},"modified":"2017-08-22T21:57:31","modified_gmt":"2017-08-23T00:57:31","slug":"numape","status":"publish","type":"page","link":"https:\/\/www3.unicentro.br\/midiaememoriasemfronteiras\/universidades\/uem\/numape\/","title":{"rendered":"Numape"},"content":{"rendered":"<p>O Numape\/UEM \u00e9 um Projeto de Extens\u00e3o financiado pela SETI\/PR, tendo iniciado suas atividades no ano de 2015, no \u00e2mbito do curso de Direito da Universidade Estadual de Maring\u00e1. Desde ent\u00e3o, o N\u00facleo tem como objetivos principais, a orienta\u00e7\u00e3o, atendimento e encaminhamento de mulheres em contextos de viol\u00eancia dom\u00e9stica e familiar, atuando, prioritariamente, na Comarca de Maring\u00e1. O funcionamento do N\u00facleo acontece de segunda a sexta-feira, em dois turnos, sendo o per\u00edodo da manh\u00e3 das 8h \u00e0s 12h e o per\u00edodo da tarde, das 13h30min \u00e0s 17h30min, nas salas 03 e 04, do Bloco 05, na Universidade Estadual de Maring\u00e1.<br \/>\n<strong><br \/>\nEquipe:<\/strong><\/p>\n<p>Crishna Mirella de Andrade Correa (coordenadora);<br \/>\nIsadora Vier Machado (coordenadora);<br \/>\nAdriele Colont\u00f4nio Caberlim;<br \/>\nThatiane Moro Mulati;<br \/>\nKarla Oliveira Kian;<br \/>\nLeticia de Matos Lessa;<br \/>\nMar\u00edlia Ferruzzi Costa;<br \/>\nDaniele da Silva F\u00e9bole;<br \/>\nTaiane Alatara de Castro;<\/p>\n<p>&nbsp;<\/p>\n<p>&nbsp;<\/p>\n","protected":false},"excerpt":{"rendered":"<p>O Numape\/UEM \u00e9 um Projeto de Extens\u00e3o financiado pela SETI\/PR, tendo iniciado suas atividades no ano de 2015, no \u00e2mbito do curso de Direito da Universidade Estadual de Maring\u00e1. Desde ent\u00e3o, o N\u00facleo tem como objetivos principais, a orienta\u00e7\u00e3o, atendimento e encaminhamento de mulheres em contextos de viol\u00eancia dom\u00e9stica e familiar, atuando, prioritariamente, na Comarca [&hellip;]<\/p>\n","protected":false},"author":28,"featured_media":0,"parent":198,"menu_order":9,"comment_status":"closed","ping_status":"closed","template":"","meta":{"_exactmetrics_skip_tracking":false,"_exactmetrics_sitenote_active":false,"_exactmetrics_sitenote_note":"","_exactmetrics_sitenote_category":0,"footnotes":"","_links_to":"","_links_to_target":""},"class_list":["post-250","page","type-page","status-publish","hentry"],"_links":{"self":[{"href":"https:\/\/www3.unicentro.br\/midiaememoriasemfronteiras\/wp-json\/wp\/v2\/pages\/250","targetHints":{"allow":["GET"]}}],"collection":[{"href":"https:\/\/www3.unicentro.br\/midiaememoriasemfronteiras\/wp-json\/wp\/v2\/pages"}],"about":[{"href":"https:\/\/www3.unicentro.br\/midiaememoriasemfronteiras\/wp-json\/wp\/v2\/types\/page"}],"author":[{"embeddable":true,"href":"https:\/\/www3.unicentro.br\/midiaememoriasemfronteiras\/wp-json\/wp\/v2\/users\/28"}],"replies":[{"embeddable":true,"href":"https:\/\/www3.unicentro.br\/midiaememoriasemfronteiras\/wp-json\/wp\/v2\/comments?post=250"}],"version-history":[{"count":0,"href":"https:\/\/www3.unicentro.br\/midiaememoriasemfronteiras\/wp-json\/wp\/v2\/pages\/250\/revisions"}],"up":[{"embeddable":true,"href":"https:\/\/www3.unicentro.br\/midiaememoriasemfronteiras\/wp-json\/wp\/v2\/pages\/198"}],"wp:attachment":[{"href":"https:\/\/www3.unicentro.br\/midiaememoriasemfronteiras\/wp-json\/wp\/v2\/media?parent=250"}],"curies":[{"name":"wp","href":"https:\/\/api.w.org\/{rel}","templated":true}]}}