{"id":233,"date":"2017-06-30T15:35:35","date_gmt":"2017-06-30T18:35:35","guid":{"rendered":"https:\/\/www3.unicentro.br\/midiaememoriasemfronteiras\/?page_id=233"},"modified":"2017-08-22T21:56:26","modified_gmt":"2017-08-23T00:56:26","slug":"a-geografia-das-lutas-no-campo-fase-iii","status":"publish","type":"page","link":"https:\/\/www3.unicentro.br\/midiaememoriasemfronteiras\/universidades\/uem\/a-geografia-das-lutas-no-campo-fase-iii\/","title":{"rendered":"A geografia das lutas no campo &#8211; Fase III"},"content":{"rendered":"<p>Este projeto submetido ao USF est\u00e1 em sua terceira fase. Ele tem uma hist\u00f3ria que se inicia em outros projetos desenvolvidos anteriormente neste mesmo Programa. Nos projetos anteriores, trabalhamos, tendo como objetivo primordial a cria\u00e7\u00e3o e a consolida\u00e7\u00e3o entre os camponeses assentados da Reforma Agr\u00e1ria da Rede de Agroecologia do Noroeste do Paran\u00e1. A base que sustenta essa rede tem sido o apoio \u00e0 produ\u00e7\u00e3o do arroz ecol\u00f3gico e o resgate de sementes crioulas entre os camponeses, bem como a cria\u00e7\u00e3o do banco de sementes, como elementos primordiais e bases s\u00f3lidas daquilo que consideramos nosso trabalho em rede. Ressaltamos que nosso recorte geogr\u00e1fico que abrange este projeto de pesquisa\/extens\u00e3o \u00e9 o Noroeste do Paran\u00e1, uma regi\u00e3o marcada pela luta pela terra mediante a\u00e7\u00f5es dos camponeses vinculados ao Movimento dos trabalhadores Rurais Sem Terra e, que resultou em v\u00e1rios assentamentos os quais na atualidade buscam produzir baseado nos preceitos da agroecologia. Ao longo do desenvolvimento dos projetos a equipe tem trabalhado procurando fazer uso de uma metodologia que contem a\u00e7\u00e3o participativa entre pesquisadores e camponeses assentados. Nossa metodologia &#8211; que j\u00e1 \u00e9 uma metodologia consolidada que tem dado resultado \u2013 \u00e9 denominada de \u201cMetodologia Coletiva de A\u00e7\u00f5es Participativas e Trocas de Experi\u00eancias e Saberes\u201d. O resultado que esperamos \u00e9 manter a Rede de Agroecologia, assegurando o banco de semente j\u00e1 conquistado, denominado, SECRIOULAS e, ao mesmo tempo trabalhar para que os camponeses compreendam a import\u00e2ncia de serem os guardi\u00e3es das sementes crioulas, patrim\u00f4nio da cultura, da biodiversidade e da alimenta\u00e7\u00e3o dos povos.<\/p>\n<p><strong>Equipe:<\/strong><\/p>\n<p>Ad\u00e9lia Aparecida de Souza Harancenko (coordenadora);<br \/>\nIsaac Giribet Bernat;<br \/>\nSandra Mara de Oliveira Soares Escher;<br \/>\nEdson Fortunato de Souza;<br \/>\nCharles Gomes da Silva;<br \/>\nAlan Roberto de Oliveira;<br \/>\nCarla Fernanda Russo;<br \/>\nClaudemir Rodrigues Soares;<br \/>\nD\u00e9bora Pereira Molinari;<br \/>\nLuiz Gabriel Baliscei;<\/p>\n","protected":false},"excerpt":{"rendered":"<p>Este projeto submetido ao USF est\u00e1 em sua terceira fase. Ele tem uma hist\u00f3ria que se inicia em outros projetos desenvolvidos anteriormente neste mesmo Programa. Nos projetos anteriores, trabalhamos, tendo como objetivo primordial a cria\u00e7\u00e3o e a consolida\u00e7\u00e3o entre os camponeses assentados da Reforma Agr\u00e1ria da Rede de Agroecologia do Noroeste do Paran\u00e1. A base [&hellip;]<\/p>\n","protected":false},"author":28,"featured_media":0,"parent":198,"menu_order":1,"comment_status":"closed","ping_status":"closed","template":"","meta":{"_exactmetrics_skip_tracking":false,"_exactmetrics_sitenote_active":false,"_exactmetrics_sitenote_note":"","_exactmetrics_sitenote_category":0,"footnotes":"","_links_to":"","_links_to_target":""},"class_list":["post-233","page","type-page","status-publish","hentry"],"_links":{"self":[{"href":"https:\/\/www3.unicentro.br\/midiaememoriasemfronteiras\/wp-json\/wp\/v2\/pages\/233","targetHints":{"allow":["GET"]}}],"collection":[{"href":"https:\/\/www3.unicentro.br\/midiaememoriasemfronteiras\/wp-json\/wp\/v2\/pages"}],"about":[{"href":"https:\/\/www3.unicentro.br\/midiaememoriasemfronteiras\/wp-json\/wp\/v2\/types\/page"}],"author":[{"embeddable":true,"href":"https:\/\/www3.unicentro.br\/midiaememoriasemfronteiras\/wp-json\/wp\/v2\/users\/28"}],"replies":[{"embeddable":true,"href":"https:\/\/www3.unicentro.br\/midiaememoriasemfronteiras\/wp-json\/wp\/v2\/comments?post=233"}],"version-history":[{"count":0,"href":"https:\/\/www3.unicentro.br\/midiaememoriasemfronteiras\/wp-json\/wp\/v2\/pages\/233\/revisions"}],"up":[{"embeddable":true,"href":"https:\/\/www3.unicentro.br\/midiaememoriasemfronteiras\/wp-json\/wp\/v2\/pages\/198"}],"wp:attachment":[{"href":"https:\/\/www3.unicentro.br\/midiaememoriasemfronteiras\/wp-json\/wp\/v2\/media?parent=233"}],"curies":[{"name":"wp","href":"https:\/\/api.w.org\/{rel}","templated":true}]}}