{"id":189,"date":"2017-06-28T16:24:05","date_gmt":"2017-06-28T19:24:05","guid":{"rendered":"https:\/\/www3.unicentro.br\/midiaememoriasemfronteiras\/?page_id=189"},"modified":"2017-09-20T14:54:35","modified_gmt":"2017-09-20T17:54:35","slug":"ola-orquestra-latino-americana","status":"publish","type":"page","link":"https:\/\/www3.unicentro.br\/midiaememoriasemfronteiras\/universidades\/unespar\/ola-orquestra-latino-americana\/","title":{"rendered":"OLA &#8211; Orquestra Latino-Americana"},"content":{"rendered":"<p style=\"text-align: left\"><!--td {border: 1px solid #ccc;}br {mso-data-placement:same-cell;}--><span>A proposta consta da manuten\u00e7\u00e3o de uma orquestra vocal\/instrumental, a Orquestra Latino-Americana da Unespar, para a pesquisa e execu\u00e7\u00e3o de can\u00e7\u00f5es produzidas por compositores latino-americanos, contemplando as suas mais variadas vertentes. A a\u00e7\u00e3o a ser desenvolvida a partir de janeiro de 2017 d\u00e1 continuidade \u00e0 a\u00e7\u00e3o desenvolvida durante os anos de 2014, 2015 e 2016, direcionando as atividades para os munic\u00edpios e comunidades do entorno (microrregi\u00e3o) dos campi de Uni\u00e3o da Vit\u00f3ria e Paranagu\u00e1. O repert\u00f3rio abranger\u00e1 o cancioneiro da Am\u00e9rica Latina visando a democratiza\u00e7\u00e3o desse importante patrim\u00f4nio musical, considerando seu conte\u00fado textual, que dialoga diretamente com quest\u00f5es pol\u00edticas da Am\u00e9rica Latina, ou de seu conte\u00fado musical, sobretudo para os interessados em aspectos r\u00edtmicos do repert\u00f3rio. A Orquestra Latino-Americana da UNESPAR \u2013 OLA tem como fundamento para a sua concep\u00e7\u00e3o o modelo de orquestra concebida e utilizada pelo Maestro Roberto Gnattali no Conservat\u00f3rio de M\u00fasica Popular Brasileira de Curitiba e na Universidade do Estado do Rio de Janeiro. Tal modelo mistura instrumentos tradicionalmente utilizados em orquestra com instrumentos el\u00e9tricos, ditos \u201cpopulares\u201d, como o baixo el\u00e9trico, a guitarra e a bateria. Procura assim uma forma de circula\u00e7\u00e3o entre a cultura erudita e a popular. Na OLA h\u00e1 um aspecto inovador em rela\u00e7\u00e3o ao modelo que \u00e9 o projeto de incluir instrumentos de origem latino-americana, ou amplamente utilizados na cultura musical da Am\u00e9rica Latina, como a zampo\u00f1a, a quena, o tarol., a rabeca, o p\u00edfano, o bombo leguero e tantas outras possibilidades no rol de instrumentos utilizados nos arranjos. A concep\u00e7\u00e3o que anima o projeto tem, ainda, como base e inspira\u00e7\u00e3o a concep\u00e7\u00e3o de cultura de autores dos Estudos Culturais como Raymond Williams e sua \u201ccultura comum\u201d. \u00c9 latente no projeto, tamb\u00e9m, a ideia de g\u00eanero de discurso de Mikhail Bakhtin e os poss\u00edveis di\u00e1logos com a ideia de g\u00eaneros musicais.<\/span><\/p>\n<p><strong>Equipe:<\/strong><\/p>\n<p>Simone do Rocio Cit (coordenadora);<\/p>\n","protected":false},"excerpt":{"rendered":"<p>A proposta consta da manuten\u00e7\u00e3o de uma orquestra vocal\/instrumental, a Orquestra Latino-Americana da Unespar, para a pesquisa e execu\u00e7\u00e3o de can\u00e7\u00f5es produzidas por compositores latino-americanos, contemplando as suas mais variadas vertentes. A a\u00e7\u00e3o a ser desenvolvida a partir de janeiro de 2017 d\u00e1 continuidade \u00e0 a\u00e7\u00e3o desenvolvida durante os anos de 2014, 2015 e 2016, [&hellip;]<\/p>\n","protected":false},"author":28,"featured_media":0,"parent":167,"menu_order":10,"comment_status":"closed","ping_status":"closed","template":"","meta":{"_exactmetrics_skip_tracking":false,"_exactmetrics_sitenote_active":false,"_exactmetrics_sitenote_note":"","_exactmetrics_sitenote_category":0,"footnotes":"","_links_to":"","_links_to_target":""},"class_list":["post-189","page","type-page","status-publish","hentry"],"_links":{"self":[{"href":"https:\/\/www3.unicentro.br\/midiaememoriasemfronteiras\/wp-json\/wp\/v2\/pages\/189","targetHints":{"allow":["GET"]}}],"collection":[{"href":"https:\/\/www3.unicentro.br\/midiaememoriasemfronteiras\/wp-json\/wp\/v2\/pages"}],"about":[{"href":"https:\/\/www3.unicentro.br\/midiaememoriasemfronteiras\/wp-json\/wp\/v2\/types\/page"}],"author":[{"embeddable":true,"href":"https:\/\/www3.unicentro.br\/midiaememoriasemfronteiras\/wp-json\/wp\/v2\/users\/28"}],"replies":[{"embeddable":true,"href":"https:\/\/www3.unicentro.br\/midiaememoriasemfronteiras\/wp-json\/wp\/v2\/comments?post=189"}],"version-history":[{"count":0,"href":"https:\/\/www3.unicentro.br\/midiaememoriasemfronteiras\/wp-json\/wp\/v2\/pages\/189\/revisions"}],"up":[{"embeddable":true,"href":"https:\/\/www3.unicentro.br\/midiaememoriasemfronteiras\/wp-json\/wp\/v2\/pages\/167"}],"wp:attachment":[{"href":"https:\/\/www3.unicentro.br\/midiaememoriasemfronteiras\/wp-json\/wp\/v2\/media?parent=189"}],"curies":[{"name":"wp","href":"https:\/\/api.w.org\/{rel}","templated":true}]}}