{"id":183,"date":"2017-06-28T16:19:08","date_gmt":"2017-06-28T19:19:08","guid":{"rendered":"https:\/\/www3.unicentro.br\/midiaememoriasemfronteiras\/?page_id=183"},"modified":"2017-08-09T14:00:26","modified_gmt":"2017-08-09T17:00:26","slug":"portal-do-futuro-oportunidade-de-qualificacao-ao-jovem-do-campo","status":"publish","type":"page","link":"https:\/\/www3.unicentro.br\/midiaememoriasemfronteiras\/universidades\/unespar\/portal-do-futuro-oportunidade-de-qualificacao-ao-jovem-do-campo\/","title":{"rendered":"Portal do futuro: oportunidade de qualifica\u00e7\u00e3o ao jovem do campo"},"content":{"rendered":"<p>Criar um ambiente online com o desenvolvimento de um portal de conte\u00fado ofertando cursos gratuito para a forma\u00e7\u00e3o de jovens envolvidos direta ou indiretamente com propriedades rurais no paran\u00e1. O projeto visa contribuir e a profissionaliza\u00e7\u00e3o das pessoas do meio rural no paran\u00e1 e tamb\u00e9m dos alunos de col\u00e9gios, ou escolas agr\u00edcolas do paran\u00e1. O uso de cursos online amplia o acesso ao conhecimento e abre oportunidades para o aumento da produtividade da renda e da qualidade de vida das pessoas do campo Direcionado alunos do ensino m\u00e9dio.<\/p>\n<p><strong>Equipe:<\/strong><\/p>\n<p>Pedro Alexandre Gomes (coordenador);<\/p>\n","protected":false},"excerpt":{"rendered":"<p>Criar um ambiente online com o desenvolvimento de um portal de conte\u00fado ofertando cursos gratuito para a forma\u00e7\u00e3o de jovens envolvidos direta ou indiretamente com propriedades rurais no paran\u00e1. O projeto visa contribuir e a profissionaliza\u00e7\u00e3o das pessoas do meio rural no paran\u00e1 e tamb\u00e9m dos alunos de col\u00e9gios, ou escolas agr\u00edcolas do paran\u00e1. O [&hellip;]<\/p>\n","protected":false},"author":28,"featured_media":0,"parent":167,"menu_order":7,"comment_status":"closed","ping_status":"closed","template":"","meta":{"_exactmetrics_skip_tracking":false,"_exactmetrics_sitenote_active":false,"_exactmetrics_sitenote_note":"","_exactmetrics_sitenote_category":0,"footnotes":"","_links_to":"","_links_to_target":""},"class_list":["post-183","page","type-page","status-publish","hentry"],"_links":{"self":[{"href":"https:\/\/www3.unicentro.br\/midiaememoriasemfronteiras\/wp-json\/wp\/v2\/pages\/183","targetHints":{"allow":["GET"]}}],"collection":[{"href":"https:\/\/www3.unicentro.br\/midiaememoriasemfronteiras\/wp-json\/wp\/v2\/pages"}],"about":[{"href":"https:\/\/www3.unicentro.br\/midiaememoriasemfronteiras\/wp-json\/wp\/v2\/types\/page"}],"author":[{"embeddable":true,"href":"https:\/\/www3.unicentro.br\/midiaememoriasemfronteiras\/wp-json\/wp\/v2\/users\/28"}],"replies":[{"embeddable":true,"href":"https:\/\/www3.unicentro.br\/midiaememoriasemfronteiras\/wp-json\/wp\/v2\/comments?post=183"}],"version-history":[{"count":0,"href":"https:\/\/www3.unicentro.br\/midiaememoriasemfronteiras\/wp-json\/wp\/v2\/pages\/183\/revisions"}],"up":[{"embeddable":true,"href":"https:\/\/www3.unicentro.br\/midiaememoriasemfronteiras\/wp-json\/wp\/v2\/pages\/167"}],"wp:attachment":[{"href":"https:\/\/www3.unicentro.br\/midiaememoriasemfronteiras\/wp-json\/wp\/v2\/media?parent=183"}],"curies":[{"name":"wp","href":"https:\/\/api.w.org\/{rel}","templated":true}]}}