{"id":126,"date":"2017-06-28T11:30:59","date_gmt":"2017-06-28T14:30:59","guid":{"rendered":"https:\/\/www3.unicentro.br\/midiaememoriasemfronteiras\/?page_id=126"},"modified":"2017-06-28T11:30:59","modified_gmt":"2017-06-28T14:30:59","slug":"comercio-justo-circuitos-curtos-de-comercializacao-de-produtos-organicos-da-agricultura-familiar","status":"publish","type":"page","link":"https:\/\/www3.unicentro.br\/midiaememoriasemfronteiras\/universidades\/uepg\/comercio-justo-circuitos-curtos-de-comercializacao-de-produtos-organicos-da-agricultura-familiar\/","title":{"rendered":"Com\u00e9rcio-justo: circuitos curtos de comercializa\u00e7\u00e3o de produtos org\u00e2nicos da agricultura familiar"},"content":{"rendered":"<p><strong>Equipe:<\/strong><\/p>\n<p>Pedro Henrique Weirich Neto (coordenador);<\/p>\n","protected":false},"excerpt":{"rendered":"<p>Equipe: Pedro Henrique Weirich Neto (coordenador);<\/p>\n","protected":false},"author":28,"featured_media":0,"parent":108,"menu_order":8,"comment_status":"closed","ping_status":"closed","template":"","meta":{"_exactmetrics_skip_tracking":false,"_exactmetrics_sitenote_active":false,"_exactmetrics_sitenote_note":"","_exactmetrics_sitenote_category":0,"footnotes":"","_links_to":"","_links_to_target":""},"class_list":["post-126","page","type-page","status-publish","hentry"],"_links":{"self":[{"href":"https:\/\/www3.unicentro.br\/midiaememoriasemfronteiras\/wp-json\/wp\/v2\/pages\/126","targetHints":{"allow":["GET"]}}],"collection":[{"href":"https:\/\/www3.unicentro.br\/midiaememoriasemfronteiras\/wp-json\/wp\/v2\/pages"}],"about":[{"href":"https:\/\/www3.unicentro.br\/midiaememoriasemfronteiras\/wp-json\/wp\/v2\/types\/page"}],"author":[{"embeddable":true,"href":"https:\/\/www3.unicentro.br\/midiaememoriasemfronteiras\/wp-json\/wp\/v2\/users\/28"}],"replies":[{"embeddable":true,"href":"https:\/\/www3.unicentro.br\/midiaememoriasemfronteiras\/wp-json\/wp\/v2\/comments?post=126"}],"version-history":[{"count":0,"href":"https:\/\/www3.unicentro.br\/midiaememoriasemfronteiras\/wp-json\/wp\/v2\/pages\/126\/revisions"}],"up":[{"embeddable":true,"href":"https:\/\/www3.unicentro.br\/midiaememoriasemfronteiras\/wp-json\/wp\/v2\/pages\/108"}],"wp:attachment":[{"href":"https:\/\/www3.unicentro.br\/midiaememoriasemfronteiras\/wp-json\/wp\/v2\/media?parent=126"}],"curies":[{"name":"wp","href":"https:\/\/api.w.org\/{rel}","templated":true}]}}