{"id":122,"date":"2017-06-28T11:25:11","date_gmt":"2017-06-28T14:25:11","guid":{"rendered":"https:\/\/www3.unicentro.br\/midiaememoriasemfronteiras\/?page_id=122"},"modified":"2017-08-22T21:46:23","modified_gmt":"2017-08-23T00:46:23","slug":"internacionalizacao-cidadania-e-direitos-humanos","status":"publish","type":"page","link":"https:\/\/www3.unicentro.br\/midiaememoriasemfronteiras\/universidades\/uepg\/internacionalizacao-cidadania-e-direitos-humanos\/","title":{"rendered":"Internacionaliza\u00e7\u00e3o, cidadania e direitos humanos"},"content":{"rendered":"<p>O Projeto de Extens\u00e3o Internacionaliza\u00e7\u00e3o, Cidadania e Direitos Humanos: do Interc\u00e2mbio \u00e0s Migra\u00e7\u00f5es Internacionais Contempor\u00e2neas (InterMig), anteriormente denominado Vivendo o Interc\u00e2mbio: a UEPG apoia voc\u00ea, teve in\u00edcio em 2012, atrav\u00e9s da mobiliza\u00e7\u00e3o de docentes do departamento de Servi\u00e7o Social. Hoje, o projeto conta com uma equipe interdisciplinar a fim de acolher e atender os acad\u00eamicos internacionais da UEPG. Al\u00e9m dessa atividade, a equipe desenvolve pesquisas e a\u00e7\u00f5es referentes ao direito de migrar buscando levar a comunidade de migrantes de Ponta Grossa \u00e0 dimens\u00e3o de cidadania global.<\/p>\n<p><strong>Equipe:<\/strong><\/p>\n<p>Luiza Bittencourt Krainski (coordenadora);<br \/>\nJos\u00e9 Roberto de Vasconcelos Galdino;<br \/>\nKrishna De Campos;<br \/>\nBarbara Kostrzewycz Pereira;<br \/>\nMar\u00edlia Ribeiro Torossian;<br \/>\nMurillo Henrique Lima da Costa;<br \/>\nSusana Maria Bartmeyer;<\/p>\n","protected":false},"excerpt":{"rendered":"<p>O Projeto de Extens\u00e3o Internacionaliza\u00e7\u00e3o, Cidadania e Direitos Humanos: do Interc\u00e2mbio \u00e0s Migra\u00e7\u00f5es Internacionais Contempor\u00e2neas (InterMig), anteriormente denominado Vivendo o Interc\u00e2mbio: a UEPG apoia voc\u00ea, teve in\u00edcio em 2012, atrav\u00e9s da mobiliza\u00e7\u00e3o de docentes do departamento de Servi\u00e7o Social. Hoje, o projeto conta com uma equipe interdisciplinar a fim de acolher e atender os acad\u00eamicos [&hellip;]<\/p>\n","protected":false},"author":28,"featured_media":0,"parent":108,"menu_order":6,"comment_status":"closed","ping_status":"closed","template":"","meta":{"_exactmetrics_skip_tracking":false,"_exactmetrics_sitenote_active":false,"_exactmetrics_sitenote_note":"","_exactmetrics_sitenote_category":0,"footnotes":"","_links_to":"","_links_to_target":""},"class_list":["post-122","page","type-page","status-publish","hentry"],"_links":{"self":[{"href":"https:\/\/www3.unicentro.br\/midiaememoriasemfronteiras\/wp-json\/wp\/v2\/pages\/122","targetHints":{"allow":["GET"]}}],"collection":[{"href":"https:\/\/www3.unicentro.br\/midiaememoriasemfronteiras\/wp-json\/wp\/v2\/pages"}],"about":[{"href":"https:\/\/www3.unicentro.br\/midiaememoriasemfronteiras\/wp-json\/wp\/v2\/types\/page"}],"author":[{"embeddable":true,"href":"https:\/\/www3.unicentro.br\/midiaememoriasemfronteiras\/wp-json\/wp\/v2\/users\/28"}],"replies":[{"embeddable":true,"href":"https:\/\/www3.unicentro.br\/midiaememoriasemfronteiras\/wp-json\/wp\/v2\/comments?post=122"}],"version-history":[{"count":0,"href":"https:\/\/www3.unicentro.br\/midiaememoriasemfronteiras\/wp-json\/wp\/v2\/pages\/122\/revisions"}],"up":[{"embeddable":true,"href":"https:\/\/www3.unicentro.br\/midiaememoriasemfronteiras\/wp-json\/wp\/v2\/pages\/108"}],"wp:attachment":[{"href":"https:\/\/www3.unicentro.br\/midiaememoriasemfronteiras\/wp-json\/wp\/v2\/media?parent=122"}],"curies":[{"name":"wp","href":"https:\/\/api.w.org\/{rel}","templated":true}]}}