{"id":77,"date":"2024-04-17T13:35:04","date_gmt":"2024-04-17T16:35:04","guid":{"rendered":"https:\/\/www3.unicentro.br\/projetoblocoq\/?page_id=77"},"modified":"2024-07-24T13:42:02","modified_gmt":"2024-07-24T16:42:02","slug":"politica-de-privacidade-e-protecao-de-dados","status":"publish","type":"page","link":"https:\/\/www3.unicentro.br\/lgpd\/politica-de-privacidade-e-protecao-de-dados\/","title":{"rendered":"Pol\u00edtica de Privacidade e Prote\u00e7\u00e3o de Dados"},"content":{"rendered":"<p>A <strong>Pol\u00edtica de Privacidade e Prote\u00e7\u00e3o de Dados Pessoais, PPPDP<\/strong>, estabelece princ\u00edpios, normas, diretrizes e responsabilidades que regulam o tratamento de dados pessoais, no \u00e2mbito da Universidade Estadual do Centro-Oeste, Unicentro, visando \u00e0 obten\u00e7\u00e3o de conformidade ao previsto na Lei Federal n\u00ba 13.709\/2018 , nos Decretos Estaduais n\u00ba 6.474\/2020 e Decreto n\u00ba 9.185\/2021.<\/p>\n<ul>\n<li><strong><a href=\"https:\/\/sgu.unicentro.br\/pcatooficiais\/imprimir\/C4E804FD\">Pol\u00edtica de Privacidade e Prote\u00e7\u00e3o de dados, aprovada pelo CAD\/Unicentro<\/a><\/strong><\/li>\n<\/ul>\n","protected":false},"excerpt":{"rendered":"<p>A Pol\u00edtica de Privacidade e Prote\u00e7\u00e3o de Dados Pessoais, PPPDP, estabelece princ\u00edpios, normas, diretrizes e responsabilidades que regulam o tratamento de dados pessoais, no \u00e2mbito da Universidade Estadual do Centro-Oeste, Unicentro, visando \u00e0 obten\u00e7\u00e3o de conformidade ao previsto na Lei Federal n\u00ba 13.709\/2018 , nos Decretos Estaduais n\u00ba 6.474\/2020 e Decreto n\u00ba 9.185\/2021. Pol\u00edtica de [&hellip;]<\/p>\n","protected":false},"author":6,"featured_media":0,"parent":0,"menu_order":0,"comment_status":"closed","ping_status":"closed","template":"","meta":{"_exactmetrics_skip_tracking":false,"_exactmetrics_sitenote_active":false,"_exactmetrics_sitenote_note":"","_exactmetrics_sitenote_category":0,"footnotes":"","_links_to":"","_links_to_target":""},"class_list":["post-77","page","type-page","status-publish","hentry"],"_links":{"self":[{"href":"https:\/\/www3.unicentro.br\/lgpd\/wp-json\/wp\/v2\/pages\/77","targetHints":{"allow":["GET"]}}],"collection":[{"href":"https:\/\/www3.unicentro.br\/lgpd\/wp-json\/wp\/v2\/pages"}],"about":[{"href":"https:\/\/www3.unicentro.br\/lgpd\/wp-json\/wp\/v2\/types\/page"}],"author":[{"embeddable":true,"href":"https:\/\/www3.unicentro.br\/lgpd\/wp-json\/wp\/v2\/users\/6"}],"replies":[{"embeddable":true,"href":"https:\/\/www3.unicentro.br\/lgpd\/wp-json\/wp\/v2\/comments?post=77"}],"version-history":[{"count":2,"href":"https:\/\/www3.unicentro.br\/lgpd\/wp-json\/wp\/v2\/pages\/77\/revisions"}],"predecessor-version":[{"id":193,"href":"https:\/\/www3.unicentro.br\/lgpd\/wp-json\/wp\/v2\/pages\/77\/revisions\/193"}],"wp:attachment":[{"href":"https:\/\/www3.unicentro.br\/lgpd\/wp-json\/wp\/v2\/media?parent=77"}],"curies":[{"name":"wp","href":"https:\/\/api.w.org\/{rel}","templated":true}]}}