{"id":23,"date":"2020-11-11T16:13:17","date_gmt":"2020-11-11T19:13:17","guid":{"rendered":"https:\/\/www3.unicentro.br\/lepur\/?page_id=23"},"modified":"2020-11-11T16:13:17","modified_gmt":"2020-11-11T19:13:17","slug":"apresentacao","status":"publish","type":"page","link":"https:\/\/www3.unicentro.br\/lepur\/apresentacao\/","title":{"rendered":"Apresenta\u00e7\u00e3o"},"content":{"rendered":"<p>O Laborat\u00f3rio Estudos Pol\u00edticos e An\u00e1lises Urbano-Regionais\/LEPUR, localizado no Bloco do Departamento de Geografia\/Cedeteg (32 m\u00b2), tem por objetivo proporcionar espa\u00e7o para o desenvolvimento de pesquisas vinculadas aos estudos das pol\u00edticas p\u00fablicas voltadas ao urbano e de planejamento urbano (institucionais, em parceria e com financiamento externo), orienta\u00e7\u00e3o de pesquisa, atividades de Ensino e de Extens\u00e3o\u00a0 com participa\u00e7\u00e3o de acad\u00eamicos de gradua\u00e7\u00e3o, Inicia\u00e7\u00e3o Cient\u00edfica, p\u00f3s-gradua\u00e7\u00e3o (bolsistas e n\u00e3o bolsistas). Atende ao Programa de P\u00f3s-gradua\u00e7\u00e3o em Geografia, Linha 2 &#8211; Din\u00e2mica dos espa\u00e7os rurais e urbanos.<\/p>\n<p>Desenvolvemos projetos para a\u00e7\u00f5es que atendem os Objetivos de Desenvolvimento Sustent\u00e1vel (ODS\/ONU), contidos na Agenda 2030 da ONU, acerca do desenvolvimento sustent\u00e1vel e para qualidade de vida, contempla cidades inteligentes e sustent\u00e1veis, inclus\u00e3o, tecnologia, mobilidade e visa a melhoria de qualidade de vida, por meio das influ\u00eancias no espa\u00e7o urbano, na elabora\u00e7\u00e3o e aplica\u00e7\u00e3o de solu\u00e7\u00f5es pol\u00edticas, ambientais, econ\u00f4micas, sociais e tecnol\u00f3gicas.<\/p>\n<p>Nas instala\u00e7\u00f5es do Laborat\u00f3rio ocorrem reuni\u00f5es do Grupo de Pesquisa em Estudos Pol\u00edticos e An\u00e1lise Urbano-Regional (GEPEUR). \u00c9 um espa\u00e7o de conviv\u00eancia para\u00a0 docentes e discentes de gradua\u00e7\u00e3o e p\u00f3s-gradua\u00e7\u00e3o, onde executam atividades de pesquisa e apoio t\u00e9cnico, supervisionam a utiliza\u00e7\u00e3o de materiais, instrumentos e equipamentos, auxiliam na organiza\u00e7\u00e3o de arquivos, envio e recebimento de documentos, elabora\u00e7\u00e3o de trabalhos de campo e relat\u00f3rios.<\/p>\n<p>No conjunto das atividades do Grupo de Pesquisa em Estudos Pol\u00edticos e An\u00e1lise Urbano-Regional (GEPEUR), realizamos visitas t\u00e9cnicas, trabalhos de campo, cursos de capacita\u00e7\u00e3o, palestras, col\u00f3quios pegag\u00f3gicos, produtos e processos.<\/p>\n<p>Temos parceria e coopera\u00e7\u00e3o institucional com o Grupo de Estudos Urbanos \u2013 Universidade Estadual de Maring\u00e1\/PR e Instituto Federal do Paran\u00e1, <em>campus<\/em> Astorga;PR\u2013 projeto \u201cA esfinge: olhares e pr\u00e1ticas multirreferenciais e interdisciplinares em educa\u00e7\u00e3o\u201d e coopera\u00e7\u00e3o com a Ag\u00eancia de Inova\u00e7\u00e3o Tecnol\u00f3gica da Unicentro-NOVATEC.<strong>\u00a0<\/strong><\/p>\n<p>Os objetivos das parcerias e das coopera\u00e7\u00f5es \u00e9 desenvolver pesquisa b\u00e1sica e aplicada, levantamento e an\u00e1lise de dados, debates tem\u00e1ticos e temas urbanos, trabalhos de campo, relat\u00f3rios t\u00e9cnicos, entre outras atividades que envolvem m\u00e9dias e pequenas cidades.<\/p>\n","protected":false},"excerpt":{"rendered":"<p>O Laborat\u00f3rio Estudos Pol\u00edticos e An\u00e1lises Urbano-Regionais\/LEPUR, localizado no Bloco do Departamento de Geografia\/Cedeteg (32 m\u00b2), tem por objetivo proporcionar espa\u00e7o para o desenvolvimento de pesquisas vinculadas aos estudos das pol\u00edticas p\u00fablicas voltadas ao urbano e de planejamento urbano (institucionais, em parceria e com financiamento externo), orienta\u00e7\u00e3o de pesquisa, atividades de Ensino e de Extens\u00e3o\u00a0 [&hellip;]<\/p>\n","protected":false},"author":3,"featured_media":0,"parent":0,"menu_order":0,"comment_status":"closed","ping_status":"closed","template":"","meta":{"_exactmetrics_skip_tracking":false,"_exactmetrics_sitenote_active":false,"_exactmetrics_sitenote_note":"","_exactmetrics_sitenote_category":0,"footnotes":"","_links_to":"","_links_to_target":""},"class_list":["post-23","page","type-page","status-publish","hentry"],"_links":{"self":[{"href":"https:\/\/www3.unicentro.br\/lepur\/wp-json\/wp\/v2\/pages\/23","targetHints":{"allow":["GET"]}}],"collection":[{"href":"https:\/\/www3.unicentro.br\/lepur\/wp-json\/wp\/v2\/pages"}],"about":[{"href":"https:\/\/www3.unicentro.br\/lepur\/wp-json\/wp\/v2\/types\/page"}],"author":[{"embeddable":true,"href":"https:\/\/www3.unicentro.br\/lepur\/wp-json\/wp\/v2\/users\/3"}],"replies":[{"embeddable":true,"href":"https:\/\/www3.unicentro.br\/lepur\/wp-json\/wp\/v2\/comments?post=23"}],"version-history":[{"count":0,"href":"https:\/\/www3.unicentro.br\/lepur\/wp-json\/wp\/v2\/pages\/23\/revisions"}],"wp:attachment":[{"href":"https:\/\/www3.unicentro.br\/lepur\/wp-json\/wp\/v2\/media?parent=23"}],"curies":[{"name":"wp","href":"https:\/\/api.w.org\/{rel}","templated":true}]}}