{"id":29,"date":"2014-06-27T00:00:00","date_gmt":"2014-06-27T03:00:00","guid":{"rendered":"https:\/\/www3.unicentro.br\/labhidro\/home\/"},"modified":"2026-04-02T11:19:12","modified_gmt":"2026-04-02T14:19:12","slug":"home","status":"publish","type":"page","link":"https:\/\/www3.unicentro.br\/labhidro\/en\/home\/","title":{"rendered":"Home"},"content":{"rendered":"<div class=\"wpb-content-wrapper\"><p>[vc_row][vc_column][vc_column_text css=&#8221;&#8221;]<\/p>\n<p style=\"text-align: right\"><div class=\"post-views content-post post-29 entry-meta load-static\">\r\n\t\t\t\t<span class=\"post-views-icon dashicons dashicons-chart-bar\"><\/span> <span class=\"post-views-label\">Visualiza\u00e7\u00f5es da p\u00e1gina:<\/span> <span class=\"post-views-count\">704<\/span>\r\n\t\t\t<\/div>\n<p>[\/vc_column_text][\/vc_column][\/vc_row][vc_row][vc_column width=&#8221;2\/3&#8243;][vc_custom_heading text=&#8221;&#8221; font_container=&#8221;tag:h1|text_align:left&#8221; use_theme_fonts=&#8221;yes&#8221;][vc_column_text css_animation=&#8221;fadeIn&#8221; css=&#8221;&#8221;]<\/p>\n<p style=\"text-align: center\"><span style=\"font-size: 18pt\"><strong>Welcome to the Hydrology Laboratory &#8211; LabHidro!<\/strong><\/span><\/p>\n<p><span class=\"jCAhz ChMk0b\"><span class=\"ryNqvb\">The Hydrology Laboratory is intended to support hydrological studies, monitoring hydrological variables (rain, runoff, interception, infiltration and evapotranspiration) and sedimentological variables (water erosion and sediment transport) and environmental modeling of hydrogeomorphological processes.<\/span><\/span><\/p>\n<p><span class=\"jCAhz ChMk0b\"><span class=\"ryNqvb\">The main objective is to understand the interactions between hydrological, geomorphological and biological processes in watersheds.<\/span><\/span><\/p>\n<p><span class=\"jCAhz ChMk0b\"><span class=\"ryNqvb\">Area of expertise: Environmental Analysis and Management, &#8216;Natural&#8217; Disasters, Surface Hydrology, Hydrosedimentology and Hydrogeomorphology.<\/span><\/span>[\/vc_column_text][\/vc_column][vc_column width=&#8221;1\/3&#8243;][vc_row_inner][vc_column_inner][vc_custom_heading text=&#8221;Real-time data&#8221; font_container=&#8221;tag:h4|text_align:center&#8221; use_theme_fonts=&#8221;yes&#8221; css_animation=&#8221;fadeIn&#8221;][vc_single_image image=&#8221;559&#8243; img_size=&#8221;full&#8221; alignment=&#8221;right&#8221; style=&#8221;vc_box_outline_circle_2&#8243; onclick=&#8221;custom_link&#8221; img_link_target=&#8221;_blank&#8221; css_animation=&#8221;fadeIn&#8221; css=&#8221;&#8221; link=&#8221;https:\/\/www.wunderground.com\/dashboard\/pws\/IGUARA89&#8243;][\/vc_column_inner][\/vc_row_inner][vc_separator][\/vc_column][\/vc_row][vc_row][vc_column][vc_separator][\/vc_column][\/vc_row][vc_row][vc_column][vc_custom_heading text=&#8221;Highlight&#8221; font_container=&#8221;tag:h1|font_size:35|text_align:left|color:%231E73BE&#8221; use_theme_fonts=&#8221;yes&#8221; css_animation=&#8221;fadeIn&#8221; css=&#8221;&#8221;][vc_column_text css=&#8221;&#8221;][\/vc_column_text][vc_column_text css=&#8221;&#8221;][\/vc_column_text][\/vc_column][\/vc_row][vc_row][vc_column width=&#8221;1\/3&#8243;][vc_custom_heading text=&#8221;\ud83e\udd1d International Academic Partnership&#8221; font_container=&#8221;tag:h3|text_align:left&#8221; use_theme_fonts=&#8221;yes&#8221; css_animation=&#8221;fadeIn&#8221; css=&#8221;&#8221;][vc_column_text css_animation=&#8221;fadeIn&#8221; css=&#8221;&#8221;]New scientific publication from LabHidro contributes to the understanding of hydrosedimentary processes at river confluences.[\/vc_column_text][vc_single_image image=&#8221;1457&#8243; img_size=&#8221;large&#8221; css_animation=&#8221;fadeIn&#8221; css=&#8221;&#8221;][vc_btn title=&#8221;Read more&#8221; style=&#8221;flat&#8221; shape=&#8221;round&#8221; color=&#8221;peacoc&#8221; css_animation=&#8221;fadeIn&#8221; css=&#8221;&#8221; link=&#8221;url:https%3A%2F%2Fwww.sciencedirect.com%2Fscience%2Farticle%2Fpii%2FS0169555X26001509%3Fvia%253Dihub|target:_blank&#8221;][\/vc_column][vc_column width=&#8221;1\/3&#8243;][vc_custom_heading text=&#8221;\ud83e\udd1d International Academic Partnership&#8221; font_container=&#8221;tag:h3|text_align:left&#8221; use_theme_fonts=&#8221;yes&#8221; css_animation=&#8221;fadeIn&#8221; css=&#8221;&#8221;][vc_column_text css_animation=&#8221;fadeIn&#8221; css=&#8221;&#8221;]Article published in the journal <em data-start=\"33\" data-end=\"64\">Earth Systems and Environment<\/em>:\u00a0 <em data-start=\"68\" data-end=\"180\">\u201cBeyond Intensity: How Rainfall Accumulation Patterns Drive Flood Disaster Characteristics in Southern Brazil\u201d<\/em>, resulting from a scientific collaboration between LabHidro and the University of Torino.[\/vc_column_text][vc_single_image image=&#8221;1449&#8243; img_size=&#8221;large&#8221; css_animation=&#8221;fadeIn&#8221; css=&#8221;&#8221;][vc_btn title=&#8221;Read more&#8221; style=&#8221;flat&#8221; shape=&#8221;round&#8221; color=&#8221;peacoc&#8221; css_animation=&#8221;fadeIn&#8221; css=&#8221;&#8221; link=&#8221;url:https%3A%2F%2Flink.springer.com%2Fepdf%2F10.1007%2Fs41748-026-01111-9%3Fsharing_token%3DRXaBJdIDXLg59FRfus9_hPe4RwlQNchNByi7wbcMAY4Plt568ToDK0MYoi84nESR2_usqqySOfL1cgIAD5Uhj7AvyIwh8eIteC9LpHHct0zgx0rtF4265nQBJtmdUYflTvxkAo6H7ZXeR9-yQgscSmdVm89mngg1VLE3gidG3Fo%253D|target:_blank&#8221;][\/vc_column][vc_column width=&#8221;1\/3&#8243;][vc_custom_heading text=&#8221;\ud83d\udca7 Academic Roundtable&#8221; font_container=&#8221;tag:h3|text_align:left&#8221; use_theme_fonts=&#8221;yes&#8221; css_animation=&#8221;fadeIn&#8221; css=&#8221;&#8221;][vc_column_text css_animation=&#8221;fadeIn&#8221; css=&#8221;&#8221;]Featuring a presentation by Prof. Leandro Redin Vestena: <em data-start=\"617\" data-end=\"737\">\u201cWater 2075: Management Strategies between the Reality of Extremes, Hydrobiological Balance, and Climate Uncertainty.\u201d<\/em>[\/vc_column_text][vc_single_image image=&#8221;1451&#8243; img_size=&#8221;large&#8221; css_animation=&#8221;fadeIn&#8221; css=&#8221;&#8221;][vc_btn title=&#8221;Read more&#8221; style=&#8221;flat&#8221; shape=&#8221;round&#8221; color=&#8221;peacoc&#8221; css_animation=&#8221;fadeIn&#8221; css=&#8221;&#8221; link=&#8221;url:https%3A%2F%2Fdocs.google.com%2Fforms%2Fd%2Fe%2F1FAIpQLSdr0UaWhWJ_tbbAO6mBJ5RzeHew-ejTeEmUEq6wTWP_kne_pw%2Fviewform|target:_blank&#8221;][\/vc_column][\/vc_row][vc_row][vc_column width=&#8221;1\/3&#8243;][vc_custom_heading text=&#8221;\ud83c\udf93 Congratulations!&#8221; font_container=&#8221;tag:h3|text_align:left&#8221; use_theme_fonts=&#8221;yes&#8221; css_animation=&#8221;fadeIn&#8221; css=&#8221;&#8221;][vc_column_text css_animation=&#8221;fadeIn&#8221; css=&#8221;&#8221;]The LabHidro congratulates our colleague Ezequias Rodrigues dos Santos on the defense of his doctoral dissertation entitled <em data-start=\"128\" data-end=\"235\">\u201cInfluence of epiphytes on stemflow and nutrient cycling in mixed ombrophilous forest in Southern Brazil\u201d<\/em>[\/vc_column_text][vc_single_image image=&#8221;1384&#8243; img_size=&#8221;large&#8221; css_animation=&#8221;fadeIn&#8221; css=&#8221;&#8221;][vc_btn title=&#8221;Read more&#8221; style=&#8221;flat&#8221; shape=&#8221;round&#8221; color=&#8221;peacoc&#8221; css_animation=&#8221;fadeIn&#8221; css=&#8221;&#8221; link=&#8221;target:_blank&#8221;][\/vc_column][vc_column width=&#8221;1\/3&#8243;][vc_custom_heading text=&#8221;\ud83c\udfc6 Highlight at LabHidro!&#8221; font_container=&#8221;tag:h3|text_align:left&#8221; use_theme_fonts=&#8221;yes&#8221; css_animation=&#8221;fadeIn&#8221; css=&#8221;&#8221;][vc_column_text css_animation=&#8221;fadeIn&#8221; css=&#8221;&#8221;]We congratulate Dr. Alessandro Kominecki on his nomination for the ANPEGE Best Thesis Award in Physical Geography for his work <em data-start=\"127\" data-end=\"218\" data-is-last-node=\"\">\u201cBed Sediments and Morphology of Rocky River Confluences with Different Junction Angles.\u201d<\/em>[\/vc_column_text][vc_single_image image=&#8221;1386&#8243; img_size=&#8221;large&#8221; css_animation=&#8221;fadeIn&#8221; css=&#8221;&#8221;][vc_btn title=&#8221;Read more&#8221; style=&#8221;flat&#8221; shape=&#8221;round&#8221; color=&#8221;peacoc&#8221; css_animation=&#8221;fadeIn&#8221; css=&#8221;&#8221; link=&#8221;url:https%3A%2F%2Fwww.instagram.com%2Fp%2FDIjgxxExbKY%2F%3Futm_source%3Dig_web_copy_link%26igsh%3DMzRlODBiNWFlZA%253D%253D|target:_blank&#8221;][\/vc_column][vc_column width=&#8221;1\/3&#8243;][vc_custom_heading text=&#8221;\ud83d\udcf0 New Publications at LabHidro!&#8221; font_container=&#8221;tag:h3|text_align:left&#8221; use_theme_fonts=&#8221;yes&#8221; css_animation=&#8221;fadeIn&#8221; css=&#8221;&#8221;][vc_column_text css_animation=&#8221;fadeIn&#8221; css=&#8221;&#8221;]Check out LabHidro&#8217;s new publications under the &#8220;publications&#8221; tab, or click &#8220;Read more&#8221;![\/vc_column_text][vc_single_image image=&#8221;1359&#8243; img_size=&#8221;large&#8221; css_animation=&#8221;fadeIn&#8221; css=&#8221;&#8221;][vc_btn title=&#8221;Read more&#8221; style=&#8221;flat&#8221; shape=&#8221;round&#8221; color=&#8221;peacoc&#8221; css_animation=&#8221;fadeIn&#8221; css=&#8221;&#8221; link=&#8221;url:https%3A%2F%2Fwww3.unicentro.br%2Flabhidro%2Fpublicacoes%2F|target:_blank&#8221;][\/vc_column][\/vc_row][vc_row][vc_column][vc_separator][\/vc_column][\/vc_row][vc_row][vc_column width=&#8221;1\/2&#8243;][vc_gallery interval=&#8221;5&#8243; images=&#8221;187,334,601,1325&#8243; img_size=&#8221;full&#8221; css_animation=&#8221;fadeIn&#8221; css=&#8221;&#8221;][\/vc_column][vc_column width=&#8221;1\/2&#8243;][vc_gallery interval=&#8221;5&#8243; images=&#8221;556,198,246,1324&#8243; img_size=&#8221;full&#8221; css_animation=&#8221;fadeIn&#8221; css=&#8221;&#8221;][\/vc_column][\/vc_row]<\/p>\n<\/div>","protected":false},"excerpt":{"rendered":"<p>[vc_row][vc_column][vc_column_text css=&#8221;&#8221;] [\/vc_column_text][\/vc_column][\/vc_row][vc_row][vc_column width=&#8221;2\/3&#8243;][vc_custom_heading text=&#8221;&#8221; font_container=&#8221;tag:h1|text_align:left&#8221; use_theme_fonts=&#8221;yes&#8221;][vc_column_text css_animation=&#8221;fadeIn&#8221; css=&#8221;&#8221;] Welcome to the Hydrology Laboratory &#8211; LabHidro! The Hydrology Laboratory is intended to support hydrological studies, monitoring hydrological variables (rain, runoff, interception, infiltration and evapotranspiration) and sedimentological variables (water erosion and sediment transport) and environmental modeling of hydrogeomorphological processes. The main objective is to understand the [&hellip;]<\/p>\n","protected":false},"author":3,"featured_media":0,"parent":0,"menu_order":0,"comment_status":"closed","ping_status":"closed","template":"page-templates\/front-page.php","meta":{"_exactmetrics_skip_tracking":false,"_exactmetrics_sitenote_active":false,"_exactmetrics_sitenote_note":"","_exactmetrics_sitenote_category":0,"footnotes":"","_links_to":"","_links_to_target":""},"class_list":["post-29","page","type-page","status-publish","hentry"],"_links":{"self":[{"href":"https:\/\/www3.unicentro.br\/labhidro\/wp-json\/wp\/v2\/pages\/29","targetHints":{"allow":["GET"]}}],"collection":[{"href":"https:\/\/www3.unicentro.br\/labhidro\/wp-json\/wp\/v2\/pages"}],"about":[{"href":"https:\/\/www3.unicentro.br\/labhidro\/wp-json\/wp\/v2\/types\/page"}],"author":[{"embeddable":true,"href":"https:\/\/www3.unicentro.br\/labhidro\/wp-json\/wp\/v2\/users\/3"}],"replies":[{"embeddable":true,"href":"https:\/\/www3.unicentro.br\/labhidro\/wp-json\/wp\/v2\/comments?post=29"}],"version-history":[{"count":3,"href":"https:\/\/www3.unicentro.br\/labhidro\/wp-json\/wp\/v2\/pages\/29\/revisions"}],"predecessor-version":[{"id":1458,"href":"https:\/\/www3.unicentro.br\/labhidro\/wp-json\/wp\/v2\/pages\/29\/revisions\/1458"}],"wp:attachment":[{"href":"https:\/\/www3.unicentro.br\/labhidro\/wp-json\/wp\/v2\/media?parent=29"}],"curies":[{"name":"wp","href":"https:\/\/api.w.org\/{rel}","templated":true}]}}