{"id":80,"date":"2024-08-29T16:59:31","date_gmt":"2024-08-29T19:59:31","guid":{"rendered":"https:\/\/www3.unicentro.br\/labdebentos\/?page_id=80"},"modified":"2025-01-19T20:21:03","modified_gmt":"2025-01-19T23:21:03","slug":"artigos-publicados","status":"publish","type":"page","link":"https:\/\/www3.unicentro.br\/labdebentos\/publicacoes\/artigos-publicados\/","title":{"rendered":"Artigos Publicados"},"content":{"rendered":"<p><span style=\"font-family: 'trebuchet ms', geneva, sans-serif\">2024<\/span><\/p>\n<p><span style=\"font-family: 'trebuchet ms', geneva, sans-serif;font-size: 12pt\"><a href=\"https:\/\/periodicos.ufpb.br\/ojs2\/index.php\/gaia\/article\/view\/67592\"><span style=\"font-weight: 400\">NASCIMENTO, M. C. I. ; GADONSKI, N. ; ESTEVES, I. F. M. ; SURIANI, A. L. ou SURIANI-AFFONSO, A. L. . Macroinvertebrados bent\u00f4nicos como instrumentos educativos para a conserva\u00e7\u00e3o de ecossistemas aqu\u00e1ticos em Unidades de Conserva\u00e7\u00e3o. Gaia Scientia, v. 17, p. 43-56, 2024.<\/span><\/a><\/span><\/p>\n<p>&nbsp;<\/p>\n<p><span style=\"font-family: 'trebuchet ms', geneva, sans-serif\">2022<\/span><\/p>\n<p><span style=\"font-family: 'trebuchet ms', geneva, sans-serif\"><a href=\"https:\/\/www.journals.ufrpe.br\/index.php\/JEAP\/article\/view\/3963\"><span style=\"font-weight: 400\">HAGEMEYER, GABRIELA PUPO ; TAQUES, RHUANN CARLO VIERO ; CAMPOS, J\u00daLIA LA\u00cdS YOKOTA ; CAMPOS, GISELE ; AFFONSO, ANA L\u00daCIA SURIANI . Estrutura da comunidade de macroinvertebrados bent\u00f4nicos em nascentes de fragmentos de Mata Atl\u00e2ntica. JOURNAL OF ENVIRONMENTAL ANALYSIS AND PROGRESS, v. 7, p. 016-025, 2022.<\/span><\/a><\/span><\/p>\n<p>&nbsp;<\/p>\n<p><span style=\"font-family: 'trebuchet ms', geneva, sans-serif\">2021<\/span><\/p>\n<p><span style=\"font-family: 'trebuchet ms', geneva, sans-serif\"><a href=\"https:\/\/pt.slideshare.net\/slideshow\/artigo-bioterra-v21n106-235144634\/235144634\"><span style=\"font-weight: 400\">SCHUPCHEK, D. C. ; ROZARIO, H. ; SURIANI, A. L. ou SURIANI-AFFONSO, A. L. . Avalia\u00e7\u00e3o da qualidade ambiental de um lago artificial utilizando-se os macroinvertebrados bent\u00f4nicos. REVISTA DE BIOLOGIA E CI\u00caNCIAS DA TERRA, v. 21, p. 51-60, 2021.<\/span><\/a><\/span><\/p>\n<p>&nbsp;<\/p>\n<p><span style=\"font-family: 'trebuchet ms', geneva, sans-serif\"><a href=\"https:\/\/www.semanticscholar.org\/paper\/Colonization-by-benthic-macroinvertebrates-in-two-a-Santos-Bruno\/842e0ad8f8235d362c444a169a4b50fa65423048\"><span style=\"font-weight: 400\">ROZARIO, H. ; LIMA, B. ; SURIANI, A. L. ou SURIANI-AFFONSO, A. L. ; PERBICHE-NEVES, G. . Colonization of artificial substrates by benthic macroinvertebrates in a lentic environment. REVISTA DE BIOLOGIA E CI\u00caNCIAS DA TERRA, v. 21, p. 61-71, 2021.<\/span><\/a><\/span><\/p>\n<p>&nbsp;<\/p>\n<p><span style=\"font-family: 'trebuchet ms', geneva, sans-serif\"><a href=\"https:\/\/ojs.brazilianjournals.com.br\/ojs\/index.php\/BRJD\/article\/view\/29076\"><span style=\"font-weight: 400\">COUTO, M. B. ; SURIANI, A. L. ou SURIANI-AFFONSO, A. L. . Avalia\u00e7\u00e3o de qualidade de \u00e1gua de um afluente do rio Capivara presente numa Unidade de Conserva\u00e7\u00e3o, Campina do Sim\u00e3o, PR. Brazilian Journal of Development, v. 7, p. 43608-43615, 2021.<\/span><\/a><\/span><\/p>\n<p>&nbsp;<\/p>\n<p><span style=\"font-family: 'trebuchet ms', geneva, sans-serif\"><a href=\"https:\/\/www.scielo.br\/j\/alb\/a\/MfmNVBYrD7wmbcNxyyrfNwB\/?format=pdf\"><span style=\"font-weight: 400\">SILVA, YURI KATAOKA ; MOSER, ANDERSON DE SOUZA ; CENEVIVA-BASTOS, M\u00d4NICA ; AFFONSO, ANA LUCIA SURIANI . Record of aquatic invertebrates associated with the bromeliads Aechmea ornata (Baker) and Aechmea recurvata (Klotzsch) L. B. Sm in two Atlantic Rainforest fragments of south Brazil. ACTA LIMNOLOGICA BRASILIENSIA (ONLINE), v. 33, p. 1-6, 2021.<\/span><\/a><\/span><\/p>\n<p>&nbsp;<\/p>\n<p><span style=\"font-family: 'trebuchet ms', geneva, sans-serif\">2019<\/span><\/p>\n<p><span style=\"font-family: 'trebuchet ms', geneva, sans-serif\"><a href=\"https:\/\/pt.slideshare.net\/slideshow\/artigo-bioterra-v1n1201904\/155187542\"><span style=\"font-weight: 400\">ANTONIO, J. M. ; ROZARIO, H. ; SURIANI-AFFONSO, ANA LUCIA . Macroinvertebrados associados \u00e0 Salvinia sp., presente em uma lagoa de um fragmento de floresta ombr\u00f3fila mista. REVISTA DE BIOLOGIA E CI\u00caNCIAS DA TERRA, v. 19, p. 35-44, 2019.<\/span><\/a><\/span><\/p>\n<p>&nbsp;<\/p>\n<p><span style=\"font-family: 'trebuchet ms', geneva, sans-serif\"><a href=\"https:\/\/periodicos.uem.br\/ojs\/index.php\/ActaSciBiolSci\/article\/view\/45536\"><span style=\"font-weight: 400\">HARTMANN, S. M. G. ; ROZARIO, H. ; SURIANI, A. L. ou SURIANI-AFFONSO, A. L. . Impact assessment of an effluent discharge on benthic macroinvertebrates in a subtropical river using indexes. ACTA SCIENTIARUM. BIOLOGICAL SCIENCES (ONLINE), v. 41, p. 1-9, 2019.<\/span><\/a><\/span><\/p>\n<p>&nbsp;<\/p>\n<p><span style=\"font-family: 'trebuchet ms', geneva, sans-serif\">2017<\/span><\/p>\n<p><span style=\"font-family: 'trebuchet ms', geneva, sans-serif\"><a href=\"https:\/\/www.scielo.br\/j\/alb\/a\/tcSdqZWvpXK9TnWrzJTDsMg\/\"><span style=\"font-weight: 400\">MATTOS, L. ; KRUGER, L. D. ; SURIANI, A. L. ou SURIANI-AFFONSO, A. L. ; PERBICHE-NEVES, G. ; PRESSINATTE JUNIOR, S. . Small dams also change the benthic macroinvertebrates community in rocky rivers. ACTA LIMNOLOGICA BRASILIENSIA (ONLINE), v. 29, p. 1-9, 2017.<\/span><\/a><\/span><\/p>\n<p>&nbsp;<\/p>\n<p><span style=\"font-family: 'trebuchet ms', geneva, sans-serif\">2011<\/span><\/p>\n<p><span style=\"font-family: 'trebuchet ms', geneva, sans-serif\"><a href=\"https:\/\/www.scielo.br\/j\/bjb\/a\/JKzhnjxP9PHyfjggdQDph3t\/\"><span style=\"font-weight: 400\">SURIANI, A. L. ou SURIANI-AFFONSO, A. L.<\/span><span style=\"font-weight: 400\">; <\/span><span style=\"font-weight: 400\">FRANCA, R. S.<\/span><span style=\"font-weight: 400\"> ; MARCHESE, M. ; <\/span><span style=\"font-weight: 400\">ROCHA, O.<\/span><span style=\"font-weight: 400\"> . Environmental factors and benthic Oligochaeta (Annelida, Clitellata) assemblages in a stretch of the Upper S\u00e3o Francisco River (Minas Gerais State, Brazil). BRAZILIAN JOURNAL OF BIOLOGY, v. 71, p. 437-446, 2011.<\/span><\/a><\/span><\/p>\n<p>&nbsp;<\/p>\n<p><span style=\"font-family: 'trebuchet ms', geneva, sans-serif\">2007<\/span><\/p>\n<p><span style=\"font-family: 'trebuchet ms', geneva, sans-serif\"><a href=\"https:\/\/www.scielo.br\/j\/rbzool\/a\/jqVJx77RNy3rNzHkqJHZPQc\/\"><span style=\"font-weight: 400\">SURIANI, A. L. ou SURIANI-AFFONSO, A. L.<\/span><span style=\"font-weight: 400\">; <\/span><span style=\"font-weight: 400\">FRANCA, R. S.<\/span><span style=\"font-weight: 400\"> ; <\/span><span style=\"font-weight: 400\">ROCHA, O.<\/span><span style=\"font-weight: 400\"> . A malacofauna bent\u00f4nica das represas do m\u00e9dio rio Tiet\u00ea (SP) e uma avalia\u00e7\u00e3o ecol\u00f3gicadas esp\u00e9cies ex\u00f3ticas invasoras, Melanoides tuberculata (Muller) e Corbicula fluminea (Muller).. Revista Brasileira de Zoologia (Online), v. 24, p. 21-32, 2007.<\/span><\/a><\/span><\/p>\n<p>&nbsp;<\/p>\n<p><span style=\"font-family: 'trebuchet ms', geneva, sans-serif\"><a href=\"https:\/\/www.scielo.br\/j\/rbzool\/a\/JDYz5WTgKQDF9m7SB6HyrCG\/?format=html\"><span style=\"font-weight: 400\">FRANCA, R. S.<\/span><span style=\"font-weight: 400\"> ; <\/span><span style=\"font-weight: 400\">SURIANI, A. L. ou SURIANI-AFFONSO, A. L.<\/span><span style=\"font-weight: 400\"> ; <\/span><span style=\"font-weight: 400\">ROCHA, O.<\/span><span style=\"font-weight: 400\"> . Composi\u00e7\u00e3o das esp\u00e9cies de moluscos bent\u00f4nicos nos reservat\u00f3rios do baixo rio Tiet\u00ea (SP, Brasil) com uma avalia\u00e7\u00e3o do impacto pelas esp\u00e9cies ex\u00f3ticas invasoras, revista landa, v. 24, p. 41-51, 2007.<\/span><\/a><\/span><\/p>\n<p>&nbsp;<\/p>\n<p><span style=\"font-family: 'trebuchet ms', geneva, sans-serif\"><a href=\"https:\/\/app.periodikos.com.br\/article\/627b11f5782aad05cf54924d\/pdf\/alb-19-4-415.pdf\"><span style=\"font-weight: 400\">SURIANI, A. L. ou SURIANI-AFFONSO, A. L.<\/span><span style=\"font-weight: 400\">; <\/span><span style=\"font-weight: 400\">FRANCA, R. S.<\/span><span style=\"font-weight: 400\"> ; PAMPLIM, P. A. Z. ; MARCHESE, M. ; <\/span><span style=\"font-weight: 400\">LUCCA, J. V.<\/span><span style=\"font-weight: 400\"> ; <\/span><span style=\"font-weight: 400\">ROCHA, O.<\/span><span style=\"font-weight: 400\"> . Species richness and distribution of oligochaetes in six reservoirs on Middle and Low Tiet\u00ea River (SP, Brazil). Acta Limnol\u00f3gica Brasiliensia, v. 19, p. 415-426, 2007.<\/span><\/a><\/span><\/p>\n","protected":false},"excerpt":{"rendered":"<p>2024 NASCIMENTO, M. C. I. ; GADONSKI, N. ; ESTEVES, I. F. M. ; SURIANI, A. L. ou SURIANI-AFFONSO, A. L. . Macroinvertebrados bent\u00f4nicos como instrumentos educativos para a conserva\u00e7\u00e3o de ecossistemas aqu\u00e1ticos em Unidades de Conserva\u00e7\u00e3o. Gaia Scientia, v. 17, p. 43-56, 2024. &nbsp; 2022 HAGEMEYER, GABRIELA PUPO ; TAQUES, RHUANN CARLO VIERO ; [&hellip;]<\/p>\n","protected":false},"author":3,"featured_media":0,"parent":78,"menu_order":0,"comment_status":"closed","ping_status":"closed","template":"","meta":{"_exactmetrics_skip_tracking":false,"_exactmetrics_sitenote_active":false,"_exactmetrics_sitenote_note":"","_exactmetrics_sitenote_category":0,"footnotes":"","_links_to":"","_links_to_target":""},"class_list":["post-80","page","type-page","status-publish","hentry"],"_links":{"self":[{"href":"https:\/\/www3.unicentro.br\/labdebentos\/wp-json\/wp\/v2\/pages\/80","targetHints":{"allow":["GET"]}}],"collection":[{"href":"https:\/\/www3.unicentro.br\/labdebentos\/wp-json\/wp\/v2\/pages"}],"about":[{"href":"https:\/\/www3.unicentro.br\/labdebentos\/wp-json\/wp\/v2\/types\/page"}],"author":[{"embeddable":true,"href":"https:\/\/www3.unicentro.br\/labdebentos\/wp-json\/wp\/v2\/users\/3"}],"replies":[{"embeddable":true,"href":"https:\/\/www3.unicentro.br\/labdebentos\/wp-json\/wp\/v2\/comments?post=80"}],"version-history":[{"count":2,"href":"https:\/\/www3.unicentro.br\/labdebentos\/wp-json\/wp\/v2\/pages\/80\/revisions"}],"predecessor-version":[{"id":403,"href":"https:\/\/www3.unicentro.br\/labdebentos\/wp-json\/wp\/v2\/pages\/80\/revisions\/403"}],"up":[{"embeddable":true,"href":"https:\/\/www3.unicentro.br\/labdebentos\/wp-json\/wp\/v2\/pages\/78"}],"wp:attachment":[{"href":"https:\/\/www3.unicentro.br\/labdebentos\/wp-json\/wp\/v2\/media?parent=80"}],"curies":[{"name":"wp","href":"https:\/\/api.w.org\/{rel}","templated":true}]}}