{"id":40,"date":"2024-08-29T15:27:03","date_gmt":"2024-08-29T18:27:03","guid":{"rendered":"https:\/\/www3.unicentro.br\/labdebentos\/?page_id=40"},"modified":"2024-12-11T09:02:32","modified_gmt":"2024-12-11T12:02:32","slug":"inicial","status":"publish","type":"page","link":"https:\/\/www3.unicentro.br\/labdebentos\/","title":{"rendered":"Inicial"},"content":{"rendered":"<div class=\"wpb-content-wrapper\"><p>[vc_row][vc_column][vc_column_text css=&#8221;&#8221;]<\/p>\n<p style=\"text-align: center\"><span style=\"font-size: 24pt\"><b>Bem vindo ao Laborat\u00f3rio de Ecologia de Bentos!<\/b><\/span><\/p>\n<p>[\/vc_column_text][\/vc_column][\/vc_row][vc_row][vc_column][vc_column_text css=&#8221;&#8221;]<\/p>\n<p style=\"text-align: justify\">O Laborat\u00f3rio Ecologia de Bentos \u00e9 um laborat\u00f3rio de pesquisa da Unicentro, vinculado ao Departamento de Ci\u00eancias Biol\u00f3gicas (DEBIO), localizado no C\u00e2mpus Cedeteg em Guarapuava, Paran\u00e1, no Bloco dos Laborat\u00f3rios de Biologia, no Laborat\u00f3rio de Ecologia e Educa\u00e7\u00e3o Ambiental, no qual trabalha em conjunto ao N\u00facleo de Educa\u00e7\u00e3o Ambiental.<\/p>\n<p>[\/vc_column_text][\/vc_column][\/vc_row][vc_row][vc_column][vc_column_text css=&#8221;&#8221;]<\/p>\n<p style=\"text-align: justify\">Fundado no ano de 2013, pela Dra. em Ci\u00eancias (UFSCar) Ana Lucia Suriani Affonso, o Lab de Bentos, tem como objetivo principal estudar ecologia de organismos bent\u00f4nicos em ambientes aqu\u00e1ticos. Os macroinvertebrados bent\u00f4nicos, ou apenas bentos, s\u00e3o estudados como bioindicadores da qualidade de corpos d\u2019\u00e1gua. O Laborat\u00f3rio Ecologia de Bentos tem contribu\u00eddo significativamente para o avan\u00e7o do conhecimento cient\u00edfico na \u00e1rea da Limnologia e Ecologia de macroinvertebrados bent\u00f4nicos.<\/p>\n<p>[\/vc_column_text][\/vc_column][\/vc_row][vc_row][vc_column][vc_message message_box_color=&#8221;warning&#8221; icon_fontawesome=&#8221;fas fa-exclamation&#8221; css=&#8221;&#8221;]<strong><span style=\"font-size: 18pt\">Leia nossa \u00faltima publica\u00e7\u00e3o:<\/span><\/strong><\/p>\n<p><span style=\"color: #000000\"><a style=\"color: #000000\" href=\"https:\/\/www3.unicentro.br\/labdebentos\/wp-content\/uploads\/sites\/170\/2024\/12\/TRABALHO_COMPLETO_EV206_MD1_ID1004_TB469_01122024094357.pdf\">MACROINVERTEBRADOS BENT\u00d4NICOS NA AVALIA\u00c7\u00c3O DA QUALIDADE AMBIENTAL EM CONFLU\u00caNCIA FLUVIAL URBANA EM GUARAPUAVA (PR), BRASIL<\/a><\/span>[\/vc_message][\/vc_column][\/vc_row][vc_row][vc_column][vc_gallery type=&#8221;image_grid&#8221; images=&#8221;256,255,237,239,231,177&#8243; img_size=&#8221;185&#215;185&#8243; css=&#8221;&#8221;][\/vc_column][\/vc_row][vc_row][vc_column][vc_zigzag][\/vc_column][\/vc_row][vc_row][vc_column][vc_column_text css=&#8221;&#8221;]<\/p>\n<p style=\"text-align: center\"><span style=\"font-size: 24pt\"><strong>\u00daltimas Men\u00e7\u00f5es Honrosas do Laborat\u00f3rio<\/strong><\/span><\/p>\n<p>[\/vc_column_text][\/vc_column][\/vc_row][vc_row][vc_column width=&#8221;1\/4&#8243;][vc_hoverbox image=&#8221;145&#8243; primary_title=&#8221;3\u00ba Lugar Men\u00e7\u00e3o Honrosa&#8221; primary_title_font_container=&#8221;color:%23FFFFFF&#8221; primary_title_google_fonts=&#8221;font_family:Actor%3Aregular|font_style:400%20regular%3A400%3Anormal&#8221; hover_title=&#8221;Nathalia Antunes Godert&#8221; shape=&#8221;round&#8221; use_custom_fonts_primary_title=&#8221;true&#8221;]Referente ao trabalho de Inicia\u00e7\u00e3o Cient\u00edfica, XXXII Encontro Anual de Inicia\u00e7\u00e3o Cient\u00edfica EAIC da Unicentro.[\/vc_hoverbox][\/vc_column][vc_column width=&#8221;1\/4&#8243;][vc_hoverbox image=&#8221;368&#8243; primary_title=&#8221;1\u00ba Lugar Men\u00e7\u00e3o Honrosa&#8221; primary_title_font_container=&#8221;color:%23FFFFFF&#8221; primary_title_google_fonts=&#8221;font_family:Actor%3Aregular|font_style:400%20regular%3A400%3Anormal&#8221; hover_title=&#8221;Maria Clara Itoh Nascimento&#8221; shape=&#8221;round&#8221; use_custom_fonts_primary_title=&#8221;true&#8221;]<span style=\"font-size: 10pt\">Referente a apresenta\u00e7\u00e3o do trabalho de Inicia\u00e7\u00e3o Cient\u00edfica, XXX Encontro Anual de Inicia\u00e7\u00e3o Cient\u00edfica EAIC da Unicentro.<\/span>[\/vc_hoverbox][\/vc_column][vc_column width=&#8221;1\/4&#8243;][vc_hoverbox image=&#8221;369&#8243; primary_title=&#8221;3\u00ba Lugar Men\u00e7\u00e3o Honrosa&#8221; primary_title_font_container=&#8221;color:%23FFFFFF&#8221; primary_title_google_fonts=&#8221;font_family:Actor%3Aregular|font_style:400%20regular%3A400%3Anormal&#8221; hover_title=&#8221;Catarina Trevisan Gon\u00e7alves&#8221; shape=&#8221;round&#8221; use_custom_fonts_primary_title=&#8221;true&#8221;]Referente ao trabalho de Inicia\u00e7\u00e3o Cient\u00edfica, XXXII Encontro Anual de Inicia\u00e7\u00e3o Cient\u00edfica EAIC da Unicentro.[\/vc_hoverbox][\/vc_column][vc_column width=&#8221;1\/4&#8243;][vc_hoverbox image=&#8221;233&#8243; primary_title=&#8221;1\u00ba Lugar Men\u00e7\u00e3o Honrosa&#8221; primary_title_font_container=&#8221;color:%23FFFFFF&#8221; primary_title_google_fonts=&#8221;font_family:Actor%3Aregular|font_style:400%20regular%3A400%3Anormal&#8221; hover_title=&#8221;Isaque Ferreira Mazzucatto Esteves&#8221; shape=&#8221;round&#8221; use_custom_fonts_primary_title=&#8221;true&#8221;]Referente ao trabalho de Inicia\u00e7\u00e3o Cient\u00edfica, XXXII Encontro Anual de Inicia\u00e7\u00e3o Cient\u00edfica EAIC da Unicentro.[\/vc_hoverbox][\/vc_column][\/vc_row][vc_row][vc_column][vc_zigzag][\/vc_column][\/vc_row][vc_row][vc_column][vc_column_text css=&#8221;&#8221;]<\/p>\n<p style=\"text-align: center\"><span style=\"font-size: 24pt\"><strong>Conhe\u00e7a-nos melhor<\/strong><\/span><\/p>\n<p>[\/vc_column_text][\/vc_column][\/vc_row][vc_row][vc_column width=&#8221;1\/5&#8243;][vc_single_image image=&#8221;379&#8243; alignment=&#8221;right&#8221; css=&#8221;&#8221;][\/vc_column][vc_column width=&#8221;1\/5&#8243;][vc_btn title=&#8221;Mais fotos&#8221; style=&#8221;3d&#8221; color=&#8221;chino&#8221; size=&#8221;lg&#8221; align=&#8221;center&#8221; i_icon_fontawesome=&#8221;fas fa-caret-square-right&#8221; css=&#8221;&#8221; add_icon=&#8221;true&#8221; link=&#8221;url:https%3A%2F%2Fwww3.unicentro.br%2Flabdebentos%2Fgaleria%2F|title:Galeria&#8221;][\/vc_column][vc_column width=&#8221;1\/5&#8243;][vc_btn title=&#8221;Conhe\u00e7a nossa equipe&#8221; style=&#8221;3d&#8221; color=&#8221;chino&#8221; size=&#8221;lg&#8221; align=&#8221;center&#8221; i_icon_fontawesome=&#8221;fas fa-user-friends&#8221; css=&#8221;&#8221; add_icon=&#8221;true&#8221; link=&#8221;url:https%3A%2F%2Fwww3.unicentro.br%2Flabdebentos%2Fequipe%2F|title:Equipe&#8221;][\/vc_column][vc_column width=&#8221;1\/5&#8243;][vc_btn title=&#8221;Publica\u00e7\u00f5es&#8221; style=&#8221;3d&#8221; color=&#8221;chino&#8221; size=&#8221;lg&#8221; align=&#8221;center&#8221; i_icon_fontawesome=&#8221;fas fa-file-alt&#8221; css=&#8221;&#8221; add_icon=&#8221;true&#8221; link=&#8221;url:https%3A%2F%2Fwww3.unicentro.br%2Flabdebentos%2Fpublicacoes%2F|title:Equipe&#8221;][\/vc_column][vc_column width=&#8221;1\/5&#8243;][vc_single_image image=&#8221;380&#8243; css=&#8221;&#8221;][\/vc_column][\/vc_row]<\/p>\n<\/div>","protected":false},"excerpt":{"rendered":"<p>[vc_row][vc_column][vc_column_text css=&#8221;&#8221;] Bem vindo ao Laborat\u00f3rio de Ecologia de Bentos! [\/vc_column_text][\/vc_column][\/vc_row][vc_row][vc_column][vc_column_text css=&#8221;&#8221;] O Laborat\u00f3rio Ecologia de Bentos \u00e9 um laborat\u00f3rio de pesquisa da Unicentro, vinculado ao Departamento de Ci\u00eancias Biol\u00f3gicas (DEBIO), localizado no C\u00e2mpus Cedeteg em Guarapuava, Paran\u00e1, no Bloco dos Laborat\u00f3rios de Biologia, no Laborat\u00f3rio de Ecologia e Educa\u00e7\u00e3o Ambiental, no qual trabalha em [&hellip;]<\/p>\n","protected":false},"author":3,"featured_media":0,"parent":0,"menu_order":0,"comment_status":"closed","ping_status":"closed","template":"page-templates\/front-page.php","meta":{"_exactmetrics_skip_tracking":false,"_exactmetrics_sitenote_active":false,"_exactmetrics_sitenote_note":"","_exactmetrics_sitenote_category":0,"footnotes":"","_links_to":"","_links_to_target":""},"class_list":["post-40","page","type-page","status-publish","hentry"],"_links":{"self":[{"href":"https:\/\/www3.unicentro.br\/labdebentos\/wp-json\/wp\/v2\/pages\/40","targetHints":{"allow":["GET"]}}],"collection":[{"href":"https:\/\/www3.unicentro.br\/labdebentos\/wp-json\/wp\/v2\/pages"}],"about":[{"href":"https:\/\/www3.unicentro.br\/labdebentos\/wp-json\/wp\/v2\/types\/page"}],"author":[{"embeddable":true,"href":"https:\/\/www3.unicentro.br\/labdebentos\/wp-json\/wp\/v2\/users\/3"}],"replies":[{"embeddable":true,"href":"https:\/\/www3.unicentro.br\/labdebentos\/wp-json\/wp\/v2\/comments?post=40"}],"version-history":[{"count":3,"href":"https:\/\/www3.unicentro.br\/labdebentos\/wp-json\/wp\/v2\/pages\/40\/revisions"}],"predecessor-version":[{"id":396,"href":"https:\/\/www3.unicentro.br\/labdebentos\/wp-json\/wp\/v2\/pages\/40\/revisions\/396"}],"wp:attachment":[{"href":"https:\/\/www3.unicentro.br\/labdebentos\/wp-json\/wp\/v2\/media?parent=40"}],"curies":[{"name":"wp","href":"https:\/\/api.w.org\/{rel}","templated":true}]}}