{"id":107,"date":"2025-03-31T16:53:37","date_gmt":"2025-03-31T19:53:37","guid":{"rendered":"https:\/\/www3.unicentro.br\/inovalab\/?page_id=107"},"modified":"2025-04-14T17:11:03","modified_gmt":"2025-04-14T20:11:03","slug":"censo-empresarial","status":"publish","type":"page","link":"https:\/\/www3.unicentro.br\/inovalab\/censo-empresarial\/","title":{"rendered":"Censo Empresarial"},"content":{"rendered":"<div class=\"wp-block-image\"><img loading=\"lazy\" decoding=\"async\" class=\"wpa-warning wpa-image-missing-alt alignright wp-image-160 size-full\" src=\"https:\/\/www3.unicentro.br\/inovalab\/wp-content\/uploads\/sites\/181\/2025\/04\/LogoCenso-e1744156044996.png\" alt=\"\" width=\"440\" height=\"234\" data-warning=\"Missing alt text\" srcset=\"https:\/\/www3.unicentro.br\/inovalab\/wp-content\/uploads\/sites\/181\/2025\/04\/LogoCenso-e1744156044996.png 440w, https:\/\/www3.unicentro.br\/inovalab\/wp-content\/uploads\/sites\/181\/2025\/04\/LogoCenso-e1744156044996-255x136.png 255w\" sizes=\"auto, (max-width: 440px) 100vw, 440px\" \/><\/div>\n<h2 style=\"text-align: justify\">O Projeto<\/h2>\n<p style=\"text-align: justify\"><span style=\"font-size: 14pt\">O <strong>Censo Empresarial<\/strong> tem como objetivo realizar um mapeamento das empresas locais de Turvo (PR), com a aplica\u00e7\u00e3o de um question\u00e1rio aos empres\u00e1rios e\/ou funcion\u00e1rios, definindo assim o perfil empresarial do munic\u00edpio.<\/span><\/p>\n<p style=\"text-align: justify\"><span style=\"font-size: 14pt\">Durante 2025, a equipe visitou um total de \u00a0350 empresas turvenses. A partir dos dados fornecidos pelos propriet\u00e1rios, os bolsistas est\u00e3o compilando e analisando essas informa\u00e7\u00f5es. A partir dos resultados, ser\u00e1 poss\u00edvel entender qual o perfil do empresariado local, al\u00e9m das especificidades, como pontos positivos e negativos, dificuldades, empecilhos, entre outras caracter\u00edsticas da rotina dessas pessoas.<\/span><\/p>\n<p style=\"text-align: justify\"><span style=\"font-size: 14pt\">O objetivo final \u00e9 que, a partir da an\u00e1lise, o poder p\u00fablico e institui\u00e7\u00f5es (como associa\u00e7\u00f5es comerciais) poder\u00e3o desenvolver a\u00e7\u00f5es espec\u00edficas, voltadas para as demandas locais.<\/span><\/p>\n<p>&nbsp;<\/p>\n<h2>Coordena\u00e7\u00e3o<\/h2>\n<p><span style=\"font-size: 14pt\">Ari Schwans<\/span><\/p>\n<p>&nbsp;<\/p>\n<h2>Bolsistas<\/h2>\n<p><span style=\"font-size: 14pt\">Elisangela Jonson Campos<\/span><br \/>\n<span style=\"font-size: 14pt\">Diogo da Silva Cebulski<\/span><br \/>\n<span style=\"font-size: 14pt\">Emerson Daniel de Almeida<\/span><br \/>\n<span style=\"font-size: 14pt\">Maria Izabel Ramos<\/span><br \/>\n<span style=\"font-size: 14pt\">Marielli Barbosa dos Santos<\/span><\/p>\n<p>&nbsp;<\/p>\n<h2>Redes Sociais<\/h2>\n<div class=\"wp-block-image\"><a href=\"https:\/\/www.instagram.com\/censoempresarial.inovalab\"><img loading=\"lazy\" decoding=\"async\" class=\"wpa-warning wpa-image-missing-alt alignnone size-full wp-image-164\" src=\"https:\/\/www3.unicentro.br\/inovalab\/wp-content\/uploads\/sites\/181\/2025\/04\/Inovalab-Instagram-e1744155874618.png\" alt=\"\" width=\"100\" height=\"99\" data-warning=\"Missing alt text\" \/><\/a><\/div>\n","protected":false},"excerpt":{"rendered":"<p>O Projeto O Censo Empresarial tem como objetivo realizar um mapeamento das empresas locais de Turvo (PR), com a aplica\u00e7\u00e3o de um question\u00e1rio aos empres\u00e1rios e\/ou funcion\u00e1rios, definindo assim o perfil empresarial do munic\u00edpio. Durante 2025, a equipe visitou um total de \u00a0350 empresas turvenses. A partir dos dados fornecidos pelos propriet\u00e1rios, os bolsistas est\u00e3o [&hellip;]<\/p>\n","protected":false},"author":28,"featured_media":134,"parent":0,"menu_order":0,"comment_status":"closed","ping_status":"closed","template":"","meta":{"_exactmetrics_skip_tracking":false,"_exactmetrics_sitenote_active":false,"_exactmetrics_sitenote_note":"","_exactmetrics_sitenote_category":0,"footnotes":"","_links_to":"","_links_to_target":""},"class_list":["post-107","page","type-page","status-publish","has-post-thumbnail","hentry"],"_links":{"self":[{"href":"https:\/\/www3.unicentro.br\/inovalab\/wp-json\/wp\/v2\/pages\/107","targetHints":{"allow":["GET"]}}],"collection":[{"href":"https:\/\/www3.unicentro.br\/inovalab\/wp-json\/wp\/v2\/pages"}],"about":[{"href":"https:\/\/www3.unicentro.br\/inovalab\/wp-json\/wp\/v2\/types\/page"}],"author":[{"embeddable":true,"href":"https:\/\/www3.unicentro.br\/inovalab\/wp-json\/wp\/v2\/users\/28"}],"replies":[{"embeddable":true,"href":"https:\/\/www3.unicentro.br\/inovalab\/wp-json\/wp\/v2\/comments?post=107"}],"version-history":[{"count":2,"href":"https:\/\/www3.unicentro.br\/inovalab\/wp-json\/wp\/v2\/pages\/107\/revisions"}],"predecessor-version":[{"id":276,"href":"https:\/\/www3.unicentro.br\/inovalab\/wp-json\/wp\/v2\/pages\/107\/revisions\/276"}],"wp:featuredmedia":[{"embeddable":true,"href":"https:\/\/www3.unicentro.br\/inovalab\/wp-json\/wp\/v2\/media\/134"}],"wp:attachment":[{"href":"https:\/\/www3.unicentro.br\/inovalab\/wp-json\/wp\/v2\/media?parent=107"}],"curies":[{"name":"wp","href":"https:\/\/api.w.org\/{rel}","templated":true}]}}