{"id":217,"date":"2025-07-07T14:33:28","date_gmt":"2025-07-07T17:33:28","guid":{"rendered":"https:\/\/www3.unicentro.br\/gycp\/?page_id=217"},"modified":"2025-07-10T10:47:23","modified_gmt":"2025-07-10T13:47:23","slug":"londrina","status":"publish","type":"page","link":"https:\/\/www3.unicentro.br\/gycp\/londrina\/","title":{"rendered":"Londrina"},"content":{"rendered":"<div class=\"wpb-content-wrapper\"><p>[vc_row][vc_column][vc_tta_tour][vc_tta_section title=&#8221;Col\u00e9gio Estadual Albino Feij\u00f3 Sanches&#8221; tab_id=&#8221;1752154496381-f5bada3b-1167&#8243;][vc_single_image image=&#8221;409&#8243; alignment=&#8221;center&#8221; css=&#8221;&#8221;][vc_column_text css=&#8221;&#8221;]<strong>Coordena\u00e7\u00e3o<\/strong>: Professora Lilian Buss Cardoso K\u00fchlewein<\/p>\n<p><strong>Tem\u00e1ticas trabalhadas<\/strong>: Letramento cient\u00edfico para um letramento socioambiental: a potabilidade da \u00e1gua e as interfer\u00eancias antr\u00f3picas<\/p>\n<p>As atividades do Projeto consistem em levar os alunos por meio da leitura de textos cient\u00edficos (artigos) e de vulgariza\u00e7\u00e3o cient\u00edfica (reportagens e infogr\u00e1ficos) a terem uma vis\u00e3o cr\u00edtica sobre as interfer\u00eancias antr\u00f3picas na potabilidade da \u00e1gua, medidas de prote\u00e7\u00e3o de minas, po\u00e7os e nascentes, por fim, as consequ\u00eancias na sa\u00fade da popula\u00e7\u00e3o de assentamentos urbanos do excesso de fl\u00faor na \u00e1gua. Com isso, o objetivo foi levar informa\u00e7\u00f5es \u00e0 popula\u00e7\u00e3o de assentamentos sobre a preven\u00e7\u00e3o e a aten\u00e7\u00e3o que se deve ter com a qualidade da \u00e1gua que se usa para consumo.<\/p>\n<p>&nbsp;<\/p>\n<p>Confira algumas fotos e not\u00edcias sobre o GYCP no Col\u00e9gio Estadual Albino Feij\u00f3 Sanches abaixo![\/vc_column_text][vc_gallery interval=&#8221;3&#8243; images=&#8221;410,411,412,413,414,415,416,417&#8243; css=&#8221;&#8221;][\/vc_tta_section][vc_tta_section title=&#8221;Col\u00e9gio C\u00edvico-Militar Jo\u00e3o Rodrigues da Silva&#8221; tab_id=&#8221;1752154496390-6815f793-8eff&#8221;][vc_column_text css=&#8221;&#8221;]<strong>Coordena\u00e7\u00e3o<\/strong>: Professora Dalva Dias Batista<\/p>\n<p><strong>Tem\u00e1ticas trabalhadas<\/strong>: Revitaliza\u00e7\u00e3o de Fundo de Vale e Arboriza\u00e7\u00e3o: para a emerg\u00eancia do pensamento sustent\u00e1vel sobre a import\u00e2ncia da \u00e1gua e a influ\u00eancia humana.<\/p>\n<p>Alunos foram nas \u00c1reas de Preserva\u00e7\u00e3o Permanente de dois fundos de Vale situados na regi\u00e3o oeste do munic\u00edpio de Londrina, acompanhados de seus pais. L\u00e1 tiraram fotografias sobre o lixo acumulado e como estava sujo o entorno. A partir das fotos, houve uma discuss\u00e3o em sala de aula sobre a influ\u00eancia humana ou antr\u00f3picas. Num segundo encontro, os alunos participaram de uma Oficina de Sustentabilidade, ministrada por alunos do curso de Direito e Agronomia, da UEL, que participavam do projeto de extens\u00e3o Educ-A\u00e7\u00e3o Ambiental e Multiletramentos. Nessa oficina, tiveram a oportunidade de entender melhor sobre as APPs, a Lei Municipal de 2012 que ampara essas \u00e1reas de preserva\u00e7\u00e3o permanente e sobre crime ambiental. Num terceiro encontro, participaram da Oficina sobre Arboriza\u00e7\u00e3o, Pol\u00edticas p\u00fablicas municipais ambientais e crime ambiental. Ap\u00f3s essas atividades, juntamente com a CMTU e a Sema , fizeram a limpeza do fundo de Vale e plantaram \u00e1rvores. Passaram a elaborar um material explicativo para a popula\u00e7\u00e3o do entorno do Vale sobre o preju\u00edzos do lixo acumulado.<\/p>\n<p>&nbsp;<\/p>\n<p>Confira algumas fotos e not\u00edcias sobre o GYCP no Col\u00e9gio C\u00edvico-Militar Jo\u00e3o Rodrigues da Silva abaixo![\/vc_column_text][vc_gallery interval=&#8221;3&#8243; images=&#8221;418,419,420,421,422,423&#8243; css=&#8221;&#8221;][\/vc_tta_section][\/vc_tta_tour][\/vc_column][\/vc_row]<\/p>\n<\/div>","protected":false},"excerpt":{"rendered":"<p>[vc_row][vc_column][vc_tta_tour][vc_tta_section title=&#8221;Col\u00e9gio Estadual Albino Feij\u00f3 Sanches&#8221; tab_id=&#8221;1752154496381-f5bada3b-1167&#8243;][vc_single_image image=&#8221;409&#8243; alignment=&#8221;center&#8221; css=&#8221;&#8221;][vc_column_text css=&#8221;&#8221;]Coordena\u00e7\u00e3o: Professora Lilian Buss Cardoso K\u00fchlewein Tem\u00e1ticas trabalhadas: Letramento cient\u00edfico para um letramento socioambiental: a potabilidade da \u00e1gua e as interfer\u00eancias antr\u00f3picas As atividades do Projeto consistem em levar os alunos por meio da leitura de textos cient\u00edficos (artigos) e de vulgariza\u00e7\u00e3o cient\u00edfica (reportagens e [&hellip;]<\/p>\n","protected":false},"author":615,"featured_media":0,"parent":0,"menu_order":0,"comment_status":"closed","ping_status":"closed","template":"","meta":{"_exactmetrics_skip_tracking":false,"_exactmetrics_sitenote_active":false,"_exactmetrics_sitenote_note":"","_exactmetrics_sitenote_category":0,"footnotes":"","_links_to":"","_links_to_target":""},"class_list":["post-217","page","type-page","status-publish","hentry"],"_links":{"self":[{"href":"https:\/\/www3.unicentro.br\/gycp\/wp-json\/wp\/v2\/pages\/217","targetHints":{"allow":["GET"]}}],"collection":[{"href":"https:\/\/www3.unicentro.br\/gycp\/wp-json\/wp\/v2\/pages"}],"about":[{"href":"https:\/\/www3.unicentro.br\/gycp\/wp-json\/wp\/v2\/types\/page"}],"author":[{"embeddable":true,"href":"https:\/\/www3.unicentro.br\/gycp\/wp-json\/wp\/v2\/users\/615"}],"replies":[{"embeddable":true,"href":"https:\/\/www3.unicentro.br\/gycp\/wp-json\/wp\/v2\/comments?post=217"}],"version-history":[{"count":2,"href":"https:\/\/www3.unicentro.br\/gycp\/wp-json\/wp\/v2\/pages\/217\/revisions"}],"predecessor-version":[{"id":425,"href":"https:\/\/www3.unicentro.br\/gycp\/wp-json\/wp\/v2\/pages\/217\/revisions\/425"}],"wp:attachment":[{"href":"https:\/\/www3.unicentro.br\/gycp\/wp-json\/wp\/v2\/media?parent=217"}],"curies":[{"name":"wp","href":"https:\/\/api.w.org\/{rel}","templated":true}]}}