{"id":190,"date":"2025-07-07T13:47:25","date_gmt":"2025-07-07T16:47:25","guid":{"rendered":"https:\/\/www3.unicentro.br\/gycp\/?page_id=190"},"modified":"2025-09-29T13:00:50","modified_gmt":"2025-09-29T16:00:50","slug":"guarapuava","status":"publish","type":"page","link":"https:\/\/www3.unicentro.br\/gycp\/guarapuava\/","title":{"rendered":"Guarapuava"},"content":{"rendered":"<div class=\"wpb-content-wrapper\"><p>[vc_row][vc_column][vc_column_text css=&#8221;&#8221;]<\/p>\n<h3 style=\"text-align: center\">Clique no nome do Col\u00e9gio para saber mais sobre as a\u00e7\u00f5es realizadas!<\/h3>\n<p>[\/vc_column_text][\/vc_column][\/vc_row][vc_row][vc_column][vc_tta_tour][vc_tta_section title=&#8221;Col\u00e9gio Estadual Professor Pedro Carli&#8221; tab_id=&#8221;1752068685576-5436c4a9-4b28&#8243;][vc_single_image image=&#8221;313&#8243; img_size=&#8221;240&#215;240&#8243; alignment=&#8221;center&#8221; css=&#8221;&#8221;][vc_column_text css=&#8221;&#8221;]Professora Katiane dos Santos[\/vc_column_text][vc_basic_grid post_type=&#8221;post&#8221; max_items=&#8221;10&#8243; css=&#8221;&#8221; grid_id=&#8221;vc_gid:1759161528633-aeefbae2-cd9c-10&#8243; taxonomies=&#8221;14, 26&#8243;][\/vc_tta_section][vc_tta_section title=&#8221;Col\u00e9gio Estadual Prof\u00ba Francisco Carneiro Martins&#8221; tab_id=&#8221;1752067949725-7940496a-4782&#8243;][vc_single_image image=&#8221;314&#8243; img_size=&#8221;240&#215;240&#8243; alignment=&#8221;center&#8221; css=&#8221;&#8221;][vc_column_text css=&#8221;&#8221;]<strong>Coordena\u00e7\u00e3o<\/strong>: Professora Ariane Andrade Bianco<\/p>\n<p><strong>Tem\u00e1ticas trabalhadas<\/strong>: Monitoramento Qu\u00edmico, F\u00edsico, Biol\u00f3gico e geogr\u00e1fico de arroio urbanos localizado no Parque do Lago<\/p>\n<p>O Projeto GYCP no CE Francisco Carneiro Martins, teve in\u00edcio em mar\u00e7o de 2023, com o projeto &#8220;Di\u00e1logo pelo Clima&#8221;, onde os alunos integrantes tiveram como objetivo aplicar oficinas e a organiza\u00e7\u00e3o de F\u00f3rum de discuss\u00f5es sobre as Mudan\u00e7as Clim\u00e1ticas e a atua\u00e7\u00e3o profissional baseada nos cursos t\u00e9cnicos ofertados pelo col\u00e9gio. Nesse ano, 02 alunas foram representar o col\u00e9gio no &#8220;Primer Foro Latino Americano de J\u00f3venes por el Clima&#8221;, em Santiago no Chile. Em 2024, o projeto realizou outras oficinas com as discuss\u00f5es voltadas para adapta\u00e7\u00f5es poss\u00edveis na atua\u00e7\u00e3o de cada curso t\u00e9cnico, com a publica\u00e7\u00e3o de um livro com os resultados obtidos durante as oficinas e o f\u00f3rum no col\u00e9gio &#8211; &#8220;Panorama da Educa\u00e7\u00e3o Ambiental Frente as Mudan\u00e7as Clim\u00e1ticas&#8221; (Link para acesso: <a href=\"https:\/\/zenodo.org\/records\/10373873\">https:\/\/zenodo.org\/records\/10373873<\/a>). Os alunos tamb\u00e9m participaram do &#8220;II F\u00f3rum Regional de Jovens pelo Clima&#8221; em Guarapuava.<\/p>\n<p>Em 2025, as a\u00e7\u00f5es passaram a ser aliadas as atividades do clube de ci\u00eancias, onde o projeto passou a desenvolver uma a\u00e7\u00e3o mais pr\u00e1tica e cient\u00edfica, atrav\u00e9s do monitoramento das \u00e1guas de dois arroios que alimentam o espelho d&#8217;\u00e1gua do Parque do Lago, que por estar localizado nas imedia\u00e7\u00f5es do Col\u00e9gio, e por sofrer muitas interfer\u00eancias antr\u00f3picas e dos extremos clim\u00e1ticos, possam auxiliar no entendimento pr\u00e1tico da mitiga\u00e7\u00e3o e ou adapta\u00e7\u00e3o para o processo da Emerg\u00eancia Clim\u00e1tica.<\/p>\n<p>&nbsp;<\/p>\n<p>Confira algumas fotos e not\u00edcias sobre o GYCP no Col\u00e9gio Estadual Prof\u00ba Francisco Carneiro Martins abaixo![\/vc_column_text][vc_gallery interval=&#8221;3&#8243; images=&#8221;357,356,355,354,353,352,351,350&#8243; css=&#8221;&#8221;][\/vc_tta_section][vc_tta_section title=&#8221;Col\u00e9gio Estadual Cristo Rei&#8221; tab_id=&#8221;1752068697878-9b60e342-ac7c&#8221;][vc_single_image image=&#8221;309&#8243; img_size=&#8221;240&#215;240&#8243; alignment=&#8221;center&#8221; css=&#8221;&#8221;][vc_column_text css=&#8221;&#8221;]<strong>Coordena\u00e7\u00e3o<\/strong>: Professora Crissiane Loyse Luz<\/p>\n<p><strong>Tem\u00e1ticas trabalhadas<\/strong>: Abelhas nativas brasileiras como ferramenta educativa para a conscientiza\u00e7\u00e3o sobre a emerg\u00eancia clim\u00e1tica.<\/p>\n<p>&nbsp;<\/p>\n<p>Os alunos realizam atividades relacionadas ao enfrentamento da emerg\u00eancia clim\u00e1tica por meio da conserva\u00e7\u00e3o da biodiversidade. Desta forma, fazem parte da metodologia: roda de conversa com a tem\u00e1tica mudan\u00e7a clim\u00e1tica, cria\u00e7\u00e3o de um jardim e Abelhas nativas, mostras de materiais referente a preserva\u00e7\u00e3o das abelhas, amplia\u00e7\u00e3o da \u00e1rea verde do col\u00e9gio com plantio de esp\u00e9cies nativas com flores.<\/p>\n<p>&nbsp;<\/p>\n<p>Confira algumas fotos e not\u00edcias sobre o GYCP no Col\u00e9gio Estadual Cristo Rei abaixo![\/vc_column_text][vc_gallery interval=&#8221;3&#8243; images=&#8221;384,385,386,387,388,389,390&#8243; css=&#8221;&#8221;][vc_basic_grid post_type=&#8221;post&#8221; max_items=&#8221;10&#8243; css=&#8221;&#8221; grid_id=&#8221;vc_gid:1759161528635-4cc92d5e-5523-7&#8243; taxonomies=&#8221;14, 27&#8243;][\/vc_tta_section][vc_tta_section title=&#8221;Col\u00e9gio Estadual Padre Chagas&#8221; tab_id=&#8221;1752067949718-fdeba2ec-5e37&#8243;][vc_single_image image=&#8221;194&#8243; img_size=&#8221;240&#215;240&#8243; alignment=&#8221;center&#8221; css=&#8221;&#8221;][vc_column_text css=&#8221;&#8221;]<strong>Coordena\u00e7\u00e3o<\/strong>: Professor Emerson de Souza Gomes<\/p>\n<p><strong>Tem\u00e1ticas trabalhadas<\/strong>: Impactos das Inunda\u00e7\u00f5es em Guarapuava PR no contexto da emerg\u00eancia Clim\u00e1tica<\/p>\n<p>&nbsp;<\/p>\n<p>Confira algumas fotos e not\u00edcias sobre o GYCP no Col\u00e9gio Estadual Padre Chagas abaixo![\/vc_column_text][vc_gallery interval=&#8221;3&#8243; images=&#8221;362,363,364,365,366,367,368&#8243; css=&#8221;&#8221;][vc_basic_grid post_type=&#8221;post&#8221; max_items=&#8221;10&#8243; css=&#8221;&#8221; grid_id=&#8221;vc_gid:1759161528637-bfe785ad-faee-10&#8243; taxonomies=&#8221;14, 22&#8243;][\/vc_tta_section][vc_tta_section title=&#8221;Col\u00e9gio Imperatriz Dona Leopoldina&#8221; tab_id=&#8221;1752067952659-f4321b4c-2c32&#8243;][vc_single_image image=&#8221;315&#8243; alignment=&#8221;center&#8221; css=&#8221;&#8221;][vc_column_text css=&#8221;&#8221;]Professores J\u00e9ssica Emanueli Moreschi Bedin e Anderson de Souza Moser[\/vc_column_text][vc_basic_grid post_type=&#8221;post&#8221; max_items=&#8221;10&#8243; css=&#8221;&#8221; grid_id=&#8221;vc_gid:1759161528638-d8807a13-4c94-9&#8243; taxonomies=&#8221;14, 24&#8243;][\/vc_tta_section][vc_tta_section title=&#8221;Col\u00e9gio Estadual do Campo Dom Pedro I&#8221; tab_id=&#8221;1752067953702-97a9eddd-a214&#8243;][vc_single_image image=&#8221;316&#8243; img_size=&#8221;240&#215;240&#8243; alignment=&#8221;center&#8221; css=&#8221;&#8221;][vc_column_text css=&#8221;&#8221;]Professor Anderson de Souza Moser[\/vc_column_text][vc_basic_grid post_type=&#8221;post&#8221; max_items=&#8221;10&#8243; css=&#8221;&#8221; grid_id=&#8221;vc_gid:1759161528639-cc5fc651-a3df-7&#8243; taxonomies=&#8221;14, 25&#8243;][\/vc_tta_section][\/vc_tta_tour][\/vc_column][\/vc_row]<\/p>\n<\/div>","protected":false},"excerpt":{"rendered":"<p>[vc_row][vc_column][vc_column_text css=&#8221;&#8221;] Clique no nome do Col\u00e9gio para saber mais sobre as a\u00e7\u00f5es realizadas! [\/vc_column_text][\/vc_column][\/vc_row][vc_row][vc_column][vc_tta_tour][vc_tta_section title=&#8221;Col\u00e9gio Estadual Professor Pedro Carli&#8221; tab_id=&#8221;1752068685576-5436c4a9-4b28&#8243;][vc_single_image image=&#8221;313&#8243; img_size=&#8221;240&#215;240&#8243; alignment=&#8221;center&#8221; css=&#8221;&#8221;][vc_column_text css=&#8221;&#8221;]Professora Katiane dos Santos[\/vc_column_text][vc_basic_grid post_type=&#8221;post&#8221; max_items=&#8221;10&#8243; css=&#8221;&#8221; grid_id=&#8221;vc_gid:1759161528633-aeefbae2-cd9c-10&#8243; taxonomies=&#8221;14, 26&#8243;][\/vc_tta_section][vc_tta_section title=&#8221;Col\u00e9gio Estadual Prof\u00ba Francisco Carneiro Martins&#8221; tab_id=&#8221;1752067949725-7940496a-4782&#8243;][vc_single_image image=&#8221;314&#8243; img_size=&#8221;240&#215;240&#8243; alignment=&#8221;center&#8221; css=&#8221;&#8221;][vc_column_text css=&#8221;&#8221;]Coordena\u00e7\u00e3o: Professora Ariane Andrade Bianco Tem\u00e1ticas trabalhadas: Monitoramento Qu\u00edmico, [&hellip;]<\/p>\n","protected":false},"author":615,"featured_media":0,"parent":0,"menu_order":0,"comment_status":"closed","ping_status":"closed","template":"","meta":{"_exactmetrics_skip_tracking":false,"_exactmetrics_sitenote_active":false,"_exactmetrics_sitenote_note":"","_exactmetrics_sitenote_category":0,"footnotes":"","_links_to":"","_links_to_target":""},"class_list":["post-190","page","type-page","status-publish","hentry"],"_links":{"self":[{"href":"https:\/\/www3.unicentro.br\/gycp\/wp-json\/wp\/v2\/pages\/190","targetHints":{"allow":["GET"]}}],"collection":[{"href":"https:\/\/www3.unicentro.br\/gycp\/wp-json\/wp\/v2\/pages"}],"about":[{"href":"https:\/\/www3.unicentro.br\/gycp\/wp-json\/wp\/v2\/types\/page"}],"author":[{"embeddable":true,"href":"https:\/\/www3.unicentro.br\/gycp\/wp-json\/wp\/v2\/users\/615"}],"replies":[{"embeddable":true,"href":"https:\/\/www3.unicentro.br\/gycp\/wp-json\/wp\/v2\/comments?post=190"}],"version-history":[{"count":2,"href":"https:\/\/www3.unicentro.br\/gycp\/wp-json\/wp\/v2\/pages\/190\/revisions"}],"predecessor-version":[{"id":493,"href":"https:\/\/www3.unicentro.br\/gycp\/wp-json\/wp\/v2\/pages\/190\/revisions\/493"}],"wp:attachment":[{"href":"https:\/\/www3.unicentro.br\/gycp\/wp-json\/wp\/v2\/media?parent=190"}],"curies":[{"name":"wp","href":"https:\/\/api.w.org\/{rel}","templated":true}]}}