{"id":21,"date":"2021-04-28T13:31:13","date_gmt":"2021-04-28T16:31:13","guid":{"rendered":"https:\/\/www3.unicentro.br\/geteh\/?page_id=21"},"modified":"2025-04-30T19:14:05","modified_gmt":"2025-04-30T22:14:05","slug":"inicial","status":"publish","type":"page","link":"https:\/\/www3.unicentro.br\/geteh\/","title":{"rendered":"Inicial"},"content":{"rendered":"<div class=\"wpb-content-wrapper\"><p>[vc_row u_row_style=&#8221;0&#8243; u_row_paralax=&#8221;0&#8243; u_row_scheme=&#8221;0&#8243; css=&#8221;.vc_custom_1619628609395{margin-top: -40px !important;margin-bottom: -40px !important;}&#8221;][vc_column]\n\t\t\t\t<p class=\"rs-p-wp-fix\"><\/p>\n\t\t\t\t<sr7-module data-alias=\"home\" data-id=\"1\" id=\"SR7_1_1\" data-version=\"6.7.51\">\n\t\t\t\t\t<sr7-adjuster><\/sr7-adjuster>\n\t\t\t\t\t<sr7-content>\n\t\t\t\t\t\t<sr7-slide id=\"SR7_1_1-1\" data-key=\"1\">\n\t\t\t\t\t\t\t<sr7-bg id=\"SR7_1_1-1-slidebg\" class=\"sr7-layer\"><noscript><img decoding=\"async\" src=\"https:\/\/www3.unicentro.br\/geteh\/wp-content\/uploads\/sites\/120\/2021\/04\/slider.jpg\" alt=\"\" title=\"slider\"><\/noscript><\/sr7-bg>\n\t\t\t\t\t\t\t<sr7-txt id=\"SR7_1_1-1-0\" class=\"sr7-layer\">Grupo de Pesquisa em<br \/>\nTrabalho, Educa\u00e7\u00e3o e Hist\u00f3ria<\/sr7-txt>\n\t\t\t\t\t\t\t<sr7-txt id=\"SR7_1_1-1-1\" class=\"sr7-layer\">Unicentro - PR<\/sr7-txt>\n\t\t\t\t\t\t<\/sr7-slide>\n\t\t\t\t\t\t<sr7-slide id=\"SR7_1_1-2\" data-key=\"2\">\n\t\t\t\t\t\t<\/sr7-slide>\n\t\t\t\t\t<\/sr7-content>\n\t\t\t\t<\/sr7-module>\n\t\t\t\t<script>\n\t\t\t\t\twindow.SR7 ??={};SR7.PMH ??={}; SR7.PMH[\"SR7_1_1\"] = {cn:100,state:false,fn: function() { if (window._tpt!==undefined && window._tpt.prepareModuleHeight !== undefined) {  _tpt.prepareModuleHeight({id:\"SR7_1_1\",el:[640],type:'standard',shdw:'0',gh:[640],gw:[1200],vpt:['-200px'],size:{fullWidth:true, fullHeight:false},mh:'0',onh:0,onw:0,bg:{color:'transparent'}});   SR7.PMH[\"SR7_1_1\"].state=true;} else if(SR7.PMH[\"SR7_1_1\"].cn-->0)\tsetTimeout( SR7.PMH[\"SR7_1_1\"].fn,19);}};SR7.PMH[\"SR7_1_1\" ].fn();\n\t\t\t\t<\/script>\n[vc_cta h2=&#8221;Preencha o formul\u00e1rio e inscreva-se!&#8221; h4_font_container=&#8221;tag:h4|text_align:left&#8221; h4_google_fonts=&#8221;font_family:Asap%3Aregular%2Citalic%2C700%2C700italic|font_style:400%20regular%3A400%3Anormal&#8221; h4_css_animation=&#8221;fadeInDown&#8221; txt_align=&#8221;center&#8221; css_animation=&#8221;fadeInUp&#8221; css=&#8221;&#8221; use_custom_fonts_h4=&#8221;true&#8221; el_id=&#8221;Click1&#8243;]<\/p>\n<div class=\"wp-block-image\"><a href=\"https:\/\/docs.google.com\/forms\/d\/e\/1FAIpQLScQjllPCRMNf67WhChFgVpqoAC6E89Qvv1wIu3OElnTRl-q6w\/viewform?usp=dialog\"><img loading=\"lazy\" decoding=\"async\" class=\"wpa-warning wpa-image-missing-alt aligncenter size-full wp-image-177\" src=\"https:\/\/www3.unicentro.br\/geteh\/wp-content\/uploads\/sites\/120\/2025\/04\/LOGO.png\" alt=\"\" width=\"960\" height=\"240\" data-warning=\"Missing alt text\" srcset=\"https:\/\/www3.unicentro.br\/geteh\/wp-content\/uploads\/sites\/120\/2025\/04\/LOGO.png 960w, https:\/\/www3.unicentro.br\/geteh\/wp-content\/uploads\/sites\/120\/2025\/04\/LOGO-768x192.png 768w, https:\/\/www3.unicentro.br\/geteh\/wp-content\/uploads\/sites\/120\/2025\/04\/LOGO-255x64.png 255w\" sizes=\"auto, (max-width: 960px) 100vw, 960px\" \/><\/a><\/div>\n<p>[\/vc_cta][\/vc_column][\/vc_row]<\/p>\n<\/div>","protected":false},"excerpt":{"rendered":"<p>[vc_row u_row_style=&#8221;0&#8243; u_row_paralax=&#8221;0&#8243; u_row_scheme=&#8221;0&#8243; css=&#8221;.vc_custom_1619628609395{margin-top: -40px !important;margin-bottom: -40px !important;}&#8221;][vc_column][vc_cta h2=&#8221;Preencha o formul\u00e1rio e inscreva-se!&#8221; h4_font_container=&#8221;tag:h4|text_align:left&#8221; h4_google_fonts=&#8221;font_family:Asap%3Aregular%2Citalic%2C700%2C700italic|font_style:400%20regular%3A400%3Anormal&#8221; h4_css_animation=&#8221;fadeInDown&#8221; txt_align=&#8221;center&#8221; css_animation=&#8221;fadeInUp&#8221; css=&#8221;&#8221; use_custom_fonts_h4=&#8221;true&#8221; el_id=&#8221;Click1&#8243;] [\/vc_cta][\/vc_column][\/vc_row]<\/p>\n","protected":false},"author":3,"featured_media":0,"parent":0,"menu_order":0,"comment_status":"closed","ping_status":"closed","template":"page-templates\/front-page.php","meta":{"_exactmetrics_skip_tracking":false,"_exactmetrics_sitenote_active":false,"_exactmetrics_sitenote_note":"","_exactmetrics_sitenote_category":0,"footnotes":"","_links_to":"","_links_to_target":""},"class_list":["post-21","page","type-page","status-publish","hentry"],"_links":{"self":[{"href":"https:\/\/www3.unicentro.br\/geteh\/wp-json\/wp\/v2\/pages\/21","targetHints":{"allow":["GET"]}}],"collection":[{"href":"https:\/\/www3.unicentro.br\/geteh\/wp-json\/wp\/v2\/pages"}],"about":[{"href":"https:\/\/www3.unicentro.br\/geteh\/wp-json\/wp\/v2\/types\/page"}],"author":[{"embeddable":true,"href":"https:\/\/www3.unicentro.br\/geteh\/wp-json\/wp\/v2\/users\/3"}],"replies":[{"embeddable":true,"href":"https:\/\/www3.unicentro.br\/geteh\/wp-json\/wp\/v2\/comments?post=21"}],"version-history":[{"count":2,"href":"https:\/\/www3.unicentro.br\/geteh\/wp-json\/wp\/v2\/pages\/21\/revisions"}],"predecessor-version":[{"id":178,"href":"https:\/\/www3.unicentro.br\/geteh\/wp-json\/wp\/v2\/pages\/21\/revisions\/178"}],"wp:attachment":[{"href":"https:\/\/www3.unicentro.br\/geteh\/wp-json\/wp\/v2\/media?parent=21"}],"curies":[{"name":"wp","href":"https:\/\/api.w.org\/{rel}","templated":true}]}}