{"id":21,"date":"2023-08-15T21:03:00","date_gmt":"2023-08-16T00:03:00","guid":{"rendered":"https:\/\/www3.unicentro.br\/gepoge\/pesquisadores\/"},"modified":"2025-03-25T20:56:16","modified_gmt":"2025-03-25T23:56:16","slug":"pesquisadores","status":"publish","type":"page","link":"https:\/\/www3.unicentro.br\/gepoge\/pesquisadores\/","title":{"rendered":"Pesquisadores"},"content":{"rendered":"<p style=\"text-align: justify\"><span style=\"color: #000000;font-family: georgia, palatino, serif;font-size: 12pt\"><strong>Coordenadoras<\/strong>:<\/span><\/p>\n<p style=\"text-align: justify\"><span style=\"font-family: georgia, palatino, serif;font-size: 12pt;color: #000000\"><a style=\"color: #000000\" href=\"http:\/\/lattes.cnpq.br\/3326773034222088\">Michelle Fernandes Lima <\/a>\u00a0&#8211;\u00a0Professora Permanente do PPGE\/Unicentro Deped\/Irati<\/span><\/p>\n<p style=\"text-align: justify\"><span style=\"font-family: georgia, palatino, serif;font-size: 12pt;color: #000000\"><a style=\"color: #000000\" href=\"http:\/\/lattes.cnpq.br\/5981450525733302\">Marisa Schneckenberg<\/a>\u00a0&#8211;\u00a0Professora Permanente do PPGE\/Unicentro Deped\/Irati<\/span><\/p>\n<p>&nbsp;<\/p>\n<p style=\"text-align: justify\"><span style=\"font-family: georgia, palatino, serif;font-size: 12pt;color: #000000\"><strong>Pesquisadoras:<\/strong><\/span><\/p>\n<p style=\"text-align: justify\"><span style=\"font-family: georgia, palatino, serif;font-size: 12pt;color: #000000\"><a style=\"color: #000000\" href=\"http:\/\/lattes.cnpq.br\/8714358748119310\">Graziela Ferreira de Souza<\/a> (P\u00f3s Doutoranda\/PPGE\/UNICENTRO)<\/span><\/p>\n<p style=\"text-align: justify\"><span style=\"font-size: 12pt;font-family: georgia, palatino, serif;color: #000000\"><a style=\"color: #000000\" href=\"http:\/\/lattes.cnpq.br\/3297671225940249\">Kelly Let\u00edcia Sakata\u00a0<\/a>(Doutora &#8211; UFPR\/Professora UEMS)<\/span><\/p>\n<p style=\"text-align: justify\"><span style=\"font-size: 12pt;font-family: georgia, palatino, serif;color: #000000\"><a style=\"color: #000000\" href=\"http:\/\/lattes.cnpq.br\/4525956517957424\">Graciele Lipsuch<\/a> (Mestre em Educa\u00e7\u00e3o &#8211; UNICENTRO)\u00a0<\/span><\/p>\n<p style=\"text-align: justify\"><span style=\"font-family: georgia, palatino, serif;font-size: 12pt;color: #000000\">\u00a0<span style=\"text-decoration: underline\">Patricia Bonato<\/span> (Mestre em Educa\u00e7\u00e3o &#8211; UNICENTRO)\u00a0<\/span><\/p>\n<p style=\"text-align: justify\"><span style=\"font-family: georgia, palatino, serif;font-size: 12pt;color: #000000\"><span style=\"text-decoration: underline\">Fernanda Pontarollo<\/span> (Mestre em Educa\u00e7\u00e3o &#8211; UNICENTRO)\u00a0<\/span><\/p>\n<p style=\"text-align: justify\"><span style=\"font-family: georgia, palatino, serif;font-size: 12pt;color: #000000\">Fernanda Cristina Dorne (Doutora &#8211; UNICENTRO)<\/span><\/p>\n<p style=\"text-align: justify\"><span style=\"font-family: georgia, palatino, serif;font-size: 12pt;color: #000000\">Caroline Biernaski Ortis (Mestre em Educa\u00e7\u00e3o &#8211; UNICENTRO)\u00a0<\/span><\/p>\n<p>&nbsp;<\/p>\n<p style=\"text-align: justify\"><span style=\"font-size: 12pt;color: #000000;font-family: georgia, palatino, serif\"><strong>Aluna da P\u00f3s-Gradua\u00e7\u00e3o (Doutorado)<\/strong><\/span><\/p>\n<p style=\"text-align: justify\"><span style=\"font-size: 12pt;color: #000000;font-family: georgia, palatino, serif\">Elem Lustosa (PPGE\/UNICENTRO) Orienta\u00e7\u00e3o: Prof\u00aa Dr\u00aa Michelle Fernandes Lima<\/span><\/p>\n<p style=\"text-align: justify\"><span style=\"font-family: georgia, palatino, serif;font-size: 12pt;color: #000000\">Ana Bela dos Santos (PPGE\/UNICENTRO): Orienta\u00e7\u00e3o: Prof\u00aa Dr\u00aa Marisa Schneckenberg<\/span><\/p>\n<p><span style=\"color: #000000;font-size: 12pt;font-family: georgia, palatino, serif\"><a style=\"color: #000000\" href=\"http:\/\/lattes.cnpq.br\/0423688826552810\">Jussara de Fatima Ivanski Ruppel<\/a> (PPGE\/UNICENTRO) Orienta\u00e7\u00e3o: Prof\u00aa Dr\u00aa Michelle Fernandes Lima)<\/span><\/p>\n<p style=\"text-align: justify\"><span style=\"font-family: georgia, palatino, serif;font-size: 12pt;color: #000000\"><a style=\"color: #000000\" href=\"http:\/\/lattes.cnpq.br\/3714809257215611\">Maria Let\u00edcia Neves\u00a0<\/a> (PPGE\/UNICENTRO) Orienta\u00e7\u00e3o: Prof\u00aa Dr\u00aa Michelle Fernandes Lima)<\/span><\/p>\n<p><span style=\"font-family: georgia, palatino, serif;font-size: 12pt;color: #000000\"><a style=\"color: #000000\" href=\"http:\/\/lattes.cnpq.br\/8515503923624658\">Maria Danieli Ferreira de Souza<\/a> (Doutoranda em Educa\u00e7\u00e3o &#8211; UEPG)<\/span><\/p>\n<p><span style=\"font-family: georgia, palatino, serif;font-size: 12pt;color: #000000\"><a style=\"color: #000000\" href=\"http:\/\/lattes.cnpq.br\/9683711693563733\">Elisandra Aparecida Czekalsk<\/a><a style=\"color: #000000\" href=\"http:\/\/lattes.cnpq.br\/9683711693563733\">i<\/a>\u00a0 (Doutoranda PUC\/PR UNICENTRO)<\/span><\/p>\n<p><span style=\"text-decoration: underline\">Marylia Gabriela Ortis da Fonseca<\/span><span style=\"color: #000000;font-family: georgia, palatino, serif;text-align: justify\">\u00a0(<span style=\"font-family: georgia, palatino, serif;font-size: 12pt;color: #000000\">Doutoranda em Educa\u00e7\u00e3o &#8211; UFPR)<\/span><\/span><\/p>\n<p>&nbsp;<\/p>\n<p style=\"text-align: justify\"><span style=\"font-size: 12pt;font-family: georgia, palatino, serif;color: #000000\"><strong>Alunos da P\u00f3s-Gradua\u00e7\u00e3o (Mestrado):<\/strong><\/span><\/p>\n<p style=\"text-align: justify\"><span style=\"font-size: 12pt;color: #000000;font-family: georgia, palatino, serif\">Monica Grutka (PPGE\/UNICENTRO) Orientadora: Marisa Schneckenberg<\/span><\/p>\n<p style=\"text-align: justify\"><span style=\"font-size: 12pt;color: #000000;font-family: georgia, palatino, serif\">Elis Daiane Ribeiro (PPGE\/UNICENTRO) Orientadora: Marisa Schneckenberg<\/span><\/p>\n","protected":false},"excerpt":{"rendered":"<p>Coordenadoras: Michelle Fernandes Lima \u00a0&#8211;\u00a0Professora Permanente do PPGE\/Unicentro Deped\/Irati Marisa Schneckenberg\u00a0&#8211;\u00a0Professora Permanente do PPGE\/Unicentro Deped\/Irati &nbsp; Pesquisadoras: Graziela Ferreira de Souza (P\u00f3s Doutoranda\/PPGE\/UNICENTRO) Kelly Let\u00edcia Sakata\u00a0(Doutora &#8211; UFPR\/Professora UEMS) Graciele Lipsuch (Mestre em Educa\u00e7\u00e3o &#8211; UNICENTRO)\u00a0 \u00a0Patricia Bonato (Mestre em Educa\u00e7\u00e3o &#8211; UNICENTRO)\u00a0 Fernanda Pontarollo (Mestre em Educa\u00e7\u00e3o &#8211; UNICENTRO)\u00a0 Fernanda Cristina Dorne (Doutora &#8211; [&hellip;]<\/p>\n","protected":false},"author":3,"featured_media":0,"parent":0,"menu_order":0,"comment_status":"closed","ping_status":"closed","template":"","meta":{"_exactmetrics_skip_tracking":false,"_exactmetrics_sitenote_active":false,"_exactmetrics_sitenote_note":"","_exactmetrics_sitenote_category":0,"footnotes":"","_links_to":"","_links_to_target":""},"class_list":["post-21","page","type-page","status-publish","hentry"],"_links":{"self":[{"href":"https:\/\/www3.unicentro.br\/gepoge\/wp-json\/wp\/v2\/pages\/21","targetHints":{"allow":["GET"]}}],"collection":[{"href":"https:\/\/www3.unicentro.br\/gepoge\/wp-json\/wp\/v2\/pages"}],"about":[{"href":"https:\/\/www3.unicentro.br\/gepoge\/wp-json\/wp\/v2\/types\/page"}],"author":[{"embeddable":true,"href":"https:\/\/www3.unicentro.br\/gepoge\/wp-json\/wp\/v2\/users\/3"}],"replies":[{"embeddable":true,"href":"https:\/\/www3.unicentro.br\/gepoge\/wp-json\/wp\/v2\/comments?post=21"}],"version-history":[{"count":2,"href":"https:\/\/www3.unicentro.br\/gepoge\/wp-json\/wp\/v2\/pages\/21\/revisions"}],"predecessor-version":[{"id":883,"href":"https:\/\/www3.unicentro.br\/gepoge\/wp-json\/wp\/v2\/pages\/21\/revisions\/883"}],"wp:attachment":[{"href":"https:\/\/www3.unicentro.br\/gepoge\/wp-json\/wp\/v2\/media?parent=21"}],"curies":[{"name":"wp","href":"https:\/\/api.w.org\/{rel}","templated":true}]}}