{"id":75,"date":"2020-05-27T17:23:40","date_gmt":"2020-05-27T20:23:40","guid":{"rendered":"https:\/\/www3.unicentro.br\/florescer\/?page_id=75"},"modified":"2025-05-19T14:26:35","modified_gmt":"2025-05-19T17:26:35","slug":"premios-recebidos","status":"publish","type":"page","link":"https:\/\/www3.unicentro.br\/florescer\/premios-recebidos\/","title":{"rendered":"Pr\u00eamios Recebidos"},"content":{"rendered":"<div class=\"wpb-content-wrapper\"><p>[vc_row u_row_style=&#8221;0&#8243; u_row_paralax=&#8221;0&#8243; u_row_scheme=&#8221;0&#8243; css=&#8221;.vc_custom_1593714940836{background-color: rgba(221,188,188,0.7) !important;*background-color: rgb(221,188,188) !important;}&#8221;][vc_column][vc_column_text css=&#8221;&#8221;]<strong><img decoding=\"async\" class=\"CToWUd\" src=\"https:\/\/mail.google.com\/mail\/e\/1f3c6\" alt=\"\ud83c\udfc6\" data-goomoji=\"1f3c6\" data-image-whitelisted=\"\">Pr\u00eamio Expocom Nacional 2024 &#8211; Projeto de Extens\u00e3o <\/strong><\/p>\n<p><strong><img decoding=\"async\" class=\"CToWUd\" src=\"https:\/\/mail.google.com\/mail\/e\/1f3c6\" alt=\"\ud83c\udfc6\" data-goomoji=\"1f3c6\" data-image-whitelisted=\"\">Pr\u00eamio Expocom Sul 2024 &#8211; Projeto de Extens\u00e3o<\/strong><\/p>\n<p><strong><img decoding=\"async\" class=\"CToWUd\" src=\"https:\/\/mail.google.com\/mail\/e\/1f3c6\" alt=\"\ud83c\udfc6\" data-goomoji=\"1f3c6\" data-image-whitelisted=\"\">Pr\u00eamio Expocom Nacional 2023 &#8211; Projeto de Extens\u00e3o&nbsp;<\/strong><\/p>\n<p><strong><img decoding=\"async\" class=\"CToWUd\" src=\"https:\/\/mail.google.com\/mail\/e\/1f3c6\" alt=\"\ud83c\udfc6\" data-goomoji=\"1f3c6\" data-image-whitelisted=\"\">Pr\u00eamio Expocom Sul 2023 &#8211; Projeto de Extens\u00e3o<\/strong><\/p>\n<p><strong><img decoding=\"async\" class=\"CToWUd\" src=\"https:\/\/mail.google.com\/mail\/e\/1f3c5\" alt=\"\ud83c\udfc5\" data-goomoji=\"1f3c5\" data-image-whitelisted=\"\"> 2022 &#8211; C\u00e2mara de Vereadores da cidade entregou uma Mo\u00e7\u00e3o de Aplausos e Congratula\u00e7\u00f5es ao Florescer&nbsp;<\/strong><\/p>\n<p><strong><img decoding=\"async\" class=\"CToWUd\" src=\"https:\/\/mail.google.com\/mail\/e\/1f3c6\" alt=\"\ud83c\udfc6\" data-goomoji=\"1f3c6\" data-image-whitelisted=\"\">Expocom Sul 2020 &#8211; 1. Lugar Categoria Produ\u00e7\u00e3o Transdisciplinar, Modalidade Projeto de Extens\u00e3o<\/strong><br \/>\n<strong><img decoding=\"async\" class=\"CToWUd\" src=\"https:\/\/mail.google.com\/mail\/e\/1f3c6\" alt=\"\ud83c\udfc6\" data-goomoji=\"1f3c6\" data-image-whitelisted=\"\">Melhor projeto de extens\u00e3o Seurs 2019<\/strong><br \/>\n<strong><img decoding=\"async\" class=\"CToWUd\" src=\"https:\/\/mail.google.com\/mail\/e\/1f3c5\" alt=\"\ud83c\udfc5\" data-goomoji=\"1f3c5\" data-image-whitelisted=\"\">Melhor projeto em Comunica\u00e7\u00e3o Seurs 2019<\/strong><br \/>\n<strong><img decoding=\"async\" class=\"CToWUd\" src=\"https:\/\/mail.google.com\/mail\/e\/1f396\" alt=\"\ud83c\udf96\" data-goomoji=\"1f396\" data-image-whitelisted=\"\">Pr\u00eamio Sangue Novo no Jornalismo Paranaense 2017 &#8211; Categoria Assessoria de Imprensa<\/strong><br \/>\n<strong><img decoding=\"async\" class=\"CToWUd\" src=\"https:\/\/mail.google.com\/mail\/e\/1f3c6\" alt=\"\ud83c\udfc6\" data-goomoji=\"1f3c6\" data-image-whitelisted=\"\">Expocom Nacional 2016 &#8211; Categoria Projeto Multim\u00eddia<\/strong><br \/>\n<strong><img decoding=\"async\" class=\"CToWUd\" src=\"https:\/\/mail.google.com\/mail\/e\/1f3c5\" alt=\"\ud83c\udfc5\" data-goomoji=\"1f3c5\" data-image-whitelisted=\"\">Expocom Sul 2016 &#8211; Categoria Projeto Multim\u00eddia<\/strong><br \/>\n<strong><img decoding=\"async\" class=\"CToWUd\" src=\"https:\/\/mail.google.com\/mail\/e\/1f396\" alt=\"\ud83c\udf96\" data-goomoji=\"1f396\" data-image-whitelisted=\"\">Expocom Sul 2016 &#8211; Categoria Produ\u00e7\u00e3o Radiof\u00f4nica<\/strong>[\/vc_column_text][\/vc_column][\/vc_row]<\/p>\n<\/div>","protected":false},"excerpt":{"rendered":"<p>[vc_row u_row_style=&#8221;0&#8243; u_row_paralax=&#8221;0&#8243; u_row_scheme=&#8221;0&#8243; css=&#8221;.vc_custom_1593714940836{background-color: rgba(221,188,188,0.7) !important;*background-color: rgb(221,188,188) !important;}&#8221;][vc_column][vc_column_text css=&#8221;&#8221;]Pr\u00eamio Expocom Nacional 2024 &#8211; Projeto de Extens\u00e3o Pr\u00eamio Expocom Sul 2024 &#8211; Projeto de Extens\u00e3o Pr\u00eamio Expocom Nacional 2023 &#8211; Projeto de Extens\u00e3o&nbsp; Pr\u00eamio Expocom Sul 2023 &#8211; Projeto de Extens\u00e3o 2022 &#8211; C\u00e2mara de Vereadores da cidade entregou uma Mo\u00e7\u00e3o de Aplausos e Congratula\u00e7\u00f5es [&hellip;]<\/p>\n","protected":false},"author":268,"featured_media":0,"parent":0,"menu_order":0,"comment_status":"closed","ping_status":"closed","template":"","meta":{"_exactmetrics_skip_tracking":false,"_exactmetrics_sitenote_active":false,"_exactmetrics_sitenote_note":"","_exactmetrics_sitenote_category":0,"footnotes":"","_links_to":"","_links_to_target":""},"class_list":["post-75","page","type-page","status-publish","hentry"],"_links":{"self":[{"href":"https:\/\/www3.unicentro.br\/florescer\/wp-json\/wp\/v2\/pages\/75","targetHints":{"allow":["GET"]}}],"collection":[{"href":"https:\/\/www3.unicentro.br\/florescer\/wp-json\/wp\/v2\/pages"}],"about":[{"href":"https:\/\/www3.unicentro.br\/florescer\/wp-json\/wp\/v2\/types\/page"}],"author":[{"embeddable":true,"href":"https:\/\/www3.unicentro.br\/florescer\/wp-json\/wp\/v2\/users\/268"}],"replies":[{"embeddable":true,"href":"https:\/\/www3.unicentro.br\/florescer\/wp-json\/wp\/v2\/comments?post=75"}],"version-history":[{"count":1,"href":"https:\/\/www3.unicentro.br\/florescer\/wp-json\/wp\/v2\/pages\/75\/revisions"}],"predecessor-version":[{"id":1866,"href":"https:\/\/www3.unicentro.br\/florescer\/wp-json\/wp\/v2\/pages\/75\/revisions\/1866"}],"wp:attachment":[{"href":"https:\/\/www3.unicentro.br\/florescer\/wp-json\/wp\/v2\/media?parent=75"}],"curies":[{"name":"wp","href":"https:\/\/api.w.org\/{rel}","templated":true}]}}

Prêmios Recebidos

<div class="wpb-content-wrapper"><p>[vc_row u_row_style=&#8221;0&#8243; u_row_paralax=&#8221;0&#8243; u_row_scheme=&#8221;0&#8243; css=&#8221;.vc_custom_1593714940836{background-color: rgba(221,188,188,0.7) !important;*background-color: rgb(221,188,188) !important;}&#8221;][vc_column][vc_column_text css=&#8221;&#8221;]<strong><img decoding="async" class="CToWUd" src="https://mail.google.com/mail/e/1f3c6" alt="🏆" data-goomoji="1f3c6" data-image-whitelisted="">Prêmio Expocom Nacional 2024 &#8211; Projeto de Extensão </strong></p>
<p><strong><img decoding="async" class="CToWUd" src="https://mail.google.com/mail/e/1f3c6" alt="🏆" data-goomoji="1f3c6" data-image-whitelisted="">Prêmio Expocom Sul 2024 &#8211; Projeto de Extensão</strong></p>
<p><strong><img decoding="async" class="CToWUd" src="https://mail.google.com/mail/e/1f3c6" alt="🏆" data-goomoji="1f3c6" data-image-whitelisted="">Prêmio Expocom Nacional 2023 &#8211; Projeto de Extensão&nbsp;</strong></p>
<p><strong><img decoding="async" class="CToWUd" src="https://mail.google.com/mail/e/1f3c6" alt="🏆" data-goomoji="1f3c6" data-image-whitelisted="">Prêmio Expocom Sul 2023 &#8211; Projeto de Extensão</strong></p>
<p><strong><img decoding="async" class="CToWUd" src="https://mail.google.com/mail/e/1f3c5" alt="🏅" data-goomoji="1f3c5" data-image-whitelisted=""> 2022 &#8211; Câmara de Vereadores da cidade entregou uma Moção de Aplausos e Congratulações ao Florescer&nbsp;</strong></p>
<p><strong><img decoding="async" class="CToWUd" src="https://mail.google.com/mail/e/1f3c6" alt="🏆" data-goomoji="1f3c6" data-image-whitelisted="">Expocom Sul 2020 &#8211; 1. Lugar Categoria Produção Transdisciplinar, Modalidade Projeto de Extensão</strong><br />
<strong><img decoding="async" class="CToWUd" src="https://mail.google.com/mail/e/1f3c6" alt="🏆" data-goomoji="1f3c6" data-image-whitelisted="">Melhor projeto de extensão Seurs 2019</strong><br />
<strong><img decoding="async" class="CToWUd" src="https://mail.google.com/mail/e/1f3c5" alt="🏅" data-goomoji="1f3c5" data-image-whitelisted="">Melhor projeto em Comunicação Seurs 2019</strong><br />
<strong><img decoding="async" class="CToWUd" src="https://mail.google.com/mail/e/1f396" alt="🎖" data-goomoji="1f396" data-image-whitelisted="">Prêmio Sangue Novo no Jornalismo Paranaense 2017 &#8211; Categoria Assessoria de Imprensa</strong><br />
<strong><img decoding="async" class="CToWUd" src="https://mail.google.com/mail/e/1f3c6" alt="🏆" data-goomoji="1f3c6" data-image-whitelisted="">Expocom Nacional 2016 &#8211; Categoria Projeto Multimídia</strong><br />
<strong><img decoding="async" class="CToWUd" src="https://mail.google.com/mail/e/1f3c5" alt="🏅" data-goomoji="1f3c5" data-image-whitelisted="">Expocom Sul 2016 &#8211; Categoria Projeto Multimídia</strong><br />
<strong><img decoding="async" class="CToWUd" src="https://mail.google.com/mail/e/1f396" alt="🎖" data-goomoji="1f396" data-image-whitelisted="">Expocom Sul 2016 &#8211; Categoria Produção Radiofônica</strong>[/vc_column_text][/vc_column][/vc_row]</p>
</div>

<p>[vc_row u_row_style=&#8221;0&#8243; u_row_paralax=&#8221;0&#8243; u_row_scheme=&#8221;0&#8243; css=&#8221;.vc_custom_1593714940836{background-color: rgba(221,188,188,0.7) !important;*background-color: rgb(221,188,188) !important;}&#8221;][vc_column][vc_column_text css=&#8221;&#8221;]Prêmio Expocom Nacional 2024 &#8211; Projeto de Extensão Prêmio Expocom Sul 2024 &#8211; Projeto de Extensão Prêmio Expocom Nacional 2023 &#8211; Projeto de Extensão&nbsp; Prêmio Expocom Sul 2023 &#8211; Projeto de Extensão 2022 &#8211; Câmara de Vereadores da cidade entregou uma Moção de Aplausos e Congratulações [&hellip;]</p>
