{"id":65,"date":"2020-05-27T17:20:31","date_gmt":"2020-05-27T20:20:31","guid":{"rendered":"https:\/\/www3.unicentro.br\/florescer\/?page_id=65"},"modified":"2023-11-01T16:39:27","modified_gmt":"2023-11-01T19:39:27","slug":"o-florescer","status":"publish","type":"page","link":"https:\/\/www3.unicentro.br\/florescer\/o-florescer\/","title":{"rendered":"O Florescer"},"content":{"rendered":"<div class=\"wpb-content-wrapper\"><p>[vc_row u_row_style=&#8221;0&#8243; u_row_paralax=&#8221;0&#8243; u_row_scheme=&#8221;0&#8243; css=&#8221;.vc_custom_1593714710798{background-color: rgba(221,188,188,0.7) !important;*background-color: rgb(221,188,188) !important;}&#8221;][vc_column][vc_column_text]<span style=\"font-size: 14pt\">O projeto de extens\u00e3o Florescer atua no combate a viol\u00eancia contra a mulher, desde 2015, no interior do Paran\u00e1. Somos um grupo formado por professoras, egressos e estudantes dos cursos de Jornalismo e Publicidade e Propaganda da Unicentro (Universidade Estadual do Centro-Oeste), com financiamento das atividades pela Seti (Secretaria de Estado da Ci\u00eancia, Tecnologia e Ensino Superior do Estado do Paran\u00e1).<\/span><\/p>\n<p><span style=\"font-size: 14pt\">Nesses cinco anos, baseados na Educomunica\u00e7\u00e3o e na Dramaturgia do Telejornalismo, temos realizado oficinas nas escolas municipais de Guarapuava, trabalhando a equidade de g\u00eanero com crian\u00e7as do terceiro ano do Ensino Fundamental (8 e 9 anos de idade). No total, s\u00e3o cinco oficinas por turma.<\/span><\/p>\n<p><span style=\"font-size: 14pt\">Na primeira, o tema norteador \u00e9 o Estatuto da Crian\u00e7a e do Adolescente (ECA) de modo a demonstrar que todas as pessoas t\u00eam direitos e deveres e que os pais compartilham a responsabilidade pelos filhos e pela conviv\u00eancia saud\u00e1vel, num ambiente livre de viol\u00eancia dom\u00e9stica.<\/span><\/p>\n<p><span style=\"font-size: 14pt\">Na oficina 2 s\u00e3o trabalhados os conceitos de igualdade e equidade, demonstrando como nossa sociedade ainda \u00e9 desigual, como a mulher \u00e9 colocada em desvantagem em m\u00faltiplos aspectos e que, portanto, s\u00e3o necess\u00e1rias pol\u00edticas p\u00fablicas de promo\u00e7\u00e3o da equidade, o que \u00e9 uma pol\u00edtica p\u00fablica, mostrar que a Lei Maria da Penha \u00e9 uma pol\u00edtica p\u00fablica de equidade na medida em que estabelece o que \u00e9 viol\u00eancia contra a mulher, tipifica essa viol\u00eancia, estabelece puni\u00e7\u00f5es para o agressor entre outros. Tamb\u00e9m s\u00e3o trabalhados os cinco tipos de viol\u00eancia, o ciclo da viol\u00eancia e como\/onde a mulher pode buscar ajuda.<\/span><\/p>\n<p><span style=\"font-size: 14pt\">Na oficina 3 as crian\u00e7as s\u00e3o apresentadas a Educomunica\u00e7\u00e3o, entendem a import\u00e2ncia de se expressarem e come\u00e7am a pensar no material que produzir\u00e3o.<\/span><\/p>\n<p><span style=\"font-size: 14pt\">A oficina 4 \u00e9 voltada para a produ\u00e7\u00e3o dos materiais educomunicacionais, com as crian\u00e7as expressando o que pensam sobre a viol\u00eancia contra a mulher.<\/span><\/p>\n<p><span style=\"font-size: 14pt\">Por fim, na quinta oficina, as crian\u00e7as v\u00e3o at\u00e9 a Unicentro, que possui uma sala de cinema, para assistiram na tela grande suas produ\u00e7\u00f5es.<\/span><\/p>\n<p><span style=\"font-size: 14pt\">Em 2019, por exemplo, participaram do Florescer 9 escolas, 20 turmas e 500 crian\u00e7as.<\/span><\/p>\n<p><span style=\"font-size: 14pt\">Desde o in\u00edcio do projeto, A Secretaria Municipal de Pol\u00edticas P\u00fablicas para Mulheres de Guarapuava observou um aumento m\u00e9dio de 40% na procura por atendimento por parte de mulheres dos bairros por onde o projeto passa, evidenciando que, al\u00e9m de possibilitar que as crian\u00e7as desnaturalizem a viol\u00eancia contra a mulher, as crian\u00e7as do projeto tamb\u00e9m s\u00e3o entes ativos no combate a esse tipo de viol\u00eancia, estimulando as m\u00e3es a procurarem ajuda.<\/span>[\/vc_column_text][\/vc_column][\/vc_row]<\/p>\n<\/div>","protected":false},"excerpt":{"rendered":"<p>[vc_row u_row_style=&#8221;0&#8243; u_row_paralax=&#8221;0&#8243; u_row_scheme=&#8221;0&#8243; css=&#8221;.vc_custom_1593714710798{background-color: rgba(221,188,188,0.7) !important;*background-color: rgb(221,188,188) !important;}&#8221;][vc_column][vc_column_text]O projeto de extens\u00e3o Florescer atua no combate a viol\u00eancia contra a mulher, desde 2015, no interior do Paran\u00e1. Somos um grupo formado por professoras, egressos e estudantes dos cursos de Jornalismo e Publicidade e Propaganda da Unicentro (Universidade Estadual do Centro-Oeste), com financiamento das atividades pela [&hellip;]<\/p>\n","protected":false},"author":268,"featured_media":0,"parent":0,"menu_order":0,"comment_status":"closed","ping_status":"closed","template":"","meta":{"_exactmetrics_skip_tracking":false,"_exactmetrics_sitenote_active":false,"_exactmetrics_sitenote_note":"","_exactmetrics_sitenote_category":0,"footnotes":"","_links_to":"","_links_to_target":""},"class_list":["post-65","page","type-page","status-publish","hentry"],"_links":{"self":[{"href":"https:\/\/www3.unicentro.br\/florescer\/wp-json\/wp\/v2\/pages\/65","targetHints":{"allow":["GET"]}}],"collection":[{"href":"https:\/\/www3.unicentro.br\/florescer\/wp-json\/wp\/v2\/pages"}],"about":[{"href":"https:\/\/www3.unicentro.br\/florescer\/wp-json\/wp\/v2\/types\/page"}],"author":[{"embeddable":true,"href":"https:\/\/www3.unicentro.br\/florescer\/wp-json\/wp\/v2\/users\/268"}],"replies":[{"embeddable":true,"href":"https:\/\/www3.unicentro.br\/florescer\/wp-json\/wp\/v2\/comments?post=65"}],"version-history":[{"count":1,"href":"https:\/\/www3.unicentro.br\/florescer\/wp-json\/wp\/v2\/pages\/65\/revisions"}],"predecessor-version":[{"id":1701,"href":"https:\/\/www3.unicentro.br\/florescer\/wp-json\/wp\/v2\/pages\/65\/revisions\/1701"}],"wp:attachment":[{"href":"https:\/\/www3.unicentro.br\/florescer\/wp-json\/wp\/v2\/media?parent=65"}],"curies":[{"name":"wp","href":"https:\/\/api.w.org\/{rel}","templated":true}]}}

<div class="wpb-content-wrapper"><p>[vc_row u_row_style=&#8221;0&#8243; u_row_paralax=&#8221;0&#8243; u_row_scheme=&#8221;0&#8243; css=&#8221;.vc_custom_1593714710798{background-color: rgba(221,188,188,0.7) !important;*background-color: rgb(221,188,188) !important;}&#8221;][vc_column][vc_column_text]<span style="font-size: 14pt">O projeto de extensão Florescer atua no combate a violência contra a mulher, desde 2015, no interior do Paraná. Somos um grupo formado por professoras, egressos e estudantes dos cursos de Jornalismo e Publicidade e Propaganda da Unicentro (Universidade Estadual do Centro-Oeste), com financiamento das atividades pela Seti (Secretaria de Estado da Ciência, Tecnologia e Ensino Superior do Estado do Paraná).</span></p>
<p><span style="font-size: 14pt">Nesses cinco anos, baseados na Educomunicação e na Dramaturgia do Telejornalismo, temos realizado oficinas nas escolas municipais de Guarapuava, trabalhando a equidade de gênero com crianças do terceiro ano do Ensino Fundamental (8 e 9 anos de idade). No total, são cinco oficinas por turma.</span></p>
<p><span style="font-size: 14pt">Na primeira, o tema norteador é o Estatuto da Criança e do Adolescente (ECA) de modo a demonstrar que todas as pessoas têm direitos e deveres e que os pais compartilham a responsabilidade pelos filhos e pela convivência saudável, num ambiente livre de violência doméstica.</span></p>
<p><span style="font-size: 14pt">Na oficina 2 são trabalhados os conceitos de igualdade e equidade, demonstrando como nossa sociedade ainda é desigual, como a mulher é colocada em desvantagem em múltiplos aspectos e que, portanto, são necessárias políticas públicas de promoção da equidade, o que é uma política pública, mostrar que a Lei Maria da Penha é uma política pública de equidade na medida em que estabelece o que é violência contra a mulher, tipifica essa violência, estabelece punições para o agressor entre outros. Também são trabalhados os cinco tipos de violência, o ciclo da violência e como/onde a mulher pode buscar ajuda.</span></p>
<p><span style="font-size: 14pt">Na oficina 3 as crianças são apresentadas a Educomunicação, entendem a importância de se expressarem e começam a pensar no material que produzirão.</span></p>
<p><span style="font-size: 14pt">A oficina 4 é voltada para a produção dos materiais educomunicacionais, com as crianças expressando o que pensam sobre a violência contra a mulher.</span></p>
<p><span style="font-size: 14pt">Por fim, na quinta oficina, as crianças vão até a Unicentro, que possui uma sala de cinema, para assistiram na tela grande suas produções.</span></p>
<p><span style="font-size: 14pt">Em 2019, por exemplo, participaram do Florescer 9 escolas, 20 turmas e 500 crianças.</span></p>
<p><span style="font-size: 14pt">Desde o início do projeto, A Secretaria Municipal de Políticas Públicas para Mulheres de Guarapuava observou um aumento médio de 40% na procura por atendimento por parte de mulheres dos bairros por onde o projeto passa, evidenciando que, além de possibilitar que as crianças desnaturalizem a violência contra a mulher, as crianças do projeto também são entes ativos no combate a esse tipo de violência, estimulando as mães a procurarem ajuda.</span>[/vc_column_text][/vc_column][/vc_row]</p>
</div>

<p>[vc_row u_row_style=&#8221;0&#8243; u_row_paralax=&#8221;0&#8243; u_row_scheme=&#8221;0&#8243; css=&#8221;.vc_custom_1593714710798{background-color: rgba(221,188,188,0.7) !important;*background-color: rgb(221,188,188) !important;}&#8221;][vc_column][vc_column_text]O projeto de extensão Florescer atua no combate a violência contra a mulher, desde 2015, no interior do Paraná. Somos um grupo formado por professoras, egressos e estudantes dos cursos de Jornalismo e Publicidade e Propaganda da Unicentro (Universidade Estadual do Centro-Oeste), com financiamento das atividades pela [&hellip;]</p>
