{"id":536,"date":"2022-07-19T09:56:29","date_gmt":"2022-07-19T12:56:29","guid":{"rendered":"https:\/\/www3.unicentro.br\/florescer\/?page_id=536"},"modified":"2022-07-25T14:50:42","modified_gmt":"2022-07-25T17:50:42","slug":"2022-escola-hildegard-burjan","status":"publish","type":"page","link":"https:\/\/www3.unicentro.br\/florescer\/2022-escola-hildegard-burjan\/","title":{"rendered":"2022 &#8211; Escola Hildegard Burjan"},"content":{"rendered":"<div class=\"wpb-content-wrapper\"><p>[vc_row u_row_style=&#8221;0&#8243; u_row_paralax=&#8221;0&#8243; u_row_scheme=&#8221;0&#8243; css=&#8221;.vc_custom_1591727924524{background-color: rgba(221,188,188,0.7) !important;*background-color: rgb(221,188,188) !important;}&#8221;][vc_column][vc_custom_heading text=&#8221;MAKING-OFS&#8221;][\/vc_column][\/vc_row][vc_row u_row_style=&#8221;0&#8243; u_row_paralax=&#8221;0&#8243; u_row_scheme=&#8221;0&#8243; css=&#8221;.vc_custom_1591727924524{background-color: rgba(221,188,188,0.7) !important;*background-color: rgb(221,188,188) !important;}&#8221;][vc_column width=&#8221;1\/2&#8243;][vc_video link=&#8221;https:\/\/youtu.be\/zwA2KvdPJ-0&#8243; title=&#8221;Oficina ECA&#8221;][vc_video link=&#8221;https:\/\/youtu.be\/v-NS00vVd6I&#8221; title=&#8221;Oficina Educomunica\u00e7\u00e3o&#8221;][\/vc_column][vc_column width=&#8221;1\/2&#8243;][vc_video link=&#8221;https:\/\/youtu.be\/nZmvXiLPaGY&#8221; title=&#8221;Equidade de G\u00eanero&#8221;][\/vc_column][\/vc_row][vc_row u_row_style=&#8221;0&#8243; u_row_paralax=&#8221;0&#8243; u_row_scheme=&#8221;0&#8243; css=&#8221;.vc_custom_1591727924524{background-color: rgba(221,188,188,0.7) !important;*background-color: rgb(221,188,188) !important;}&#8221;][vc_column][vc_custom_heading text=&#8221;PRODU\u00c7\u00d5ES&#8221;][\/vc_column][\/vc_row][vc_row u_row_style=&#8221;0&#8243; u_row_paralax=&#8221;0&#8243; u_row_scheme=&#8221;0&#8243; css=&#8221;.vc_custom_1591727924524{background-color: rgba(221,188,188,0.7) !important;*background-color: rgb(221,188,188) !important;}&#8221;][vc_column width=&#8221;1\/2&#8243;][vc_video link=&#8221;https:\/\/www.youtube.com\/watch?v=e4dMwTRkuG8&#8243; title=&#8221;Turma 1 &#8211; Hist\u00f3ria da Maria da Penha&#8221;][vc_video link=&#8221;https:\/\/www.youtube.com\/watch?v=daN5l7cn61U&#8221; title=&#8221;Turma 2 &#8211; Youtube ECA&#8221;][vc_video link=&#8221;https:\/\/www.youtube.com\/watch?v=Lp0mtRNvfdE&#8221; title=&#8221;Turma 3  &#8211; Trend TikTok errado ou certo&#8221;][vc_video link=&#8221;https:\/\/www.youtube.com\/watch?v=gq7_MYUyDss&#8221; title=&#8221;Turma 2 &#8211; Youtube 5 tipos de viol\u00eancia contra a mulher&#8221;][vc_video link=&#8221;https:\/\/www.youtube.com\/watch?v=TBGqi4s62KQ&#8221; title=&#8221;Turma 3 &#8211; Youtube Equidade de g\u00eanero&#8221;][\/vc_column][vc_column width=&#8221;1\/2&#8243;][vc_video link=&#8221;https:\/\/www.youtube.com\/watch?v=5qDp__pQdw8&#8243; title=&#8221;Programa Encontro com Jhennifer&#8221;][vc_video link=&#8221;https:\/\/www.youtube.com\/watch?v=t2fDOFyO&#8211;0&#8243; title=&#8221;Turma 3 &#8211; TikTok Aprendendo sobre Igualdade&#8221;][vc_video link=&#8221;https:\/\/www.youtube.com\/watch?v=yBw3v7ierys&#8221; title=&#8221;Turma 1 &#8211; TikTok Par\u00f3dia N\u00e3o Bate&#8221;][vc_video link=&#8221;https:\/\/www.youtube.com\/watch?v=evHsbxCnPfg&#8221; title=&#8221;Plant\u00e3o Jornal Florescer Manifesta\u00e7\u00e3o&#8221;][vc_video link=&#8221;https:\/\/www.youtube.com\/watch?v=ehKtndFYL7Q&#8221; title=&#8221;Turma 3 &#8211; Telejornal Florescer&#8221;][\/vc_column][\/vc_row][vc_row u_row_style=&#8221;0&#8243; u_row_paralax=&#8221;0&#8243; u_row_scheme=&#8221;0&#8243; css=&#8221;.vc_custom_1591727904491{background-color: rgba(221,188,188,0.7) !important;*background-color: rgb(221,188,188) !important;}&#8221;][vc_column][vc_custom_heading text=&#8221;Fotos&#8221;][vc_images_carousel images=&#8221;603,604,605,606&#8243;][\/vc_column][\/vc_row]<\/p>\n<\/div>","protected":false},"excerpt":{"rendered":"<p>[vc_row u_row_style=&#8221;0&#8243; u_row_paralax=&#8221;0&#8243; u_row_scheme=&#8221;0&#8243; css=&#8221;.vc_custom_1591727924524{background-color: rgba(221,188,188,0.7) !important;*background-color: rgb(221,188,188) !important;}&#8221;][vc_column][vc_custom_heading text=&#8221;MAKING-OFS&#8221;][\/vc_column][\/vc_row][vc_row u_row_style=&#8221;0&#8243; u_row_paralax=&#8221;0&#8243; u_row_scheme=&#8221;0&#8243; css=&#8221;.vc_custom_1591727924524{background-color: rgba(221,188,188,0.7) !important;*background-color: rgb(221,188,188) !important;}&#8221;][vc_column width=&#8221;1\/2&#8243;][vc_video link=&#8221;https:\/\/youtu.be\/zwA2KvdPJ-0&#8243; title=&#8221;Oficina ECA&#8221;][vc_video link=&#8221;https:\/\/youtu.be\/v-NS00vVd6I&#8221; title=&#8221;Oficina Educomunica\u00e7\u00e3o&#8221;][\/vc_column][vc_column width=&#8221;1\/2&#8243;][vc_video link=&#8221;https:\/\/youtu.be\/nZmvXiLPaGY&#8221; title=&#8221;Equidade de G\u00eanero&#8221;][\/vc_column][\/vc_row][vc_row u_row_style=&#8221;0&#8243; u_row_paralax=&#8221;0&#8243; u_row_scheme=&#8221;0&#8243; css=&#8221;.vc_custom_1591727924524{background-color: rgba(221,188,188,0.7) !important;*background-color: rgb(221,188,188) !important;}&#8221;][vc_column][vc_custom_heading text=&#8221;PRODU\u00c7\u00d5ES&#8221;][\/vc_column][\/vc_row][vc_row u_row_style=&#8221;0&#8243; u_row_paralax=&#8221;0&#8243; u_row_scheme=&#8221;0&#8243; css=&#8221;.vc_custom_1591727924524{background-color: rgba(221,188,188,0.7) !important;*background-color: rgb(221,188,188) !important;}&#8221;][vc_column width=&#8221;1\/2&#8243;][vc_video link=&#8221;https:\/\/www.youtube.com\/watch?v=e4dMwTRkuG8&#8243; title=&#8221;Turma 1 &#8211; Hist\u00f3ria da Maria [&hellip;]<\/p>\n","protected":false},"author":500,"featured_media":0,"parent":0,"menu_order":0,"comment_status":"closed","ping_status":"closed","template":"","meta":{"_exactmetrics_skip_tracking":false,"_exactmetrics_sitenote_active":false,"_exactmetrics_sitenote_note":"","_exactmetrics_sitenote_category":0,"footnotes":"","_links_to":"","_links_to_target":""},"class_list":["post-536","page","type-page","status-publish","hentry"],"_links":{"self":[{"href":"https:\/\/www3.unicentro.br\/florescer\/wp-json\/wp\/v2\/pages\/536","targetHints":{"allow":["GET"]}}],"collection":[{"href":"https:\/\/www3.unicentro.br\/florescer\/wp-json\/wp\/v2\/pages"}],"about":[{"href":"https:\/\/www3.unicentro.br\/florescer\/wp-json\/wp\/v2\/types\/page"}],"author":[{"embeddable":true,"href":"https:\/\/www3.unicentro.br\/florescer\/wp-json\/wp\/v2\/users\/500"}],"replies":[{"embeddable":true,"href":"https:\/\/www3.unicentro.br\/florescer\/wp-json\/wp\/v2\/comments?post=536"}],"version-history":[{"count":0,"href":"https:\/\/www3.unicentro.br\/florescer\/wp-json\/wp\/v2\/pages\/536\/revisions"}],"wp:attachment":[{"href":"https:\/\/www3.unicentro.br\/florescer\/wp-json\/wp\/v2\/media?parent=536"}],"curies":[{"name":"wp","href":"https:\/\/api.w.org\/{rel}","templated":true}]}}