{"id":291,"date":"2019-02-25T16:23:47","date_gmt":"2019-02-25T19:23:47","guid":{"rendered":"https:\/\/www3.unicentro.br\/especializacao\/?page_id=291"},"modified":"2024-06-17T16:28:50","modified_gmt":"2024-06-17T19:28:50","slug":"contato","status":"publish","type":"page","link":"https:\/\/www3.unicentro.br\/especializacao\/contato\/","title":{"rendered":"Contato"},"content":{"rendered":"<div class=\"wpb-content-wrapper\"><p>[vc_row][vc_column width=&#8221;1\/2&#8243;][vc_column_text css=&#8221;&#8221;]<\/p>\n<p style=\"text-align: center\"><strong>N\u00facleo de P\u00f3s-Gradua\u00e7\u00e3o \u2013 NUPG:<\/strong><br \/>\nTelefone: (42) 3621-1036<br \/>\nE-mail: <a href=\"mailto:nupg@unicentro.br\">nupg@unicentro.br<\/a><\/p>\n<p style=\"text-align: center\"><strong>Hor\u00e1rio de atendimento:<\/strong><br \/>\nManh\u00e3: das 8h30 \u00e0s 11h30<br \/>\nTarde: das 14h \u00e0s 17h<\/p>\n<hr \/>\n<p style=\"text-align: center\"><strong>EQUIPE<\/strong><\/p>\n<p style=\"text-align: center\"><strong>Pr\u00f3-Reitor de Pesquisa e P\u00f3s-Gradua\u00e7\u00e3o:<\/strong><br \/>\n<em>Prof. Paulo Roberto da Silva<\/em><br \/>\n<a href=\"mailto:prsilva@unicentro.br\">prsilva@unicentro.br<\/a><br \/>\nContato (42) 3621-1079<\/p>\n<p style=\"text-align: center\"><strong>Coordenador do N\u00facleo de P\u00f3s-Gradua\u00e7\u00e3o Lato Sensu<\/strong><br \/>\n<em>Prof. Dr. Luciano Farinha Watzlawick<\/em><br \/>\n<a href=\"mailto:farinha@unicentro.br\">farinha@unicentro.br<\/a><br \/>\nContato (42) 3621-1316<\/p>\n<p style=\"text-align: center\"><strong>Cadastro e Documenta\u00e7\u00e3o de Alunos<\/strong><br \/>\n<em>Thiago Cardoso Marcelino<\/em><br \/>\n<a href=\"mailto:tcmarcelino@unicentro.br\">tcmarcelino@unicentro.br<\/a><br \/>\nContato (42) 3621-1342<\/p>\n<p style=\"text-align: center\"><em>Rosana Cl\u00e1udia dos Santos Kaminski<\/em><br \/>\n<a href=\"mailto:rosanakaminski@unicentro.br\">rosanakaminski@unicentro.br<\/a><br \/>\nContato (42) 3621-1036<\/p>\n<p style=\"text-align: center\"><strong>Sess\u00e3o de Expedi\u00e7\u00e3o de Certificados<\/strong><br \/>\n<em>Laisy Terezinha Vicentin<\/em><br \/>\n<a href=\"mailto:laisy@unicentro.br\">laisy@unicentro.br<\/a><br \/>\nContato (42) 3621-1475<\/p>\n<p style=\"text-align: center\"><strong>Setor Financeiro<\/strong><br \/>\n<em>Maycon Andr\u00e9 Zanin<\/em><br \/>\n<a href=\"mailto:mzanin@unicentro.br\">mzanin@unicentro.br<\/a><br \/>\nContato (42) 3621-1342<\/p>\n<p style=\"text-align: center\"><strong>Trabalho de Conclus\u00e3o de Curso, TCC<\/strong><br \/>\n<em>Luciane Franciolli da Silva Acosta<\/em><br \/>\n<a href=\"mailto:lsilva@unicentro.br\">lsilva@unicentro.br<\/a><br \/>\nContato (42) 3621-1475<\/p>\n<p style=\"text-align: center\"><strong>Resid\u00eancias e Aprimoramento em Medicina Veterin\u00e1ria<\/strong><br \/>\n<em>Carolina Silva<\/em><br \/>\n<a href=\"mailto:carolinasilva@unicentro.br\">carolinasilva@unicentro.br<\/a><br \/>\nContato (42) 3629-8105<\/p>\n<p style=\"text-align: center\"><strong>Divis\u00e3o de Pesquisa e P\u00f3s-Gradua\u00e7\u00e3o Irati<\/strong><br \/>\n<em>Diego Luis Venancio<\/em><br \/>\n<a href=\"mailto:dlvenancio@unicentro.br\">dlvenancio@unicentro.br<\/a><br \/>\nContato (42) 3421-3051<\/p>\n<p>[\/vc_column_text][\/vc_column][vc_column width=&#8221;1\/2&#8243;]\n<div class=\"wpcf7 no-js\" id=\"wpcf7-f1093-o1\" lang=\"pt-BR\" dir=\"ltr\" data-wpcf7-id=\"1093\">\n<div class=\"screen-reader-response\"><p role=\"status\" aria-live=\"polite\" aria-atomic=\"true\"><\/p> <ul><\/ul><\/div>\n<form action=\"\/especializacao\/wp-json\/wp\/v2\/pages\/291#wpcf7-f1093-o1\" method=\"post\" class=\"wpcf7-form init\" aria-label=\"Formul\u00e1rios de contato\" novalidate=\"novalidate\" data-status=\"init\">\n<fieldset class=\"hidden-fields-container\"><input type=\"hidden\" name=\"_wpcf7\" value=\"1093\" \/><input type=\"hidden\" name=\"_wpcf7_version\" value=\"6.1.5\" \/><input type=\"hidden\" name=\"_wpcf7_locale\" value=\"pt_BR\" \/><input type=\"hidden\" name=\"_wpcf7_unit_tag\" value=\"wpcf7-f1093-o1\" \/><input type=\"hidden\" name=\"_wpcf7_container_post\" value=\"0\" \/><input type=\"hidden\" name=\"_wpcf7_posted_data_hash\" value=\"\" \/><input type=\"hidden\" name=\"_wpcf7_recaptcha_response\" value=\"\" \/>\n<\/fieldset>\n<p><label> Seu nome<br \/>\n<span class=\"wpcf7-form-control-wrap\" data-name=\"your-name\"><input size=\"40\" maxlength=\"400\" class=\"wpcf7-form-control wpcf7-text wpcf7-validates-as-required\" aria-required=\"true\" aria-invalid=\"false\" value=\"\" type=\"text\" name=\"your-name\" \/><\/span> <\/label>\n<\/p>\n<p><label> Seu email<br \/>\n<span class=\"wpcf7-form-control-wrap\" data-name=\"your-email\"><input size=\"40\" maxlength=\"400\" class=\"wpcf7-form-control wpcf7-email wpcf7-validates-as-required wpcf7-text wpcf7-validates-as-email\" aria-required=\"true\" aria-invalid=\"false\" value=\"\" type=\"email\" name=\"your-email\" \/><\/span> <\/label>\n<\/p>\n<p><label> Assunto<br \/>\n<span class=\"wpcf7-form-control-wrap\" data-name=\"your-subject\"><input size=\"40\" maxlength=\"400\" class=\"wpcf7-form-control wpcf7-text wpcf7-validates-as-required\" aria-required=\"true\" aria-invalid=\"false\" value=\"\" type=\"text\" name=\"your-subject\" \/><\/span> <\/label>\n<\/p>\n<p><label> Sua mensagem<br \/>\n<span class=\"wpcf7-form-control-wrap\" data-name=\"your-message\"><textarea cols=\"40\" rows=\"10\" maxlength=\"2000\" class=\"wpcf7-form-control wpcf7-textarea wpcf7-validates-as-required\" aria-required=\"true\" aria-invalid=\"false\" name=\"your-message\"><\/textarea><\/span> <\/label>\n<\/p>\n<p><input class=\"wpcf7-form-control wpcf7-submit has-spinner\" type=\"submit\" value=\"Enviar\" \/>\n<\/p><p style=\"display: none !important;\" class=\"akismet-fields-container\" data-prefix=\"_wpcf7_ak_\"><label>&#916;<textarea name=\"_wpcf7_ak_hp_textarea\" cols=\"45\" rows=\"8\" maxlength=\"100\"><\/textarea><\/label><input type=\"hidden\" id=\"ak_js_1\" name=\"_wpcf7_ak_js\" value=\"145\"\/><script>document.getElementById( \"ak_js_1\" ).setAttribute( \"value\", ( new Date() ).getTime() );<\/script><\/p><div class=\"wpcf7-response-output\" aria-hidden=\"true\"><\/div>\n<\/form>\n<\/div>\n[\/vc_column][\/vc_row]<\/p>\n<\/div>","protected":false},"excerpt":{"rendered":"<p>[vc_row][vc_column width=&#8221;1\/2&#8243;][vc_column_text css=&#8221;&#8221;] N\u00facleo de P\u00f3s-Gradua\u00e7\u00e3o \u2013 NUPG: Telefone: (42) 3621-1036 E-mail: nupg@unicentro.br Hor\u00e1rio de atendimento: Manh\u00e3: das 8h30 \u00e0s 11h30 Tarde: das 14h \u00e0s 17h EQUIPE Pr\u00f3-Reitor de Pesquisa e P\u00f3s-Gradua\u00e7\u00e3o: Prof. Paulo Roberto da Silva prsilva@unicentro.br Contato (42) 3621-1079 Coordenador do N\u00facleo de P\u00f3s-Gradua\u00e7\u00e3o Lato Sensu Prof. Dr. Luciano Farinha Watzlawick farinha@unicentro.br Contato [&hellip;]<\/p>\n","protected":false},"author":3,"featured_media":0,"parent":0,"menu_order":0,"comment_status":"closed","ping_status":"closed","template":"","meta":{"_exactmetrics_skip_tracking":false,"_exactmetrics_sitenote_active":false,"_exactmetrics_sitenote_note":"","_exactmetrics_sitenote_category":0,"footnotes":"","_links_to":"","_links_to_target":""},"class_list":["post-291","page","type-page","status-publish","hentry"],"_links":{"self":[{"href":"https:\/\/www3.unicentro.br\/especializacao\/wp-json\/wp\/v2\/pages\/291","targetHints":{"allow":["GET"]}}],"collection":[{"href":"https:\/\/www3.unicentro.br\/especializacao\/wp-json\/wp\/v2\/pages"}],"about":[{"href":"https:\/\/www3.unicentro.br\/especializacao\/wp-json\/wp\/v2\/types\/page"}],"author":[{"embeddable":true,"href":"https:\/\/www3.unicentro.br\/especializacao\/wp-json\/wp\/v2\/users\/3"}],"replies":[{"embeddable":true,"href":"https:\/\/www3.unicentro.br\/especializacao\/wp-json\/wp\/v2\/comments?post=291"}],"version-history":[{"count":1,"href":"https:\/\/www3.unicentro.br\/especializacao\/wp-json\/wp\/v2\/pages\/291\/revisions"}],"predecessor-version":[{"id":4290,"href":"https:\/\/www3.unicentro.br\/especializacao\/wp-json\/wp\/v2\/pages\/291\/revisions\/4290"}],"wp:attachment":[{"href":"https:\/\/www3.unicentro.br\/especializacao\/wp-json\/wp\/v2\/media?parent=291"}],"curies":[{"name":"wp","href":"https:\/\/api.w.org\/{rel}","templated":true}]}}