{"id":26,"date":"2019-02-21T16:55:36","date_gmt":"2019-02-21T19:55:36","guid":{"rendered":"https:\/\/www3.unicentro.br\/especializacao\/?page_id=26"},"modified":"2021-04-22T10:34:05","modified_gmt":"2021-04-22T13:34:05","slug":"legislacao","status":"publish","type":"page","link":"https:\/\/www3.unicentro.br\/especializacao\/legislacao\/","title":{"rendered":"Legisla\u00e7\u00e3o"},"content":{"rendered":"<div class=\"wpb-content-wrapper\"><p>[vc_row][vc_column][vc_column_text]<\/p>\n<ul>\n<li><a href=\"https:\/\/www3.unicentro.br\/especializacao\/wp-content\/uploads\/sites\/64\/2019\/02\/Resoluc\u0327a\u0303o-do-Conselho-Nacional-de-Educac\u0327a\u0303o-para-Oferta-de-Cursos-de-Po\u0301s-Graduac\u0327a\u0303o-Lato-Sensu.pdf\">Resolu\u00e7\u00e3o do Conselho Nacional de Educa\u00e7\u00e3o para Oferta de Cursos de P\u00f3s-Gradua\u00e7\u00e3o Lato Sensu<\/a><\/li>\n<li><a href=\"https:\/\/www3.unicentro.br\/especializacao\/wp-content\/uploads\/sites\/64\/2019\/02\/Matriculas-em-Disciplina-Isolada2.pdf\">Matriculas em Disciplina Isolada<\/a><\/li>\n<li>Projeto para Oferta de Novos Cursos (<a href=\"https:\/\/www3.unicentro.br\/especializacao\/wp-content\/uploads\/sites\/64\/2019\/02\/Modelo-Projeto-de-curso1.pdf\">.pdf<\/a>) (<a href=\"https:\/\/www3.unicentro.br\/especializacao\/wp-content\/uploads\/sites\/64\/2019\/02\/Modelo-Projeto-de-curso1.doc\">.doc<\/a>)<\/li>\n<li><a href=\"http:\/\/sgu.unicentro.br\/pcatooficiais\/imprimir\/4D42401F\">Instru\u00e7\u00f5es para Elabora\u00e7\u00e3o de Or\u00e7amento de Curso<\/a><\/li>\n<li><a href=\"https:\/\/www3.unicentro.br\/especializacao\/wp-content\/uploads\/sites\/64\/2019\/02\/6-Aproveitamento-de-Disciplinas.pdf\">Aproveitamento de Disciplinas<\/a><\/li>\n<\/ul>\n<p>[\/vc_column_text][vc_tta_tabs][vc_tta_section title=&#8221;Cursos Presenciais&#8221; tab_id=&#8221;1618496005924-e774f508-e8f4&#8243;][vc_column_text]<\/p>\n<ul>\n<li><a href=\"https:\/\/sgu.unicentro.br\/pcatooficiais\/imprimir\/89F8F3FB\">Regulamento dos Cursos de P\u00f3s-Gradua\u00e7\u00e3o Lato Sensu, na modalidade presencial, da Universidade Estadual do Centro-Oeste, Unicentro<\/a><\/li>\n<li><a href=\"http:\/\/sgu.unicentro.br\/pcatooficiais\/imprimir\/89F8F3FB\">Resolu\u00e7\u00e3o dos Cursos Presenciais de P\u00f3s-Gradua\u00e7\u00e3o Lato Sensu<\/a><\/li>\n<li><a href=\"https:\/\/www3.unicentro.br\/especializacao\/wp-content\/uploads\/sites\/64\/2021\/04\/Modelo_de_Projeto_para_cursos_presenciais_60772b262a50a.doc\">Modelo para Projeto de Cursos Presenciais<\/a><\/li>\n<\/ul>\n<p>[\/vc_column_text][\/vc_tta_section][vc_tta_section title=&#8221;Cursos EaD&#8221; tab_id=&#8221;1618496005940-b42881b0-550c&#8221;][vc_column_text]<\/p>\n<ul>\n<li><a href=\"https:\/\/sgu.unicentro.br\/pcatooficiais\/imprimir\/2E9731A2\">Regulamento dos Cursos de P\u00f3s-Gradua\u00e7\u00e3o Lato Sensu, na modalidade de Educa\u00e7\u00e3o a Dist\u00e2ncia, da Universidade Estadual do Centro-Oeste, Unicentro<\/a><\/li>\n<li><a href=\"http:\/\/sgu.unicentro.br\/pcatooficiais\/imprimir\/36ED5CD5\">Resolu\u00e7\u00e3o dos Cursos a Dist\u00e2ncia de P\u00f3s-Gradua\u00e7\u00e3o Lato Sensu<\/a><\/li>\n<li><a href=\"https:\/\/www3.unicentro.br\/especializacao\/wp-content\/uploads\/sites\/64\/2021\/04\/Modelo_para_Projeto_de_CURSO_DE_P_S_EaD_2204.docx\">Modelo de Projeto para Cursos EaD<\/a><\/li>\n<\/ul>\n<p>[\/vc_column_text][\/vc_tta_section][\/vc_tta_tabs][\/vc_column][\/vc_row]<\/p>\n<\/div>","protected":false},"excerpt":{"rendered":"<p>[vc_row][vc_column][vc_column_text] Resolu\u00e7\u00e3o do Conselho Nacional de Educa\u00e7\u00e3o para Oferta de Cursos de P\u00f3s-Gradua\u00e7\u00e3o Lato Sensu Matriculas em Disciplina Isolada Projeto para Oferta de Novos Cursos (.pdf) (.doc) Instru\u00e7\u00f5es para Elabora\u00e7\u00e3o de Or\u00e7amento de Curso Aproveitamento de Disciplinas [\/vc_column_text][vc_tta_tabs][vc_tta_section title=&#8221;Cursos Presenciais&#8221; tab_id=&#8221;1618496005924-e774f508-e8f4&#8243;][vc_column_text] Regulamento dos Cursos de P\u00f3s-Gradua\u00e7\u00e3o Lato Sensu, na modalidade presencial, da Universidade Estadual do [&hellip;]<\/p>\n","protected":false},"author":3,"featured_media":0,"parent":0,"menu_order":0,"comment_status":"closed","ping_status":"closed","template":"","meta":{"_exactmetrics_skip_tracking":false,"_exactmetrics_sitenote_active":false,"_exactmetrics_sitenote_note":"","_exactmetrics_sitenote_category":0,"footnotes":"","_links_to":"","_links_to_target":""},"class_list":["post-26","page","type-page","status-publish","hentry"],"_links":{"self":[{"href":"https:\/\/www3.unicentro.br\/especializacao\/wp-json\/wp\/v2\/pages\/26","targetHints":{"allow":["GET"]}}],"collection":[{"href":"https:\/\/www3.unicentro.br\/especializacao\/wp-json\/wp\/v2\/pages"}],"about":[{"href":"https:\/\/www3.unicentro.br\/especializacao\/wp-json\/wp\/v2\/types\/page"}],"author":[{"embeddable":true,"href":"https:\/\/www3.unicentro.br\/especializacao\/wp-json\/wp\/v2\/users\/3"}],"replies":[{"embeddable":true,"href":"https:\/\/www3.unicentro.br\/especializacao\/wp-json\/wp\/v2\/comments?post=26"}],"version-history":[{"count":0,"href":"https:\/\/www3.unicentro.br\/especializacao\/wp-json\/wp\/v2\/pages\/26\/revisions"}],"wp:attachment":[{"href":"https:\/\/www3.unicentro.br\/especializacao\/wp-json\/wp\/v2\/media?parent=26"}],"curies":[{"name":"wp","href":"https:\/\/api.w.org\/{rel}","templated":true}]}}