{"id":79,"date":"2018-09-05T13:47:09","date_gmt":"2018-09-05T16:47:09","guid":{"rendered":"https:\/\/www3.unicentro.br\/eri\/?page_id=79"},"modified":"2019-02-05T10:45:03","modified_gmt":"2019-02-05T12:45:03","slug":"apresentacao","status":"publish","type":"page","link":"https:\/\/www3.unicentro.br\/eri\/cooperacao-internacional\/apresentacao\/","title":{"rendered":"Apresenta\u00e7\u00e3o"},"content":{"rendered":"<div class=\"wpb-content-wrapper\"><p>[vc_row][vc_column][vc_column_text]<\/p>\n<p class=\"p1\">As a\u00e7\u00f5es de internacionaliza\u00e7\u00e3o na Unicentro t\u00eam sido propostas com o objetivo de contribuir para o desenvolvimento de suas \u00e1reas de excel\u00eancia acad\u00eamica sem perder de vista a miss\u00e3o institucional de produzir conhecimento e implementar a\u00e7\u00f5es que contribuam para a transforma\u00e7\u00e3o do contexto socioecon\u00f4mico e pol\u00edtico na regi\u00e3o de sua abrang\u00eancia.<\/p>\n<p class=\"p1\">Tem sido estabelecidas parcerias sobretudo com institui\u00e7\u00f5es de pa\u00edses com os quais as a\u00e7\u00f5es compartilhadas resultam a produ\u00e7\u00e3o de conhecimento que viabiliza o aprofundamento de estudos e interven\u00e7\u00f5es em torno de quest\u00f5es pertinentes \u00e0 regi\u00e3o de abrang\u00eacia da Unicentro, sendo destacadas as similaridades geogr\u00e1ficas (relevo, vegeta\u00e7\u00e3o, clima etc.), sociais (educa\u00e7\u00e3o, economia etc.) e culturais (costumes, tradi\u00e7\u00f5es, idiomas etc.).<\/p>\n<p class=\"p1\">Desenvolvendo-se em um processo de m\u00e3o dupla, estas parcerias n\u00e3o objetivam apenas a apropria\u00e7\u00e3o de conhecimento para beneficiar a comunidade acad\u00eamica da Unicentro, mas pela experi\u00eancia acumulada da institui\u00e7\u00e3o tamb\u00e9m busca contribuir com o resultado de seus estudos para a moderniza\u00e7\u00e3o e inova\u00e7\u00e3o em diferentes setores dos pa\u00edses e parceiros.<\/p>\n<p class=\"p1\">Com este pressuposto, a Unicentro vem ampliando sua coopera\u00e7\u00e3o cient\u00edfica em a\u00e7\u00f5es de ensino, pesquisa, inova\u00e7\u00e3o tecnol\u00f3gica, extens\u00e3o e cultura de modo a estimular e viabilizar o contato entre a comunidade universit\u00e1ria, seus docentes e pesquisadores e institui\u00e7\u00f5es internacionais parceiras.<\/p>\n<p>[\/vc_column_text][\/vc_column][\/vc_row]<\/p>\n<\/div>","protected":false},"excerpt":{"rendered":"<p>[vc_row][vc_column][vc_column_text] As a\u00e7\u00f5es de internacionaliza\u00e7\u00e3o na Unicentro t\u00eam sido propostas com o objetivo de contribuir para o desenvolvimento de suas \u00e1reas de excel\u00eancia acad\u00eamica sem perder de vista a miss\u00e3o institucional de produzir conhecimento e implementar a\u00e7\u00f5es que contribuam para a transforma\u00e7\u00e3o do contexto socioecon\u00f4mico e pol\u00edtico na regi\u00e3o de sua abrang\u00eancia. Tem sido estabelecidas [&hellip;]<\/p>\n","protected":false},"author":3,"featured_media":0,"parent":77,"menu_order":0,"comment_status":"closed","ping_status":"closed","template":"","meta":{"_exactmetrics_skip_tracking":false,"_exactmetrics_sitenote_active":false,"_exactmetrics_sitenote_note":"","_exactmetrics_sitenote_category":0,"footnotes":"","_links_to":"","_links_to_target":""},"class_list":["post-79","page","type-page","status-publish","hentry"],"publishpress_future_action":{"enabled":false,"date":"2026-04-30 18:22:18","action":"change-status","newStatus":"draft","terms":[],"taxonomy":"language","extraData":[]},"publishpress_future_workflow_manual_trigger":{"enabledWorkflows":[]},"_links":{"self":[{"href":"https:\/\/www3.unicentro.br\/eri\/wp-json\/wp\/v2\/pages\/79","targetHints":{"allow":["GET"]}}],"collection":[{"href":"https:\/\/www3.unicentro.br\/eri\/wp-json\/wp\/v2\/pages"}],"about":[{"href":"https:\/\/www3.unicentro.br\/eri\/wp-json\/wp\/v2\/types\/page"}],"author":[{"embeddable":true,"href":"https:\/\/www3.unicentro.br\/eri\/wp-json\/wp\/v2\/users\/3"}],"replies":[{"embeddable":true,"href":"https:\/\/www3.unicentro.br\/eri\/wp-json\/wp\/v2\/comments?post=79"}],"version-history":[{"count":0,"href":"https:\/\/www3.unicentro.br\/eri\/wp-json\/wp\/v2\/pages\/79\/revisions"}],"up":[{"embeddable":true,"href":"https:\/\/www3.unicentro.br\/eri\/wp-json\/wp\/v2\/pages\/77"}],"wp:attachment":[{"href":"https:\/\/www3.unicentro.br\/eri\/wp-json\/wp\/v2\/media?parent=79"}],"curies":[{"name":"wp","href":"https:\/\/api.w.org\/{rel}","templated":true}]}}