{"id":537,"date":"2019-02-04T15:15:06","date_gmt":"2019-02-04T17:15:06","guid":{"rendered":"https:\/\/www3.unicentro.br\/eri\/?page_id=537"},"modified":"2020-03-09T11:46:10","modified_gmt":"2020-03-09T14:46:10","slug":"graduate","status":"publish","type":"page","link":"https:\/\/www3.unicentro.br\/eri\/en\/international-cooperation\/actions\/graduate\/","title":{"rendered":"Graduate Programs"},"content":{"rendered":"<p class=\"p1\">Different International Cooperation Programs have directly benefited graduate students, such as:<\/p>\n<p class=\"p2\"><strong>Doctoral Program-Sandwich Abroad (PDSE)<\/strong>: funded by the Capes, the program supports the training of high level humans resources through the granting of sandwich doctoral scholarships abroad to Higher Education Institutions with PhD courses recognized by Capes.<br \/>\n<span class=\"s1\"><em>Website<\/em>: <\/span><a href=\"http:\/\/www.capes.gov.br\/component\/content\/article?id=4561\">http:\/\/www.capes.gov.br\/component\/content\/article?id=4561<\/a><br \/>\n<em>Unicentro participation<\/em>: doctoral students have already developed part of their studies in institutions abroad, such as: University of Deakin (Austr\u00e1lia), Victoria University (Austr\u00e1lia), University de Manitoba (Canad\u00e1), Universidade de Coimbra (Portugal) e Universit\u00e0 di Bologna (It\u00e1lia).<\/p>\n<p class=\"p2\"><strong>Alliances Program for Education and Training (Brazilian Scholarships \u2013 PAEC \/ OAS \/ GCUB)<\/strong>: as a result of the cooperation between the Organization of American States (OAS), the Pan American Health Organization (PAHO \/ WHO) and the Coimbra Group of Brazilian Universities (GCUB), with support from the Division of Educational Issues of the Ministry of Foreign Affairs of Brazil (DCE \/ MRE). It is one of the most important regional cooperation initiatives in the educational field for the development of the Latin America and Caribbean). Its main objective is contributing to the integration and America regional strengthening through the grant of full scholarships in Graduate Programs (Master and Doctoral Degrees) in Brazilian universities associated to the GCUB to students from the 34 OAS member countries, except Brazil.<br \/>\n<em>Websiste<\/em>: http:\/\/www.grupocoimbra.org.br\/Programas\/PaginaProgramas.aspx? programaID=1<br \/>\n<em>Unicentro participation<\/em>: students from Bolivia, Chile, Colombia, Costa Rica, Haiti, Peru e Venezuela have already complete (or they have been developing) their studies in Master Degrees of Unicentro.<\/p>\n<p class=\"p2\"><strong>Emerging Leaders in the Americas Program (ELAP)<\/strong>: funded by the Canadian government that grants scholarships for undergraduate students from institutions affiliated with Canadian universities to be able to carry out semester mobility in Canada.<br \/>\n<span class=\"s1\"><em>Website<\/em>: <\/span><a href=\"http:\/\/www.scholarships-bourses.gc.ca\/scholarshipsbourses\/can\/institutions\/elap-pfla.aspx?lang=eng\">http:\/\/www.scholarships-bourses.gc.ca\/scholarshipsbourses\/can\/institutions\/elap-pfla.aspx?lang=eng<\/a><br \/>\n<em>Unicentro participation<\/em>: cooperation with University of Saskatchewan and Universit\u00e9 du Qu\u00e9bec \u00e0 Trois-Rivi\u00e8res and Lakehead University.<\/p>\n","protected":false},"excerpt":{"rendered":"<p>Different International Cooperation Programs have directly benefited graduate students, such as: Doctoral Program-Sandwich Abroad (PDSE): funded by the Capes, the program supports the training of high level humans resources through the granting of sandwich doctoral scholarships abroad to Higher Education Institutions with PhD courses recognized by Capes. Website: http:\/\/www.capes.gov.br\/component\/content\/article?id=4561 Unicentro participation: doctoral students have already [&hellip;]<\/p>\n","protected":false},"author":3,"featured_media":0,"parent":533,"menu_order":0,"comment_status":"closed","ping_status":"closed","template":"","meta":{"_exactmetrics_skip_tracking":false,"_exactmetrics_sitenote_active":false,"_exactmetrics_sitenote_note":"","_exactmetrics_sitenote_category":0,"footnotes":"","_links_to":"","_links_to_target":""},"class_list":["post-537","page","type-page","status-publish","hentry"],"publishpress_future_action":{"enabled":false,"date":"2026-04-30 18:22:18","action":"change-status","newStatus":"draft","terms":[],"taxonomy":"language","extraData":[]},"publishpress_future_workflow_manual_trigger":{"enabledWorkflows":[]},"_links":{"self":[{"href":"https:\/\/www3.unicentro.br\/eri\/wp-json\/wp\/v2\/pages\/537","targetHints":{"allow":["GET"]}}],"collection":[{"href":"https:\/\/www3.unicentro.br\/eri\/wp-json\/wp\/v2\/pages"}],"about":[{"href":"https:\/\/www3.unicentro.br\/eri\/wp-json\/wp\/v2\/types\/page"}],"author":[{"embeddable":true,"href":"https:\/\/www3.unicentro.br\/eri\/wp-json\/wp\/v2\/users\/3"}],"replies":[{"embeddable":true,"href":"https:\/\/www3.unicentro.br\/eri\/wp-json\/wp\/v2\/comments?post=537"}],"version-history":[{"count":0,"href":"https:\/\/www3.unicentro.br\/eri\/wp-json\/wp\/v2\/pages\/537\/revisions"}],"up":[{"embeddable":true,"href":"https:\/\/www3.unicentro.br\/eri\/wp-json\/wp\/v2\/pages\/533"}],"wp:attachment":[{"href":"https:\/\/www3.unicentro.br\/eri\/wp-json\/wp\/v2\/media?parent=537"}],"curies":[{"name":"wp","href":"https:\/\/api.w.org\/{rel}","templated":true}]}}