{"id":535,"date":"2019-02-04T15:02:14","date_gmt":"2019-02-04T17:02:14","guid":{"rendered":"https:\/\/www3.unicentro.br\/eri\/?page_id=535"},"modified":"2020-03-09T11:44:37","modified_gmt":"2020-03-09T14:44:37","slug":"undergraduate","status":"publish","type":"page","link":"https:\/\/www3.unicentro.br\/eri\/en\/international-cooperation\/actions\/undergraduate\/","title":{"rendered":"Undergraduate Programs"},"content":{"rendered":"<p class=\"p1\">Different International Cooperation Programs have directly benefited undergraduate students, such as:<\/p>\n<p class=\"p2\"><strong>UNIBRAL Program<\/strong>: currently deactivated, the program was implemented by Capes in cooperation with the German Academic Exchange Service (DAAD) and aimed at supporting partnership projects between Brazilian and German universities to promote the exchange of undergraduate teachers and students.<br \/>\n<span class=\"s1\"><em>Website<\/em>: <\/span><a href=\"http:\/\/www.capes.gov.br\/cooperacaointernacional\/alemanha\/unibral\">http:\/\/www.capes.gov.br\/cooperacaointernacional\/alemanha\/unibral<\/a><br \/>\n<em>Unicentro participation<\/em>: cooperation with University of Applied Forest Sciences Rottenburg.<\/p>\n<p class=\"p2\"><strong>International Licentiate Program \u2013 Portugal (PLI)<\/strong>: implemented by Capes, the program supports projects for double degree of undergraduate students in the areas of Biology, Physics, Mathematics, Chemistry and Portuguese in the scope of the International Licentiate Program \u2013 Portugal (PLI), in order to promote and stimulate teacher education of basic education in Brazil.<br \/>\n<span class=\"s1\"><em>Website<\/em>: <\/span><a href=\"http:\/\/www.capes.gov.br\/cooperacaointernacional\/multinacional\/licenciaturas-internacionais\/licenciaturasinternacionais-portugal\">http:\/\/www.capes.gov.br\/cooperacaointernacional\/multinacional\/licenciaturas-internacionais\/licenciaturasinternacionais-portugal<\/a><br \/>\n<em>Unicentro participation<\/em>: cooperation with Universidade de Coimbra and Universidade do Porto.<\/p>\n<p class=\"p2\"><strong>BRAFAGRI Program<\/strong>: implemented by Capes, the program supports cooperation projects of undergraduate programs between Brazilian and French universities in the fields of agronomic sciences, agrifood and veterinary scienses. Its objective is to foster the exchange in both countries, and to stimulate the approach of curricular structures, including the equivalence and mutual recognition of credits obtained in participating institutions.<br \/>\n<span class=\"s1\"><em>Website<\/em>: <\/span><a href=\"http:\/\/www.capes.gov.br\/cooperacao-internacional\/franca\/capesbrafagri\">http:\/\/www.capes.gov.br\/cooperacao-internacional\/franca\/capesbrafagri<\/a><br \/>\n<em>Unicentro participation<\/em>: in a joint proposal with UNESP (Botucatu Campus \u2013 Faculty of Agronomic Sciences) and UESC (Santa Cruz State University), activities have been developed in cooperation with three French institutions: VetAgro Sup, Bordeaux Sciences Agro &#8211; Institute of Agricultural Sciences and ISARA-Lyon.<\/p>\n<p class=\"p2\"><strong>Zicosur Mobility Program<\/strong>: with funding of the <span class=\"s2\">Secretariat of Science,\u00a0<\/span>Technology and Higher Education of the Parana State (SETI\/PR)<span class=\"s1\">, the program\u00a0<\/span>has made it possible to carry out short-term mobility (both incoming and outgoing) for students, faculty and staff at universities in Paraguay, Argentina, Chile and Bolivia.<br \/>\n<span class=\"s1\">Website: <\/span><a href=\"https:\/\/zicosur.wordpress.com\/mobilidade\/\">https:\/\/zicosur.wordpress.com\/mobilidade\/<\/a><\/p>\n<p class=\"p2\"><strong>Exchange Program for Undergraduate Students (PEC-G)<\/strong>: created in 1964, the program is administered by the Ministry of Foreign Affairs (MRE), through the Division of Educational Issues (DCE), and by the Ministry of Education (MEC), in partnership with Higher Education Institutions throughout the country. It is offered vacancies for graduation courses in Brazilian Higher Education Institutions (IES) to students from developing countries with which Brazil maintains educational, cultural or scientific and technological agreements.<br \/>\n<span class=\"s1\"><em>Website<\/em>: <\/span><a href=\"http:\/\/www.dce.mre.gov.br\/PEC\/PECG.php\">http:\/\/www.dce.mre.gov.br\/PEC\/PECG.php<\/a><br \/>\n<em>Unicentro participation<\/em>: the institution has already received three international students through the PEC-G. One is from Guinea-Bissau, which completed the Undergraduate Program in Accounting Sciences. The others are respectively from Benin and Cape Verde, and they are attending a Undergraduate Program in Nutrition.<\/p>\n<p class=\"p1\"><strong>Brazil-Colombia Exchange Program (BRACOL)<\/strong>: managed by the Coimbra Group of Brazilian Universities (GCUB) in cooperation with the Colombian Association of Universities (ASCUN), the program allows the exchange of undergraduate students between participating universities, so that Brazilian students develop part of their studies in an institution Colombian students, and Colombian students develop part of their studies in a Brazilian institution.<br \/>\n<span class=\"s1\"><em>Website<\/em>: <\/span><a href=\"http:\/\/www.grupocoimbra.org.br\/Programas\/PaginaProgramas.aspx?programaID=13\">http:\/\/www.grupocoimbra.org.br\/Programas\/PaginaProgramas.aspx?programaID=13<\/a><br \/>\n<em>Unicentro participation<\/em>: students have already been exchanged with the following Colombian universities: Universidad de Manizales (UManizales), Universidad Pedag\u00f3gica Nacional (UPN), Universidad Pedag\u00f3gica y Tecnol\u00f3gica de Colombia (UPTC), Universidad Catolica de Manizales (UCM) e Fundaci\u00f3n Universitaria de Ciencias de la Salud (FUCS).<\/p>\n<p class=\"p1\"><strong>Ibero-American Scholarships Program<\/strong>: financed by Banco Santander, through the Santander Universities Program. Scholarships of three thousand euros are awarded for undergraduate students to make mobility during a semester in an institution that is part of their university.<br \/>\n<span class=\"s1\"><em>Website<\/em>: <\/span><a href=\"https:\/\/www.santander.com.br\/universidades\">https:\/\/www.santander.com.br\/universidades<\/a><br \/>\n<em>Unicentro participation<\/em>: mobilities were held the following universities: Universidad Veracruzana (M\u00e9xico), Universidade de Coimbra (Portugal), Universidade do Minho (Portugal), Universidade do Algarve (Portugal) e Universidad Nacional de Santiago del Estero (Argentina).<\/p>\n<p class=\"p1\"><strong>Emerging Leaders in the Americas Program (ELAP)<\/strong>: funded by the Canadian government that grants scholarships for undergraduate students from institutions affiliated with Canadian universities to be able to carry out semester mobility in Canada.<br \/>\n<span class=\"s1\"><em>Website<\/em>: <\/span><a href=\"http:\/\/www.scholarships-bourses.gc.ca\/scholarshipsbourses\/can\/institutions\/elap-pfla.aspx?lang=eng\">http:\/\/www.scholarships-bourses.gc.ca\/scholarshipsbourses\/can\/institutions\/elap-pfla.aspx?lang=eng<\/a><br \/>\n<em>Unicentro participation<\/em>: cooperation with University of Saskatchewan and Universit\u00e9 du Qu\u00e9bec \u00e0 Trois-Rivi\u00e8res and Lakehead University.<\/p>\n","protected":false},"excerpt":{"rendered":"<p>Different International Cooperation Programs have directly benefited undergraduate students, such as: UNIBRAL Program: currently deactivated, the program was implemented by Capes in cooperation with the German Academic Exchange Service (DAAD) and aimed at supporting partnership projects between Brazilian and German universities to promote the exchange of undergraduate teachers and students. Website: http:\/\/www.capes.gov.br\/cooperacaointernacional\/alemanha\/unibral Unicentro participation: cooperation [&hellip;]<\/p>\n","protected":false},"author":3,"featured_media":0,"parent":533,"menu_order":0,"comment_status":"closed","ping_status":"closed","template":"","meta":{"_exactmetrics_skip_tracking":false,"_exactmetrics_sitenote_active":false,"_exactmetrics_sitenote_note":"","_exactmetrics_sitenote_category":0,"footnotes":"","_links_to":"","_links_to_target":""},"class_list":["post-535","page","type-page","status-publish","hentry"],"publishpress_future_action":{"enabled":false,"date":"2026-04-30 21:52:33","action":"change-status","newStatus":"draft","terms":[],"taxonomy":"language","extraData":[]},"publishpress_future_workflow_manual_trigger":{"enabledWorkflows":[]},"_links":{"self":[{"href":"https:\/\/www3.unicentro.br\/eri\/wp-json\/wp\/v2\/pages\/535","targetHints":{"allow":["GET"]}}],"collection":[{"href":"https:\/\/www3.unicentro.br\/eri\/wp-json\/wp\/v2\/pages"}],"about":[{"href":"https:\/\/www3.unicentro.br\/eri\/wp-json\/wp\/v2\/types\/page"}],"author":[{"embeddable":true,"href":"https:\/\/www3.unicentro.br\/eri\/wp-json\/wp\/v2\/users\/3"}],"replies":[{"embeddable":true,"href":"https:\/\/www3.unicentro.br\/eri\/wp-json\/wp\/v2\/comments?post=535"}],"version-history":[{"count":0,"href":"https:\/\/www3.unicentro.br\/eri\/wp-json\/wp\/v2\/pages\/535\/revisions"}],"up":[{"embeddable":true,"href":"https:\/\/www3.unicentro.br\/eri\/wp-json\/wp\/v2\/pages\/533"}],"wp:attachment":[{"href":"https:\/\/www3.unicentro.br\/eri\/wp-json\/wp\/v2\/media?parent=535"}],"curies":[{"name":"wp","href":"https:\/\/api.w.org\/{rel}","templated":true}]}}