{"id":243,"date":"2018-10-02T16:49:31","date_gmt":"2018-10-02T19:49:31","guid":{"rendered":"https:\/\/www3.unicentro.br\/eri\/?page_id=243"},"modified":"2019-08-23T13:40:10","modified_gmt":"2019-08-23T16:40:10","slug":"pmn","status":"publish","type":"page","link":"https:\/\/www3.unicentro.br\/eri\/mobilidade-academica\/nacional\/pmn\/","title":{"rendered":"Programa de Mobilidade Nacional da Abruem"},"content":{"rendered":"<p>O Programa de Mobilidade Nacional (PMN) \u00e9 promovido pela Associa\u00e7\u00e3o Brasileira dos Reitores das Universidades Estaduais e Municipais (Abruem), em parceria com suas universidades afiliadas.<\/p>\n<p><strong>\u00a0<\/strong>Em duas edi\u00e7\u00f5es anuais, uma em cada semestre, o PMN busca promover o interc\u00e2mbio de estudantes de gradua\u00e7\u00e3o das institui\u00e7\u00f5es participantes, com vistas a oportunizar a viv\u00eancia de diferentes m\u00e9todos pedag\u00f3gicos e did\u00e1ticos; conhecer diferen\u00e7as e costumes regionais, participar de atividades estudantis complementares; e adentrar em projetos de extens\u00e3o e pesquisa em diferentes centros educacionais distribu\u00eddos em todo o territ\u00f3rio nacional.<\/p>\n<p>Para participar do PMN, o estudante interessado deve consultar o Edital lan\u00e7ado pela Abruem. <a href=\"http:\/\/www.mobilidadenacional.ueg.br\/\"><strong>Clique aqui<\/strong><\/a> para consultar os Editais.<\/p>\n<p>Para estimular a participa\u00e7\u00e3o de estudantes da Unicentro no do PMN, s\u00e3o abertos editais institucionais para a concess\u00e3o de bolsas-aux\u00edlio. <strong><a href=\"https:\/\/www3.unicentro.br\/eri\/mobilidade-academica\/discente\/internacional\/exterior\/editais\/\">Clique aqui<\/a><\/strong> para consultar os Editais.<\/p>\n<p>Ap\u00f3s ser Aceito em uma das universidades participantes, o estudante da Unicentro deve formalizar seu afastamento da Unicentro, a partir do preenchimento de formul\u00e1rio espec\u00edfico, que deve protocolado com os documentos nele indicados.<br \/>\nPara realizar o download do formul\u00e1rio,\u00a0 <a href=\"https:\/\/www3.unicentro.br\/eri\/wp-content\/uploads\/sites\/35\/2018\/10\/PMN-Graduac%CC%A7a%CC%83o-OUT-Portugue%CC%82s.pdf\"><strong>clique aqui<\/strong><\/a>.<\/p>\n","protected":false},"excerpt":{"rendered":"<p>O Programa de Mobilidade Nacional (PMN) \u00e9 promovido pela Associa\u00e7\u00e3o Brasileira dos Reitores das Universidades Estaduais e Municipais (Abruem), em parceria com suas universidades afiliadas. \u00a0Em duas edi\u00e7\u00f5es anuais, uma em cada semestre, o PMN busca promover o interc\u00e2mbio de estudantes de gradua\u00e7\u00e3o das institui\u00e7\u00f5es participantes, com vistas a oportunizar a viv\u00eancia de diferentes m\u00e9todos [&hellip;]<\/p>\n","protected":false},"author":3,"featured_media":0,"parent":231,"menu_order":0,"comment_status":"closed","ping_status":"closed","template":"","meta":{"_exactmetrics_skip_tracking":false,"_exactmetrics_sitenote_active":false,"_exactmetrics_sitenote_note":"","_exactmetrics_sitenote_category":0,"footnotes":"","_links_to":"","_links_to_target":""},"class_list":["post-243","page","type-page","status-publish","hentry"],"publishpress_future_action":{"enabled":false,"date":"2026-04-30 18:34:24","action":"change-status","newStatus":"draft","terms":[],"taxonomy":"language","extraData":[]},"publishpress_future_workflow_manual_trigger":{"enabledWorkflows":[]},"_links":{"self":[{"href":"https:\/\/www3.unicentro.br\/eri\/wp-json\/wp\/v2\/pages\/243","targetHints":{"allow":["GET"]}}],"collection":[{"href":"https:\/\/www3.unicentro.br\/eri\/wp-json\/wp\/v2\/pages"}],"about":[{"href":"https:\/\/www3.unicentro.br\/eri\/wp-json\/wp\/v2\/types\/page"}],"author":[{"embeddable":true,"href":"https:\/\/www3.unicentro.br\/eri\/wp-json\/wp\/v2\/users\/3"}],"replies":[{"embeddable":true,"href":"https:\/\/www3.unicentro.br\/eri\/wp-json\/wp\/v2\/comments?post=243"}],"version-history":[{"count":0,"href":"https:\/\/www3.unicentro.br\/eri\/wp-json\/wp\/v2\/pages\/243\/revisions"}],"up":[{"embeddable":true,"href":"https:\/\/www3.unicentro.br\/eri\/wp-json\/wp\/v2\/pages\/231"}],"wp:attachment":[{"href":"https:\/\/www3.unicentro.br\/eri\/wp-json\/wp\/v2\/media?parent=243"}],"curies":[{"name":"wp","href":"https:\/\/api.w.org\/{rel}","templated":true}]}}