{"id":197,"date":"2018-10-01T17:10:31","date_gmt":"2018-10-01T20:10:31","guid":{"rendered":"https:\/\/www3.unicentro.br\/eri\/?page_id=197"},"modified":"2020-03-09T11:05:00","modified_gmt":"2020-03-09T14:05:00","slug":"exterior","status":"publish","type":"page","link":"https:\/\/www3.unicentro.br\/eri\/mobilidade-academica\/discente\/exterior\/","title":{"rendered":"Estudar ou Pesquisar no Exterior"},"content":{"rendered":"<div class=\"wpb-content-wrapper\"><p>[vc_row][vc_column][vc_column_text]As possibilidades para estudantes da Unicentro realizar mobilidade internacional s\u00e3o:<\/p>\n<p class=\"p2\" style=\"padding-left: 30px\"><strong><span class=\"s5\">1. <\/span>Mobilidade realizada com recursos pr\u00f3prios:<\/strong> o estudante \u00e9 respons\u00e1vel pelo custeio de todas as despesas.<\/p>\n<p class=\"p2\" style=\"padding-left: 30px\"><strong><span class=\"s5\">2. <\/span>Mobilidade realizada com bolsa concedida pela Unicentro:<\/strong>\u00a0ao estudante \u00e9 concedida uma bolsa de estudos por meio de processo seletivo promovido pelo ERI. <a href=\"https:\/\/www3.unicentro.br\/eri\/mobilidade-academica\/discente\/internacional\/exterior\/editais\/\"><span class=\"s3\">Clique aqui para verificar as\u00a0<\/span><span class=\"s1\">oportunidades<\/span><\/a><span class=\"s4\">.<\/span><\/p>\n<p class=\"p2\" style=\"padding-left: 30px\"><strong><span class=\"s5\">3. <\/span>Mobilidade realizada com bolsa concedida por governo ou ag\u00eancia de fomento ou funda\u00e7\u00e3o ou outra entidade, independente se brasileiro ou estrangeiro:<\/strong> o estudante se inscreve em processo seletivo de fontes externas de financiamento. <a href=\"https:\/\/www3.unicentro.br\/eri\/mobilidade-academica\/discente\/exterior\/chamadas\/\"><span class=\"s3\">Clique aqui <\/span><\/a><span class=\"s3\">para verificar\u00a0<\/span><span class=\"s1\">as oportunidades<\/span><span class=\"s4\">.<\/span><\/p>\n<p>Para realizar mobilidade internacional o estudante deve formalizar solicita\u00e7\u00e3o na Unicentro, mediante o preenchimento de solicita\u00e7\u00e3o dispon\u00edvel no endere\u00e7o <a href=\"https:\/\/evento.unicentro.br\/site\/mobinternacional\/2019\/2\">https:\/\/evento.unicentro.br\/site\/mobinternacional\/2019\/2<\/a>, com a apresenta\u00e7\u00e3o dos seguintes documentos:<\/p>\n<ul>\n<li>Formul\u00e1rio de Inscri\u00e7\u00e3o para Mobilidade.<\/li>\n<li>Hist\u00f3rico Escolar referente ao Curso de Gradua\u00e7\u00e3o ou P\u00f3s-Gradua\u00e7\u00e3o na Unicentro.<\/li>\n<li>Carta \/ Declara\u00e7\u00e3o de Aceite da Universidade de Destino, informando o professor-tutor.<\/li>\n<li>Programa \/ Plano de Ensino com ementa das disciplinas que pretende cursar na Institui\u00e7\u00e3o de Destino.<\/li>\n<li>Comprovante de bolsa de estudos, quando se tratar de aprova\u00e7\u00e3o em Programa de Bolsa.<\/li>\n<li>Declara\u00e7\u00e3o de custeio pr\u00f3prio das despesas para os casos em que n\u00e3o h\u00e1 financiamento de Programa de Bolsa.<\/li>\n<li>P\u00e1gina de identifica\u00e7\u00e3o do passaporte.<\/li>\n<li>Visto de Entrada e Perman\u00eancia no pa\u00eds de destino, quando h\u00e1 esta exig\u00eancia.<\/li>\n<li>Seguro Sa\u00fade Internacional referente ao per\u00edodo de estadia no exterior.<\/li>\n<\/ul>\n<p>Observa\u00e7\u00e3o: No caso do Est\u00e1gio Supervisionado Curricular ser realizado no exterior, os estudantes ainda devem apresentar um termo de compromisso entre as institui\u00e7\u00f5es ou empresas envolvidas.[\/vc_column_text][\/vc_column][\/vc_row]<\/p>\n<\/div>","protected":false},"excerpt":{"rendered":"<p>[vc_row][vc_column][vc_column_text]As possibilidades para estudantes da Unicentro realizar mobilidade internacional s\u00e3o: 1. Mobilidade realizada com recursos pr\u00f3prios: o estudante \u00e9 respons\u00e1vel pelo custeio de todas as despesas. 2. Mobilidade realizada com bolsa concedida pela Unicentro:\u00a0ao estudante \u00e9 concedida uma bolsa de estudos por meio de processo seletivo promovido pelo ERI. Clique aqui para verificar as\u00a0oportunidades. 3. [&hellip;]<\/p>\n","protected":false},"author":3,"featured_media":0,"parent":167,"menu_order":0,"comment_status":"closed","ping_status":"closed","template":"","meta":{"_exactmetrics_skip_tracking":false,"_exactmetrics_sitenote_active":false,"_exactmetrics_sitenote_note":"","_exactmetrics_sitenote_category":0,"footnotes":"","_links_to":"","_links_to_target":""},"class_list":["post-197","page","type-page","status-publish","hentry"],"publishpress_future_action":{"enabled":false,"date":"2026-04-12 12:25:34","action":"change-status","newStatus":"draft","terms":[],"taxonomy":"language","extraData":[]},"publishpress_future_workflow_manual_trigger":{"enabledWorkflows":[]},"_links":{"self":[{"href":"https:\/\/www3.unicentro.br\/eri\/wp-json\/wp\/v2\/pages\/197","targetHints":{"allow":["GET"]}}],"collection":[{"href":"https:\/\/www3.unicentro.br\/eri\/wp-json\/wp\/v2\/pages"}],"about":[{"href":"https:\/\/www3.unicentro.br\/eri\/wp-json\/wp\/v2\/types\/page"}],"author":[{"embeddable":true,"href":"https:\/\/www3.unicentro.br\/eri\/wp-json\/wp\/v2\/users\/3"}],"replies":[{"embeddable":true,"href":"https:\/\/www3.unicentro.br\/eri\/wp-json\/wp\/v2\/comments?post=197"}],"version-history":[{"count":0,"href":"https:\/\/www3.unicentro.br\/eri\/wp-json\/wp\/v2\/pages\/197\/revisions"}],"up":[{"embeddable":true,"href":"https:\/\/www3.unicentro.br\/eri\/wp-json\/wp\/v2\/pages\/167"}],"wp:attachment":[{"href":"https:\/\/www3.unicentro.br\/eri\/wp-json\/wp\/v2\/media?parent=197"}],"curies":[{"name":"wp","href":"https:\/\/api.w.org\/{rel}","templated":true}]}}