{"id":147,"date":"2018-09-10T15:17:21","date_gmt":"2018-09-10T18:17:21","guid":{"rendered":"https:\/\/www3.unicentro.br\/eri\/?page_id=147"},"modified":"2019-08-23T11:14:20","modified_gmt":"2019-08-23T14:14:20","slug":"pesquisa-extensao-e-inovacao","status":"publish","type":"page","link":"https:\/\/www3.unicentro.br\/eri\/cooperacao-internacional\/acoes\/pesquisa-extensao-e-inovacao\/","title":{"rendered":"Pesquisa, Extens\u00e3o e Inova\u00e7\u00e3o"},"content":{"rendered":"<p class=\"p1\">Algumas a\u00e7\u00f5es que vem sendo desenvolvidas em coopera\u00e7\u00e3o entre a Unicentro e institui\u00e7\u00f5es internacionais s\u00e3o:<\/p>\n<ul>\n<li class=\"p1\"><strong>Apoio ao desenvolvimento e melhoria da produ\u00e7\u00e3o leiteira de produtores paraguaios:<\/strong><span class=\"Apple-converted-space\">\u00a0\u00a0<\/span>atividade desenvolvida em parceria com a Universidad Nacional de Canindey\u00fa, Paraguai, desde 2014. Professores da Unicentro t\u00eam auxiliado os professores e estudantes do Curso de Gradua\u00e7\u00e3o em Agronomia da Unican no desenvolvimento de pesquisas e interven\u00e7\u00f5es para a melhoria da produ\u00e7\u00e3o leiteira de pequenas propriedades paraguaias.<\/li>\n<li class=\"p1\"><strong>Curso Internacionaliza\u00e7\u00e3o e Sensibiliza\u00e7\u00e3o Cultural da L\u00edngua Portuguesa:<\/strong> atividade desenvolvida em parceria com a Universidad Veracruzana (UNICAN), M\u00e9xico, desde 2016, professores da Unicentro v\u00eam ministrando atividades para a comunidade da institui\u00e7\u00e3o mexicana com o prop\u00f3sito de socializa\u00e7\u00e3o da cultura e para a aprendizagem da l\u00edngua portuguesa.<\/li>\n<li class=\"p1\"><strong>N\u00facleo de Estudos Eslavos (Nees):<\/strong> Programa de Extens\u00e3o Permanente desenvolvido na Unicentro, Campus de Irati, por uma equipe interdisciplinar formada por professores e acad\u00eamicos. O N\u00facleo de Estudos Eslavos (Nees), busca dar visibilidade \u00e0 cultura eslava, fazendo levantamento dos aspectos culturais de povos eslavos que imigraram para a regi\u00e3o centro-sul do Paran\u00e1.<br \/>\n<em>Mais informa\u00e7\u00f5es em <a href=\"https:\/\/www.facebook.com\/nees.eslavo\">https:\/\/www.facebook.com\/nees.eslavo<\/a><\/em><\/li>\n<\/ul>\n","protected":false},"excerpt":{"rendered":"<p>Algumas a\u00e7\u00f5es que vem sendo desenvolvidas em coopera\u00e7\u00e3o entre a Unicentro e institui\u00e7\u00f5es internacionais s\u00e3o: Apoio ao desenvolvimento e melhoria da produ\u00e7\u00e3o leiteira de produtores paraguaios:\u00a0\u00a0atividade desenvolvida em parceria com a Universidad Nacional de Canindey\u00fa, Paraguai, desde 2014. Professores da Unicentro t\u00eam auxiliado os professores e estudantes do Curso de Gradua\u00e7\u00e3o em Agronomia da Unican [&hellip;]<\/p>\n","protected":false},"author":3,"featured_media":0,"parent":141,"menu_order":0,"comment_status":"closed","ping_status":"closed","template":"","meta":{"_exactmetrics_skip_tracking":false,"_exactmetrics_sitenote_active":false,"_exactmetrics_sitenote_note":"","_exactmetrics_sitenote_category":0,"footnotes":"","_links_to":"","_links_to_target":""},"class_list":["post-147","page","type-page","status-publish","hentry"],"publishpress_future_action":{"enabled":false,"date":"2026-05-01 11:56:14","action":"change-status","newStatus":"draft","terms":[],"taxonomy":"language","extraData":[]},"publishpress_future_workflow_manual_trigger":{"enabledWorkflows":[]},"_links":{"self":[{"href":"https:\/\/www3.unicentro.br\/eri\/wp-json\/wp\/v2\/pages\/147","targetHints":{"allow":["GET"]}}],"collection":[{"href":"https:\/\/www3.unicentro.br\/eri\/wp-json\/wp\/v2\/pages"}],"about":[{"href":"https:\/\/www3.unicentro.br\/eri\/wp-json\/wp\/v2\/types\/page"}],"author":[{"embeddable":true,"href":"https:\/\/www3.unicentro.br\/eri\/wp-json\/wp\/v2\/users\/3"}],"replies":[{"embeddable":true,"href":"https:\/\/www3.unicentro.br\/eri\/wp-json\/wp\/v2\/comments?post=147"}],"version-history":[{"count":0,"href":"https:\/\/www3.unicentro.br\/eri\/wp-json\/wp\/v2\/pages\/147\/revisions"}],"up":[{"embeddable":true,"href":"https:\/\/www3.unicentro.br\/eri\/wp-json\/wp\/v2\/pages\/141"}],"wp:attachment":[{"href":"https:\/\/www3.unicentro.br\/eri\/wp-json\/wp\/v2\/media?parent=147"}],"curies":[{"name":"wp","href":"https:\/\/api.w.org\/{rel}","templated":true}]}}