{"id":143,"date":"2018-09-10T13:43:39","date_gmt":"2018-09-10T16:43:39","guid":{"rendered":"https:\/\/www3.unicentro.br\/eri\/?page_id=143"},"modified":"2019-08-23T11:12:41","modified_gmt":"2019-08-23T14:12:41","slug":"graduacao","status":"publish","type":"page","link":"https:\/\/www3.unicentro.br\/eri\/cooperacao-internacional\/acoes\/graduacao\/","title":{"rendered":"Gradua\u00e7\u00e3o"},"content":{"rendered":"<p>Diferentes programas de coopera\u00e7\u00e3o internacional vem beneficiando diretamente os estudantes de cursos de gradua\u00e7\u00e3o, como, por exemplo:<\/p>\n<p><strong>Programa Unibral:<\/strong> atualmente desativado, o programa foi implementado pela Capes em coopera\u00e7\u00e3o com o Servi\u00e7o Alem\u00e3o de Interc\u00e2mbio Acad\u00eamico \u2013 DAAD, e visava apoiar projetos de parceria entre universidades brasileiras e alem\u00e3s para promover o interc\u00e2mbio de docentes e estudantes de gradua\u00e7\u00e3o.<br \/>\n<em>Site do Programa:<\/em> <a href=\"http:\/\/www.capes.gov.br\/cooperacao-internacional\/alemanha\/unibral\">http:\/\/www.capes.gov.br\/cooperacao-internacional\/alemanha\/unibral<\/a><br \/>\n<em>Participa\u00e7\u00e3o da Unicentro:<\/em> coopera\u00e7\u00e3o com a Hochschule f\u00fcr Forstwirtschaft Rottenburg.<\/p>\n<p><strong>Programa de Licenciaturas Internacionais \u2013 Portugal (PLI): <\/strong>implementado pela Capes, o programa apoia projetos de gradua\u00e7\u00e3o sandu\u00edche para estudantes de cursos de licenciaturas das \u00e1reas de Biologia, F\u00edsica, Matem\u00e1tica, Qu\u00edmica e Portugu\u00eas no \u00e2mbito do Programa de Licenciaturas Internacionais PLI \u2013 Portugal, com vistas a valorizar e estimular a forma\u00e7\u00e3o de professores de educa\u00e7\u00e3o b\u00e1sica no Brasil.<br \/>\n<em>Site do Programa:<\/em> <a href=\"http:\/\/www.capes.gov.br\/cooperacao-internacional\/multinacional\/licenciaturas-internacionais\/licenciaturas-internacionais-portugal\">http:\/\/www.capes.gov.br\/cooperacao-internacional\/multinacional\/licenciaturas-internacionais\/licenciaturas-internacionais-portugal<\/a><br \/>\n<em>Participa\u00e7\u00e3o da Unicentro:<\/em> coopera\u00e7\u00e3o com Universidade de Coimbra e a Universidade do Porto.<\/p>\n<p><strong>Programa Brafragri: <\/strong>implementado pela Capes, o programa consiste em projetos de parcerias universit\u00e1rias nas \u00e1reas de ci\u00eancias agron\u00f4micas, agroalimentares e veterin\u00e1ria, disciplinas correlatas, exclusivamente em n\u00edvel de gradua\u00e7\u00e3o, para fomentar o interc\u00e2mbio em ambos os pa\u00edses e estimular a aproxima\u00e7\u00e3o das estruturas curriculares, inclusive a equival\u00eancia e o reconhecimento m\u00fatuo de cr\u00e9ditos obtidos nas institui\u00e7\u00f5es participantes. A participa\u00e7\u00e3o da Unicentro tem sido por meio de proposta desenvolvida em conjunto com<br \/>\n<em>Site do Programa:<\/em> <a href=\"http:\/\/www.capes.gov.br\/cooperacao-internacional\/franca\/capes-brafagri\">http:\/\/www.capes.gov.br\/cooperacao-internacional\/franca\/capes-brafagri<\/a><strong><br \/>\n<\/strong><em>Participa\u00e7\u00e3o da Unicentro:<\/em> em proposta conjunta com a Unesp (Campus Botucatu \u2013 Faculdade de Ci\u00eancias Agron\u00f4micas) e a Uesc (Universidade Estadual de Santa Cruz), tem sido desenvolvidas atividades em coopera\u00e7\u00e3o com tr\u00eas institui\u00e7\u00f5es francesas: a VetAgro Sup, a Bordeaux Sciences Agro &#8211; Institute of Agricultural Sciences e a Isara Lyon.<\/p>\n<p><strong>Programa de Mobilidade da Red Zicosur:<\/strong>\u00a0 com financiamento da Secretaria de Estado da Ci\u00eancia, Tecnologia e Ensino Superior, Seti\/PR, o programa vem possibilitando a realiza\u00e7\u00e3o de mobilidades de curta dura\u00e7\u00e3o (tanto incoming como outgoing) para docentes, discentes e equipe administrativa junto a universidades do Paraguai, Argentina, Chile e Bol\u00edvia.<br \/>\n<em>Site do Programa:<\/em> <a href=\"https:\/\/zicosur.wordpress.com\/mobilidade\/\">https:\/\/zicosur.wordpress.com\/mobilidade\/<\/a><\/p>\n<p><strong>Programa de Estudantes-Conv\u00eanio de Gradua\u00e7\u00e3o (PEC-G):<\/strong> criado em 1964, o programa \u00e9 administrado pelo Minist\u00e9rio das Rela\u00e7\u00f5es Exteriores (MRE), por meio da Divis\u00e3o de Temas Educacionais (DCE), e pelo Minist\u00e9rio da Educa\u00e7\u00e3o (MEC), em parceria com Institui\u00e7\u00f5es de Ensino Superior em todo o pa\u00eds. O PEC-G oferece a estudantes de pa\u00edses em desenvolvimento com os quais o Brasil mant\u00e9m acordo educacional, cultural ou cient\u00edfico-tecnol\u00f3gico a oportunidade de realizar seus estudos de gradua\u00e7\u00e3o em Institui\u00e7\u00f5es de Ensino Superior (IES) brasileiras.<br \/>\n<em>Site do Programa:<\/em> <a href=\"http:\/\/www.dce.mre.gov.br\/PEC\/PECG.php\">http:\/\/www.dce.mre.gov.br\/PEC\/PECG.php<\/a><br \/>\n<em>Participa\u00e7\u00e3o da Unicentro:<\/em> a institui\u00e7\u00e3o j\u00e1 recebeu quatro estudantes internacionais por meio do PEC-G. Dois destes, um de Guin\u00e9-Bissau e outro de Benin, respectivamente j\u00e1 conclu\u00edram seus cursos de Ci\u00eancias Cont\u00e1beis e de Nutri\u00e7\u00e3o. Os outros estudantes, naturais de Cabo Verde e de Honduras, ainda est\u00e3o cursando respectivamente os cursos de Nutri\u00e7\u00e3o e de Medicina Veterin\u00e1ria.<strong>\u00a0<\/strong><\/p>\n<p><strong>Programa de Interc\u00e2mbio Brasil-Col\u00f4mbia (Bracol):<\/strong> gerenciado pelo Grupo Coimbra de Universidades Brasileiras (GCUB) em coopera\u00e7\u00e3o com a Associaci\u00f3n Colombiana de Universidades (Ascun), o programa possibilita o interc\u00e2mbio de estudantes de gradua\u00e7\u00e3o entre as universidades participantes, de modo que estudantes brasileiros desenvolvem parte dos seus estudos em uma institui\u00e7\u00e3o colombiana, e estudantes colombianos desenvolvem parte dos seus estudos em institui\u00e7\u00e3o brasileira.<br \/>\n<em>Site do Programa:<\/em> <a href=\"http:\/\/www.grupocoimbra.org.br\/Programas\/PaginaProgramas.aspx?programaID=13\">http:\/\/www.grupocoimbra.org.br\/Programas\/PaginaProgramas.aspx?programaID=13<\/a><br \/>\n<em>Participa\u00e7\u00e3o da Unicentro:<\/em> j\u00e1 foram intercambiados estudantes com as seguintes universidades colombianas: Universidad de Manizales (UManizales), Universidad Pedag\u00f3gica Nacional (UPN), Universidad Pedag\u00f3gica y Tecnol\u00f3gica de Colombia (UPTC), Universidad Catolica de Manizales (UCM) e Fundaci\u00f3n Universitaria de Ciencias de la Salud (FUCS).<\/p>\n<p><strong>Programa de Bolsas Ibero-Americanas:<\/strong> financiado pelo Banco Santander, atrav\u00e9s do Programa Santander Universidades. S\u00e3o concedidas bolsas no valor de tr\u00eas mil euros para estudantes de gradua\u00e7\u00e3o realizarem mobilidade durante um semestre em uma institui\u00e7\u00e3o participante do Programa.<br \/>\n<em>Site do Programa: <\/em><a href=\"https:\/\/www.santander.com.br\/universidades\">https:\/\/www.santander.com.br\/universidades<\/a><br \/>\n<em>Participa\u00e7\u00e3o da Unicentro:<\/em> foram realizadas mobilidades na Universidad Veracruzana (M\u00e9xico), na Universidade de Coimbra (Portugal), na Universidade do Minho (Portugal), na Universidade do Algarve (Portugal) e na Universidad Nacional de Santiago del Estero (Argentina).<strong>\u00a0<\/strong><\/p>\n<p><strong>Emerging Leaders in the Americas Program (Elap):<\/strong> fomentadopelo governo canadense, o programa concede bolsas para que estudantes de gradua\u00e7\u00e3o e p\u00f3s-gradua\u00e7\u00e3o de institui\u00e7\u00f5es conveniadas com universidades canadenses realizem mobilidade de um semestre no Canad\u00e1.<br \/>\n<em>Site do Programa: <\/em><a href=\"http:\/\/www.scholarships-bourses.gc.ca\/scholarships-bourses\/can\/institutions\/elap-pfla.aspx?lang=eng\">http:\/\/www.scholarships-bourses.gc.ca\/scholarships-bourses\/can\/institutions\/elap-pfla.aspx?lang=eng<\/a><br \/>\n<em>Participa\u00e7\u00e3o da Unicentro:<\/em> coopera\u00e7\u00e3o com a University of Saskatchewan e a Universit\u00e9 du Qu\u00e9bec \u00e0 Trois-Rivi\u00e8res.<\/p>\n","protected":false},"excerpt":{"rendered":"<p>Diferentes programas de coopera\u00e7\u00e3o internacional vem beneficiando diretamente os estudantes de cursos de gradua\u00e7\u00e3o, como, por exemplo: Programa Unibral: atualmente desativado, o programa foi implementado pela Capes em coopera\u00e7\u00e3o com o Servi\u00e7o Alem\u00e3o de Interc\u00e2mbio Acad\u00eamico \u2013 DAAD, e visava apoiar projetos de parceria entre universidades brasileiras e alem\u00e3s para promover o interc\u00e2mbio de docentes [&hellip;]<\/p>\n","protected":false},"author":3,"featured_media":0,"parent":141,"menu_order":0,"comment_status":"closed","ping_status":"closed","template":"","meta":{"_exactmetrics_skip_tracking":false,"_exactmetrics_sitenote_active":false,"_exactmetrics_sitenote_note":"","_exactmetrics_sitenote_category":0,"footnotes":"","_links_to":"","_links_to_target":""},"class_list":["post-143","page","type-page","status-publish","hentry"],"publishpress_future_action":{"enabled":false,"date":"2026-04-30 18:22:18","action":"change-status","newStatus":"draft","terms":[],"taxonomy":"language","extraData":[]},"publishpress_future_workflow_manual_trigger":{"enabledWorkflows":[]},"_links":{"self":[{"href":"https:\/\/www3.unicentro.br\/eri\/wp-json\/wp\/v2\/pages\/143","targetHints":{"allow":["GET"]}}],"collection":[{"href":"https:\/\/www3.unicentro.br\/eri\/wp-json\/wp\/v2\/pages"}],"about":[{"href":"https:\/\/www3.unicentro.br\/eri\/wp-json\/wp\/v2\/types\/page"}],"author":[{"embeddable":true,"href":"https:\/\/www3.unicentro.br\/eri\/wp-json\/wp\/v2\/users\/3"}],"replies":[{"embeddable":true,"href":"https:\/\/www3.unicentro.br\/eri\/wp-json\/wp\/v2\/comments?post=143"}],"version-history":[{"count":0,"href":"https:\/\/www3.unicentro.br\/eri\/wp-json\/wp\/v2\/pages\/143\/revisions"}],"up":[{"embeddable":true,"href":"https:\/\/www3.unicentro.br\/eri\/wp-json\/wp\/v2\/pages\/141"}],"wp:attachment":[{"href":"https:\/\/www3.unicentro.br\/eri\/wp-json\/wp\/v2\/media?parent=143"}],"curies":[{"name":"wp","href":"https:\/\/api.w.org\/{rel}","templated":true}]}}