{"id":141,"date":"2018-09-10T13:34:16","date_gmt":"2018-09-10T16:34:16","guid":{"rendered":"https:\/\/www3.unicentro.br\/eri\/?page_id=141"},"modified":"2019-08-23T11:06:41","modified_gmt":"2019-08-23T14:06:41","slug":"acoes","status":"publish","type":"page","link":"https:\/\/www3.unicentro.br\/eri\/cooperacao-internacional\/acoes\/","title":{"rendered":"A\u00e7\u00f5es desenvolvidas em coopera\u00e7\u00e3o"},"content":{"rendered":"<div class=\"wpb-content-wrapper\"><p>[vc_row][vc_column][vc_column_text]Na \u00faltima d\u00e9cada, as a\u00e7\u00f5es internacionais na Unicentro acompanharam o elevado ritmo da expans\u00e3o institucional: aumento de 418% no n\u00famero de professores; aumento de 326% no n\u00famero de projetos de pesquisa desenvolvidos; aumento de 466% de projetos de pesquisa financiados (apenas nos \u00faltimos 5 anos); aumento de 108% nos projetos de extens\u00e3o, aumento de 212% de investimentos de \u00f3rg\u00e3os de fomento na extens\u00e3o universit\u00e1ria; e cria\u00e7\u00e3o de 23 programas de p\u00f3s-gradua\u00e7\u00e3o, sendo 17 mestrados e 06 doutorados.<\/p>\n<p>Com a amplia\u00e7\u00e3o em seu \u201cknow-how\u201d, a institui\u00e7\u00e3o tem obtido a aprova\u00e7\u00e3o de in\u00fameras propostas em chamadas p\u00fablicas de \u00f3rg\u00e3os governamentais, a exemplo da Coordena\u00e7\u00e3o de Aperfei\u00e7oamento de Pessoal de N\u00edvel Superior (Capes), do Conselho Nacional de Desenvolvimento Cient\u00edfico e Tecnol\u00f3gico (CNPq), do Minist\u00e9rio da Educa\u00e7\u00e3o (MEC), do Minist\u00e9rio de Ci\u00eancia e Tecnologia (MCTIC), a n\u00edvel federal, e da Secretaria de Ci\u00eancia, Tecnologia e Ensino Superior (Seti) e da Funda\u00e7\u00e3o Arauc\u00e1ria de Apoio ao Desenvolvimento Cient\u00edfico e Tecnol\u00f3gico do Estado do Paran\u00e1 (FA), a n\u00edvel estadual, o que acaba refletindo na participa\u00e7\u00e3o institucional em diferentes Programas de Coopera\u00e7\u00e3o Internacional.[\/vc_column_text][vc_row_inner][vc_column_inner width=&#8221;1\/6&#8243;][\/vc_column_inner][vc_column_inner width=&#8221;1\/3&#8243;][vc_btn title=&#8221;Gradua\u00e7\u00e3o&#8221; style=&#8221;flat&#8221; shape=&#8221;square&#8221; color=&#8221;sandy-brown&#8221; size=&#8221;sm&#8221; align=&#8221;center&#8221; button_block=&#8221;true&#8221; link=&#8221;url:https%3A%2F%2Fwww3.unicentro.br%2Feri%2Fcooperacao-internacional%2Facoes%2Fgraduacao%2F|||&#8221;][\/vc_column_inner][vc_column_inner width=&#8221;1\/3&#8243;][vc_btn title=&#8221;P\u00f3s-Gradua\u00e7\u00e3o&#8221; style=&#8221;flat&#8221; shape=&#8221;square&#8221; color=&#8221;sandy-brown&#8221; size=&#8221;sm&#8221; align=&#8221;center&#8221; button_block=&#8221;true&#8221; link=&#8221;url:https%3A%2F%2Fwww3.unicentro.br%2Feri%2Fcooperacao-internacional%2Facoes%2Fpos-graduacao%2F|||&#8221;][\/vc_column_inner][vc_column_inner width=&#8221;1\/6&#8243;][\/vc_column_inner][\/vc_row_inner][vc_row_inner][vc_column_inner width=&#8221;1\/3&#8243;][\/vc_column_inner][vc_column_inner width=&#8221;1\/3&#8243;][vc_btn title=&#8221;Pesquisa, Extens\u00e3o e Inova\u00e7\u00e3o&#8221; style=&#8221;flat&#8221; shape=&#8221;square&#8221; color=&#8221;sandy-brown&#8221; size=&#8221;sm&#8221; align=&#8221;center&#8221; button_block=&#8221;true&#8221; link=&#8221;url:https%3A%2F%2Fwww3.unicentro.br%2Feri%2Fcooperacao-internacional%2Facoes%2Fpesquisa-extensao-e-inovacao%2F|||&#8221;][\/vc_column_inner][vc_column_inner width=&#8221;1\/3&#8243;][\/vc_column_inner][\/vc_row_inner][\/vc_column][\/vc_row]<\/p>\n<\/div>","protected":false},"excerpt":{"rendered":"<p>[vc_row][vc_column][vc_column_text]Na \u00faltima d\u00e9cada, as a\u00e7\u00f5es internacionais na Unicentro acompanharam o elevado ritmo da expans\u00e3o institucional: aumento de 418% no n\u00famero de professores; aumento de 326% no n\u00famero de projetos de pesquisa desenvolvidos; aumento de 466% de projetos de pesquisa financiados (apenas nos \u00faltimos 5 anos); aumento de 108% nos projetos de extens\u00e3o, aumento de 212% [&hellip;]<\/p>\n","protected":false},"author":3,"featured_media":0,"parent":77,"menu_order":0,"comment_status":"closed","ping_status":"closed","template":"","meta":{"_exactmetrics_skip_tracking":false,"_exactmetrics_sitenote_active":false,"_exactmetrics_sitenote_note":"","_exactmetrics_sitenote_category":0,"footnotes":"","_links_to":"","_links_to_target":""},"class_list":["post-141","page","type-page","status-publish","hentry"],"publishpress_future_action":{"enabled":false,"date":"2026-04-30 02:08:17","action":"change-status","newStatus":"draft","terms":[],"taxonomy":"language","extraData":[]},"publishpress_future_workflow_manual_trigger":{"enabledWorkflows":[]},"_links":{"self":[{"href":"https:\/\/www3.unicentro.br\/eri\/wp-json\/wp\/v2\/pages\/141","targetHints":{"allow":["GET"]}}],"collection":[{"href":"https:\/\/www3.unicentro.br\/eri\/wp-json\/wp\/v2\/pages"}],"about":[{"href":"https:\/\/www3.unicentro.br\/eri\/wp-json\/wp\/v2\/types\/page"}],"author":[{"embeddable":true,"href":"https:\/\/www3.unicentro.br\/eri\/wp-json\/wp\/v2\/users\/3"}],"replies":[{"embeddable":true,"href":"https:\/\/www3.unicentro.br\/eri\/wp-json\/wp\/v2\/comments?post=141"}],"version-history":[{"count":0,"href":"https:\/\/www3.unicentro.br\/eri\/wp-json\/wp\/v2\/pages\/141\/revisions"}],"up":[{"embeddable":true,"href":"https:\/\/www3.unicentro.br\/eri\/wp-json\/wp\/v2\/pages\/77"}],"wp:attachment":[{"href":"https:\/\/www3.unicentro.br\/eri\/wp-json\/wp\/v2\/media?parent=141"}],"curies":[{"name":"wp","href":"https:\/\/api.w.org\/{rel}","templated":true}]}}