{"id":1257,"date":"2019-11-20T08:44:58","date_gmt":"2019-11-20T11:44:58","guid":{"rendered":"https:\/\/www3.unicentro.br\/eri\/?page_id=1257"},"modified":"2019-11-20T08:44:58","modified_gmt":"2019-11-20T11:44:58","slug":"textos-academicos","status":"publish","type":"page","link":"https:\/\/www3.unicentro.br\/eri\/es\/otros-destacados\/informacion-general\/textos-academicos\/","title":{"rendered":"Textos Acad\u00e9micos"},"content":{"rendered":"<ul>\n<li><a href=\"http:\/\/www.scielo.br\/pdf\/aval\/v21n3\/1982-5765-aval-21-03-00673.pdf\">RAUEN, Margarida Gandara; FIGUEIREDO FILHO, Afonso. A educa\u00e7\u00e3o internacional e os resultados de coopera\u00e7\u00e3o Brasil-Alemanha na Unicentro. Avalia\u00e7\u00e3o, Campinas; Sorocaba, SP, v. 21, n. 3, p. 673-690, nov. 2016.<\/a><\/li>\n<\/ul>\n","protected":false},"excerpt":{"rendered":"<p>RAUEN, Margarida Gandara; FIGUEIREDO FILHO, Afonso. A educa\u00e7\u00e3o internacional e os resultados de coopera\u00e7\u00e3o Brasil-Alemanha na Unicentro. Avalia\u00e7\u00e3o, Campinas; Sorocaba, SP, v. 21, n. 3, p. 673-690, nov. 2016.<\/p>\n","protected":false},"author":3,"featured_media":0,"parent":1250,"menu_order":0,"comment_status":"closed","ping_status":"closed","template":"","meta":{"_exactmetrics_skip_tracking":false,"_exactmetrics_sitenote_active":false,"_exactmetrics_sitenote_note":"","_exactmetrics_sitenote_category":0,"footnotes":"","_links_to":"","_links_to_target":""},"class_list":["post-1257","page","type-page","status-publish","hentry"],"publishpress_future_action":{"enabled":false,"date":"2026-05-01 04:57:42","action":"change-status","newStatus":"draft","terms":[],"taxonomy":"language","extraData":[]},"publishpress_future_workflow_manual_trigger":{"enabledWorkflows":[]},"_links":{"self":[{"href":"https:\/\/www3.unicentro.br\/eri\/wp-json\/wp\/v2\/pages\/1257","targetHints":{"allow":["GET"]}}],"collection":[{"href":"https:\/\/www3.unicentro.br\/eri\/wp-json\/wp\/v2\/pages"}],"about":[{"href":"https:\/\/www3.unicentro.br\/eri\/wp-json\/wp\/v2\/types\/page"}],"author":[{"embeddable":true,"href":"https:\/\/www3.unicentro.br\/eri\/wp-json\/wp\/v2\/users\/3"}],"replies":[{"embeddable":true,"href":"https:\/\/www3.unicentro.br\/eri\/wp-json\/wp\/v2\/comments?post=1257"}],"version-history":[{"count":0,"href":"https:\/\/www3.unicentro.br\/eri\/wp-json\/wp\/v2\/pages\/1257\/revisions"}],"up":[{"embeddable":true,"href":"https:\/\/www3.unicentro.br\/eri\/wp-json\/wp\/v2\/pages\/1250"}],"wp:attachment":[{"href":"https:\/\/www3.unicentro.br\/eri\/wp-json\/wp\/v2\/media?parent=1257"}],"curies":[{"name":"wp","href":"https:\/\/api.w.org\/{rel}","templated":true}]}}