{"id":1234,"date":"2019-11-19T17:01:04","date_gmt":"2019-11-19T20:01:04","guid":{"rendered":"https:\/\/www3.unicentro.br\/eri\/?page_id=1234"},"modified":"2019-11-19T17:09:41","modified_gmt":"2019-11-19T20:09:41","slug":"promocion-linguistica","status":"publish","type":"page","link":"https:\/\/www3.unicentro.br\/eri\/es\/otros-destacados\/promocion-linguistica\/","title":{"rendered":"Promoci\u00f3n Lingu\u00edstica"},"content":{"rendered":"<p>La Unicentro pone a disposici\u00f3n de la comunidad universitaria y del p\u00fablico en general diversos cursos de idiomas para satisfacer las necesidades de aprendizaje de lenguas extranjeras.<\/p>\n<p>Esos cursos son ofertados por medio de <a href=\"https:\/\/www3.unicentro.br\/eri\/es\/otros-destacados\/promocion-linguistica\/programas-y-proyetos-institucionales\/\">Programas y Proyectos Institucionales<\/a> o por <a href=\"https:\/\/www3.unicentro.br\/eri\/es\/otros-destacados\/promocion-linguistica\/programa-parana-habla-lenguas\/\">Programa Paran\u00e1 Habla Lenguas<\/a>.<\/p>\n","protected":false},"excerpt":{"rendered":"<p>La Unicentro pone a disposici\u00f3n de la comunidad universitaria y del p\u00fablico en general diversos cursos de idiomas para satisfacer las necesidades de aprendizaje de lenguas extranjeras. Esos cursos son ofertados por medio de Programas y Proyectos Institucionales o por Programa Paran\u00e1 Habla Lenguas.<\/p>\n","protected":false},"author":3,"featured_media":0,"parent":1229,"menu_order":0,"comment_status":"closed","ping_status":"closed","template":"","meta":{"_exactmetrics_skip_tracking":false,"_exactmetrics_sitenote_active":false,"_exactmetrics_sitenote_note":"","_exactmetrics_sitenote_category":0,"footnotes":"","_links_to":"","_links_to_target":""},"class_list":["post-1234","page","type-page","status-publish","hentry"],"publishpress_future_action":{"enabled":false,"date":"2026-04-30 08:51:00","action":"change-status","newStatus":"draft","terms":[],"taxonomy":"language","extraData":[]},"publishpress_future_workflow_manual_trigger":{"enabledWorkflows":[]},"_links":{"self":[{"href":"https:\/\/www3.unicentro.br\/eri\/wp-json\/wp\/v2\/pages\/1234","targetHints":{"allow":["GET"]}}],"collection":[{"href":"https:\/\/www3.unicentro.br\/eri\/wp-json\/wp\/v2\/pages"}],"about":[{"href":"https:\/\/www3.unicentro.br\/eri\/wp-json\/wp\/v2\/types\/page"}],"author":[{"embeddable":true,"href":"https:\/\/www3.unicentro.br\/eri\/wp-json\/wp\/v2\/users\/3"}],"replies":[{"embeddable":true,"href":"https:\/\/www3.unicentro.br\/eri\/wp-json\/wp\/v2\/comments?post=1234"}],"version-history":[{"count":0,"href":"https:\/\/www3.unicentro.br\/eri\/wp-json\/wp\/v2\/pages\/1234\/revisions"}],"up":[{"embeddable":true,"href":"https:\/\/www3.unicentro.br\/eri\/wp-json\/wp\/v2\/pages\/1229"}],"wp:attachment":[{"href":"https:\/\/www3.unicentro.br\/eri\/wp-json\/wp\/v2\/media?parent=1234"}],"curies":[{"name":"wp","href":"https:\/\/api.w.org\/{rel}","templated":true}]}}