{"id":1207,"date":"2019-11-19T16:21:47","date_gmt":"2019-11-19T19:21:47","guid":{"rendered":"https:\/\/www3.unicentro.br\/eri\/?page_id=1207"},"modified":"2020-03-09T11:22:01","modified_gmt":"2020-03-09T14:22:01","slug":"pregrado","status":"publish","type":"page","link":"https:\/\/www3.unicentro.br\/eri\/es\/cooperacion-internacional\/proyetos-de-cooperacion-internacional\/pregrado\/","title":{"rendered":"Pregrado"},"content":{"rendered":"<p>Diferentes Programas de Cooperaci\u00f3n Internacional han beneficiado directamente a estudiantes de pregrado, tales como:<\/p>\n<p><strong>Programa UNIBRAL:<\/strong> actualmente desactivado, el programa fue implementado por Capes en cooperaci\u00f3n con el Servicio Alem\u00e1n de Intercambio Acad\u00e9mico (DAAD) y ten\u00eda como objetivo apoyar proyectos de asociaci\u00f3n entre universidades brasile\u00f1as y alemanas para promover el intercambio de docentes y estudiantes de pregrado.<br \/>\n<em>Sitio web:<\/em> <a href=\"http:\/\/www.capes.gov.br\/cooperacao-internacional\/alemanha\/unibral\">http:\/\/www.capes.gov.br\/cooperacao-internacional\/alemanha\/unibral<\/a><br \/>\n<em><strong>Participa\u00e7\u00e3o de Unicentro: <\/strong><\/em>cooperaci\u00f3n con Hochschule f\u00fcr Forstwirtschaft Rottenburg.<\/p>\n<p><strong>Programa de Licenciatura Internacional &#8211; Portugal (PLI):<\/strong> implementado por Capes, el programa apoya proyectos para estudiantes de doble titulaci\u00f3n en las \u00e1reas de Biolog\u00eda, F\u00edsica, Matem\u00e1ticas, Qu\u00edmica y Portugu\u00e9s en el \u00e1mbito del Programa de Licenciatura Internacional &#8211; Portugal (PLI), para promover y estimular la formaci\u00f3n del profesorado en educaci\u00f3n b\u00e1sica en Brasil.<br \/>\n<em>Sitio web:<\/em> <a href=\"http:\/\/www.capes.gov.br\/cooperacao-internacional\/multinacional\/licenciaturas-internacionais\/licenciaturas-internacionais-portugal\">http:\/\/www.capes.gov.br\/cooperacao-internacional\/multinacional\/licenciaturas-internacionais\/licenciaturas-internacionais-portugal<\/a><br \/>\n<em><strong>Participaci\u00f3n de Unicentro: <\/strong><\/em>cooperaci\u00f3n con Universidade de Coimbra y Universidade do Porto.<\/p>\n<p><strong>Programa BRAFAGRI: <\/strong>implementado por Capes, el programa apoya proyectos de cooperaci\u00f3n de programas de pregrado entre universidades brasile\u00f1as y francesas en las \u00e1reas de ciencias agron\u00f3micas, ciencias agroalimentarias y veterinarias. Su objetivo es fomentar el intercambio en ambos pa\u00edses y estimular el enfoque de las estructuras curriculares, incluida la equivalencia y el reconocimiento mutuo de los cr\u00e9ditos obtenidos en las instituciones participantes.<br \/>\n<em>Sitio web:<\/em> <a href=\"http:\/\/www.capes.gov.br\/cooperacao-internacional\/franca\/capes-brafagri\">http:\/\/www.capes.gov.br\/cooperacao-internacional\/franca\/capes-brafagri<\/a><br \/>\n<em><strong>Participa\u00e7\u00e3o de Unicentro:<\/strong><\/em> em una propuesta conjunta con la UNESP (Campus Botucatu \u2013 Faculdade de Ci\u00eancias Agron\u00f4micas) y la UESC (Universidade Estadual de Santa Cruz), se han desarrollado actividades en cooperaci\u00f3n con tres instituciones francesas: la VetAgro Sup, la Bordeaux Sciences Agro &#8211; Instituto de las Ciencias Agr\u00edcolas y ISARA Lyon.<\/p>\n<p><strong>Programa de movilidad de Zicosur:<\/strong> con fondos de la Secretar\u00eda de Ciencia, Tecnolog\u00eda y Educaci\u00f3n Superior del Estado de Paran\u00e1 (SETI \/ PR), el programa ha permitido llevar a cabo movilidad a corto plazo, tanto entrante como saliente, para estudiantes, profesores y personal. en universidades de Paraguay, Argentina, Chile y Bolivia.<br \/>\n<em>Sitio web:<\/em> <a href=\"https:\/\/zicosur.wordpress.com\/mobilidade\/\">https:\/\/zicosur.wordpress.com\/mobilidade\/<\/a><\/p>\n<p><strong>Programa de intercambio para estudiantes de pregrado (PEC-G):<\/strong> creado en 1964, el programa es administrado por el Ministerio de Relaciones Exteriores (MRE), a trav\u00e9s de la Divisi\u00f3n de Asuntos Educativos (DCE) y por el Ministerio de Educaci\u00f3n (MEC), en asociaci\u00f3n con instituciones de educaci\u00f3n superior en todo el pa\u00eds. Se ofrecen plazas en cursos de graduaci\u00f3n en Instituciones de Educaci\u00f3n Superior (IES) de Brasil a estudiantes de pa\u00edses en desarrollo con los cuales Brasil mantiene acuerdos educativos, culturales o cient\u00edficos y tecnol\u00f3gicos.<br \/>\n<em>Sitio web:<\/em> <a href=\"http:\/\/www.dce.mre.gov.br\/PEC\/PECG.php\">http:\/\/www.dce.mre.gov.br\/PEC\/PECG.php<\/a><br \/>\n<em><strong>Participaci\u00f3n unicentro:<\/strong><\/em> la instituci\u00f3n ya ha recibido cuatro estudiantes internacionales a trav\u00e9s del PEC-G. Estos estudiantes son de Guinea-Bissau, Benin, Cabo Verde y Honduras.<\/p>\n<p><strong>Programa de intercambio Brasil-Colombia (BRACOL):<\/strong> administrado por el Grupo Coimbra de Universidades Brasile\u00f1as (GCUB) en cooperaci\u00f3n con la Asociaci\u00f3n Colombiana de Universidades (ASCUN), el programa permite el intercambio de estudiantes universitarios entre las universidades participantes, para que los estudiantes brasile\u00f1os desarrollen parte de sus estudios en una instituci\u00f3n colombiana, y los estudiantes colombianos desarrollan parte de sus estudios en una instituci\u00f3n brasile\u00f1a.<br \/>\n<em>Sitio web:<\/em> <a href=\"http:\/\/www.grupocoimbra.org.br\/Programas\/PaginaProgramas.aspx?programaID=13\">http:\/\/www.grupocoimbra.org.br\/Programas\/PaginaProgramas.aspx?programaID=13<\/a><br \/>\n<em><strong>Participaci\u00f3n de Unicentro: <\/strong><\/em>ya se intercambiaron estudiantes con las siguientes universidades colombianas: Universidad de Manizales (UManizales), Universidad Pedag\u00f3gica Nacional (UPN), Universidad Pedag\u00f3gica y Tecnol\u00f3gica de Colombia (UPTC), Universidad Cat\u00f3lica de Manizales (UCM) y Fundaci\u00f3n Universitaria de Ciencias de la Salud (FUCS).<\/p>\n<p><strong>Programa de Becas Iberoamericanas:<\/strong> financiado por Banco Santander, a trav\u00e9s del Programa de Universidades de Santander. Se otorgan becas de tres mil euros a estudiantes universitarios para realizar movilidad durante un semestre en una instituci\u00f3n que forma parte de su programa de becas universitarias.<br \/>\n<em>Sitio web:<\/em> <a href=\"https:\/\/www.santander.com.br\/universidades\">https:\/\/www.santander.com.br\/universidades<\/a><br \/>\n<em><strong>Participaci\u00f3n de Unicentro:<\/strong><\/em> movilidades se llevaron a cabo en la Universidad Veracruzana (M\u00e9xico), la Universidade de Coimbra (Portugal), la Universidade do Minho (Portugal), la Universidade do Algarve (Portugal), Universidade do Porto y la Universidad Nacional de Santiago del Estero (Argentina).<\/p>\n<p><strong>Programa de L\u00edderes Emergentes en las Am\u00e9ricas (ELAP):<\/strong> el programa otorga becas para que estudiantes de graduaci\u00f3n y postgrado de instituciones convenidas con universidades canadienses realicen movilidad de un semestre en Canad\u00e1.<br \/>\n<em>Sitio Web:<\/em> <a href=\"http:\/\/www.scholarships-bourses.gc.ca\/scholarships-bourses\/can\/institutions\/elap-pfla.aspx?lang=eng\">http:\/\/www.scholarships-bourses.gc.ca\/scholarships-bourses\/can\/institutions\/elap-pfla.aspx?lang=eng<\/a><br \/>\n<em><strong>Participaci\u00f3n de Unicentro:<\/strong><\/em> cooperaci\u00f3n con la University of Saskatchewan, la Universit\u00e9 du Qu\u00e9bec a Trois-Rivi\u00e8res y la Lakehead University.<\/p>\n","protected":false},"excerpt":{"rendered":"<p>Diferentes Programas de Cooperaci\u00f3n Internacional han beneficiado directamente a estudiantes de pregrado, tales como: Programa UNIBRAL: actualmente desactivado, el programa fue implementado por Capes en cooperaci\u00f3n con el Servicio Alem\u00e1n de Intercambio Acad\u00e9mico (DAAD) y ten\u00eda como objetivo apoyar proyectos de asociaci\u00f3n entre universidades brasile\u00f1as y alemanas para promover el intercambio de docentes y estudiantes [&hellip;]<\/p>\n","protected":false},"author":3,"featured_media":0,"parent":1201,"menu_order":0,"comment_status":"closed","ping_status":"closed","template":"","meta":{"_exactmetrics_skip_tracking":false,"_exactmetrics_sitenote_active":false,"_exactmetrics_sitenote_note":"","_exactmetrics_sitenote_category":0,"footnotes":"","_links_to":"","_links_to_target":""},"class_list":["post-1207","page","type-page","status-publish","hentry"],"publishpress_future_action":{"enabled":false,"date":"2026-04-30 18:25:15","action":"change-status","newStatus":"draft","terms":[],"taxonomy":"language","extraData":[]},"publishpress_future_workflow_manual_trigger":{"enabledWorkflows":[]},"_links":{"self":[{"href":"https:\/\/www3.unicentro.br\/eri\/wp-json\/wp\/v2\/pages\/1207","targetHints":{"allow":["GET"]}}],"collection":[{"href":"https:\/\/www3.unicentro.br\/eri\/wp-json\/wp\/v2\/pages"}],"about":[{"href":"https:\/\/www3.unicentro.br\/eri\/wp-json\/wp\/v2\/types\/page"}],"author":[{"embeddable":true,"href":"https:\/\/www3.unicentro.br\/eri\/wp-json\/wp\/v2\/users\/3"}],"replies":[{"embeddable":true,"href":"https:\/\/www3.unicentro.br\/eri\/wp-json\/wp\/v2\/comments?post=1207"}],"version-history":[{"count":0,"href":"https:\/\/www3.unicentro.br\/eri\/wp-json\/wp\/v2\/pages\/1207\/revisions"}],"up":[{"embeddable":true,"href":"https:\/\/www3.unicentro.br\/eri\/wp-json\/wp\/v2\/pages\/1201"}],"wp:attachment":[{"href":"https:\/\/www3.unicentro.br\/eri\/wp-json\/wp\/v2\/media?parent=1207"}],"curies":[{"name":"wp","href":"https:\/\/api.w.org\/{rel}","templated":true}]}}