{"id":62,"date":"2025-07-03T14:59:06","date_gmt":"2025-07-03T17:59:06","guid":{"rendered":"https:\/\/www3.unicentro.br\/entredocentes\/?page_id=62"},"modified":"2026-03-11T14:25:33","modified_gmt":"2026-03-11T17:25:33","slug":"eventos","status":"publish","type":"page","link":"https:\/\/www3.unicentro.br\/entredocentes\/eventos\/","title":{"rendered":"Eventos"},"content":{"rendered":"<div class=\"wpb-content-wrapper\"><p>[vc_row][vc_column width=&#8221;1\/4&#8243;][vc_single_image image=&#8221;543&#8243; img_size=&#8221;large&#8221; alignment=&#8221;center&#8221; onclick=&#8221;custom_link&#8221; css=&#8221;&#8221; link=&#8221;https:\/\/www3.unicentro.br\/noticias\/banco-de-imagens\/&#8221;][\/vc_column][vc_column width=&#8221;3\/4&#8243;][vc_tta_accordion active_section=&#8221;&#8221; css_animation=&#8221;slideInRight&#8221;][vc_tta_section title=&#8221;Projeto Redescobrir-se: Prepara\u00e7\u00e3o para a Aposentadoria.&#8221; tab_id=&#8221;1773249396828-ca72f301-4e80&#8243;][vc_column_text css=&#8221;&#8221;]A Universidade Estadual do Centro-Oeste \u2013 UNICENTRO, por meio do N\u00facleo de Forma\u00e7\u00e3o e Assessoria Pedag\u00f3gica \u2013 NUFAP-ENTREDOCENTES\u00a0e da Pr\u00f3-Reitoria de Gest\u00e3o de Pessoas (PROGESP), convida os servidores docentes e agentes universit\u00e1rios que se encontram em abono de perman\u00eancia a participarem do\u00a0<strong>Projeto Redescobrir-se: Prepara\u00e7\u00e3o para a Aposentadoria<\/strong>.<\/p>\n<p>Com carga hor\u00e1ria total de 60 horas, distribu\u00eddas em encontros mensais, em\u00a0<b>Guarapuava e Irati<\/b>, o projeto contar\u00e1 com palestras, oficinas e atividades vivenciais conduzidas por profissionais de diferentes \u00e1reas, abordando temas como sa\u00fade, bem-estar, organiza\u00e7\u00e3o financeira, aspectos legais, alimenta\u00e7\u00e3o, planejamento de vida e os impactos emocionais da transi\u00e7\u00e3o para a aposentadoria.<\/p>\n<p>Participar do\u00a0<strong>Redescobrir-se<\/strong> \u00e9 uma oportunidade de preparar-se de forma consciente e acolhedora para essa nova fase, fortalecendo autonomia, bem-estar e novos sentidos para o cotidiano.<br \/>\n\ud83d\udcf2 Realize sua inscri\u00e7\u00e3o aqui &#8211; <a href=\"https:\/\/evento.unicentro.br\/site\/redescobrir_se_ppa\/2026\/1\">https:\/\/evento.unicentro.br\/site\/redescobrir_se_ppa\/2026\/1<\/a>[\/vc_column_text][\/vc_tta_section][\/vc_tta_accordion][\/vc_column][vc_column][\/vc_column][\/vc_row][vc_row][vc_column width=&#8221;1\/4&#8243;][vc_single_image image=&#8221;490&#8243; img_size=&#8221;medium&#8221; alignment=&#8221;center&#8221; onclick=&#8221;custom_link&#8221; css=&#8221;&#8221; link=&#8221;https:\/\/www3.unicentro.br\/noticias\/banco-de-imagens\/&#8221;][\/vc_column][vc_column width=&#8221;3\/4&#8243;][vc_tta_accordion active_section=&#8221;&#8221; css_animation=&#8221;slideInRight&#8221;][vc_tta_section title=&#8221;Inspira Doc\u00eancia&#8221; tab_id=&#8221;1764270117677-341d5448-054b&#8221;][vc_column_text css=&#8221;&#8221;]O Inspira Doc\u00eancia \u00e9 uma a\u00e7\u00e3o formativa para todos os docentes das institui\u00e7\u00f5es de ensino superior do Paran\u00e1. Onde busca o aprimoramento das pr\u00e1ticas pedag\u00f3gicas. fortalecimento do desenvolvimento profissional docente e a promo\u00e7\u00e3o da qualidade do ensino superior.<\/p>\n<p>As atividades est\u00e3o distribu\u00eddas nos dia 09, 19 e 24 de fevereiro. O curso faz parte da Rede Estadual de Doc\u00eancia no Ensino Superior (REDES), \u00e0 qual nossa institui\u00e7\u00e3o \u00e9 vinculada. As inscri\u00e7\u00f5es est\u00e3o abertas e podem ser realizadas pelo site <a href=\"https:\/\/evento.unicentro.br\/site\/formacao2026\/2026\/\">https:\/\/evento.unicentro.br\/site\/formacao2026\/2026\/<\/a><\/p>\n<p>09\/02\/2026 &#8211; Comunica\u00e7\u00e3o did\u00e1tica e estilos de doc\u00eancia: entre saberes e media\u00e7\u00f5es na\u00a0sala\u00a0de\u00a0aula.<\/p>\n<p>19\/02\/2026 &#8211; Mentes Diversas, Saberes Plurais: Neurodiversidade e a pr\u00e1tica docente na Universidade.<\/p>\n<p>24\/02\/2026 &#8211; Ingresso e perman\u00eancia na universidade: desafios e tens\u00f5es na forma\u00e7\u00e3o.<\/p>\n<p>06\/03\/2026 &#8211; <span class=\"_aupe copyable-text xkrh14z\">O curioso caso de estudantes de licenciatura que n\u00e3o aspiram \u00e0 doc\u00eancia: perfil, motiva\u00e7\u00f5es e evas\u00e3o.<\/span>[\/vc_column_text][\/vc_tta_section][\/vc_tta_accordion][\/vc_column][vc_column][\/vc_column][\/vc_row][vc_row][vc_column width=&#8221;1\/4&#8243;][vc_single_image image=&#8221;384&#8243; img_size=&#8221;medium&#8221; alignment=&#8221;center&#8221; onclick=&#8221;custom_link&#8221; css=&#8221;&#8221; link=&#8221;https:\/\/www3.unicentro.br\/noticias\/banco-de-imagens\/&#8221;][\/vc_column][vc_column width=&#8221;3\/4&#8243;][vc_tta_accordion active_section=&#8221;&#8221; css_animation=&#8221;slideInRight&#8221;][vc_tta_section title=&#8221;IV Encontro Estadual de Doc\u00eancia Universit\u00e1ria&#8221; tab_id=&#8221;1770900981246-d9eda219-345e&#8221;][vc_column_text css=&#8221;&#8221;]Nos dias 22 e 23 de outubro, a Unicentro sediou o IV Encontro Estadual de Doc\u00eancia Universit\u00e1ria, promovido pela Secretaria da Ci\u00eancia, Tecnologia e Ensino Superior do Paran\u00e1 (Seti) e pela Rede Estadual Doc\u00eancia no Ensino Superior (Redes), em integra\u00e7\u00e3o com a 2\u00aa Confer\u00eancia da Redes\/Seti. O evento reuniu docentes, discentes e pesquisadores das universidades estaduais do Paran\u00e1 para refletir sobre os desafios contempor\u00e2neos da doc\u00eancia no ensino superior p\u00fablico. Foram debatidos temas como metodologias ativas, inclus\u00e3o e diversidade, tecnologias educacionais, avalia\u00e7\u00e3o e pol\u00edticas institucionais de desenvolvimento docente \u2014 fortalecendo o compromisso com uma educa\u00e7\u00e3o superior p\u00fablica de qualidade.[\/vc_column_text][\/vc_tta_section][\/vc_tta_accordion][\/vc_column][vc_column][\/vc_column][\/vc_row][vc_row][vc_column width=&#8221;1\/4&#8243;][vc_single_image image=&#8221;299&#8243; img_size=&#8221;medium&#8221; alignment=&#8221;center&#8221; onclick=&#8221;custom_link&#8221; css=&#8221;&#8221; link=&#8221;https:\/\/www3.unicentro.br\/noticias\/banco-de-imagens\/&#8221;][\/vc_column][vc_column width=&#8221;3\/4&#8243;][vc_tta_accordion active_section=&#8221;&#8221; css_animation=&#8221;slideInRight&#8221;][vc_tta_section title=&#8221;Comemora\u00e7\u00e3o dos 10 anos do Programa Entredocentes \u2013 2025&#8243; tab_id=&#8221;1764270223207-78fc140e-9512&#8243;][vc_column_text css=&#8221;&#8221;]Criado em agosto de 2015, no dia 12 de agosto foi realizada a comemora\u00e7\u00e3o dos 10 anos. Contando com a palestra ministrada pelo professor \u00c2ngelo Cortelazzo, da Universidade Estadual de Campinas (Unicamp). A discuss\u00e3o refletiu sobre o sentido e a identidade da doc\u00eancia universit\u00e1ria, por meio de temas como forma\u00e7\u00e3o de professores, o trabalho desempenhado pelo docente, aprendizado, ferramentas de aprendizagem e a rela\u00e7\u00e3o professor-aluno.[\/vc_column_text][\/vc_tta_section][\/vc_tta_accordion][\/vc_column][\/vc_row][vc_row][vc_column width=&#8221;1\/4&#8243;][vc_single_image image=&#8221;88&#8243; img_size=&#8221;large&#8221; alignment=&#8221;center&#8221; onclick=&#8221;custom_link&#8221; css=&#8221;&#8221; link=&#8221;https:\/\/www3.unicentro.br\/noticias\/banco-de-imagens\/&#8221;][\/vc_column][vc_column width=&#8221;3\/4&#8243;][vc_tta_accordion active_section=&#8221;&#8221; css_animation=&#8221;fadeInRight&#8221;][vc_tta_section title=&#8221;I Simp\u00f3sio Internacional de Tecnologias Educacionais para o Ensino Superior &#8211; SITEES \u2013 2025&#8243; tab_id=&#8221;1764270321874-ec88ffc1-329e&#8221;][vc_column_text css=&#8221;&#8221;]<\/p>\n<p style=\"text-align: justify\">No dia 10 de abril de 2025, a Sala de Eventos do Campus Santa Cruz, em Guarapuava &#8211; PR, recebeu a professora Sara Trindade, da Universidade do Porto, para a palestra <strong>&#8220;Intelig\u00eancia Artificial e Ensino Superior: Repensando a Forma\u00e7\u00e3o do Professor na Era Digital&#8221;<\/strong>. Complementando a programa\u00e7\u00e3o, foram realizados os <strong>Workshops:<\/strong><\/p>\n<p><strong>IA na Pesquisa e Extens\u00e3o<\/strong>: <em>Ricardo Pereira<\/em> (UFSC) e <em>Maria Ivete Basniak<\/em> (UNESPAR)<\/p>\n<p><strong>IA no Ensino<\/strong>: <em>Clodogil Fabiano Ribeiro dos Santos<\/em> (UNICENTRO)[\/vc_column_text][\/vc_tta_section][\/vc_tta_accordion][\/vc_column][\/vc_row][vc_row][vc_column width=&#8221;1\/4&#8243;][vc_single_image image=&#8221;64&#8243; img_size=&#8221;medium&#8221; alignment=&#8221;center&#8221; onclick=&#8221;custom_link&#8221; css_animation=&#8221;none&#8221; css=&#8221;&#8221; link=&#8221;https:\/\/www3.unicentro.br\/entredocentes\/wp-content\/uploads\/sites\/187\/2025\/07\/Anais_evento_REDES_6865927b139d8.pdf&#8221;][\/vc_column][vc_column width=&#8221;3\/4&#8243;][vc_tta_accordion active_section=&#8221;&#8221; css_animation=&#8221;fadeInRight&#8221;][vc_tta_section title=&#8221;Anais da 1\u00aa Confer\u00eancia da REDES \u2013 2024&#8243; tab_id=&#8221;1764270409804-b18b186d-38ed&#8221;][vc_column_text css=&#8221;&#8221;]A publica\u00e7\u00e3o re\u00fane experi\u00eancias formativas e projetos desenvolvidos por docentes das universidades estaduais do Paran\u00e1, com foco na qualifica\u00e7\u00e3o da doc\u00eancia no ensino superior.[\/vc_column_text][\/vc_tta_section][\/vc_tta_accordion][\/vc_column][\/vc_row]<\/p>\n<\/div>","protected":false},"excerpt":{"rendered":"<p>[vc_row][vc_column width=&#8221;1\/4&#8243;][vc_single_image image=&#8221;543&#8243; img_size=&#8221;large&#8221; alignment=&#8221;center&#8221; onclick=&#8221;custom_link&#8221; css=&#8221;&#8221; link=&#8221;https:\/\/www3.unicentro.br\/noticias\/banco-de-imagens\/&#8221;][\/vc_column][vc_column width=&#8221;3\/4&#8243;][vc_tta_accordion active_section=&#8221;&#8221; css_animation=&#8221;slideInRight&#8221;][vc_tta_section title=&#8221;Projeto Redescobrir-se: Prepara\u00e7\u00e3o para a Aposentadoria.&#8221; tab_id=&#8221;1773249396828-ca72f301-4e80&#8243;][vc_column_text css=&#8221;&#8221;]A Universidade Estadual do Centro-Oeste \u2013 UNICENTRO, por meio do N\u00facleo de Forma\u00e7\u00e3o e Assessoria Pedag\u00f3gica \u2013 NUFAP-ENTREDOCENTES\u00a0e da Pr\u00f3-Reitoria de Gest\u00e3o de Pessoas (PROGESP), convida os servidores docentes e agentes universit\u00e1rios que se encontram em abono [&hellip;]<\/p>\n","protected":false},"author":3,"featured_media":0,"parent":0,"menu_order":0,"comment_status":"closed","ping_status":"closed","template":"","meta":{"_exactmetrics_skip_tracking":false,"_exactmetrics_sitenote_active":false,"_exactmetrics_sitenote_note":"","_exactmetrics_sitenote_category":0,"footnotes":"","_links_to":"","_links_to_target":""},"class_list":["post-62","page","type-page","status-publish","hentry"],"_links":{"self":[{"href":"https:\/\/www3.unicentro.br\/entredocentes\/wp-json\/wp\/v2\/pages\/62","targetHints":{"allow":["GET"]}}],"collection":[{"href":"https:\/\/www3.unicentro.br\/entredocentes\/wp-json\/wp\/v2\/pages"}],"about":[{"href":"https:\/\/www3.unicentro.br\/entredocentes\/wp-json\/wp\/v2\/types\/page"}],"author":[{"embeddable":true,"href":"https:\/\/www3.unicentro.br\/entredocentes\/wp-json\/wp\/v2\/users\/3"}],"replies":[{"embeddable":true,"href":"https:\/\/www3.unicentro.br\/entredocentes\/wp-json\/wp\/v2\/comments?post=62"}],"version-history":[{"count":3,"href":"https:\/\/www3.unicentro.br\/entredocentes\/wp-json\/wp\/v2\/pages\/62\/revisions"}],"predecessor-version":[{"id":565,"href":"https:\/\/www3.unicentro.br\/entredocentes\/wp-json\/wp\/v2\/pages\/62\/revisions\/565"}],"wp:attachment":[{"href":"https:\/\/www3.unicentro.br\/entredocentes\/wp-json\/wp\/v2\/media?parent=62"}],"curies":[{"name":"wp","href":"https:\/\/api.w.org\/{rel}","templated":true}]}}

<div class="wpb-content-wrapper"><p>[vc_row][vc_column width=&#8221;1/4&#8243;][vc_single_image image=&#8221;543&#8243; img_size=&#8221;large&#8221; alignment=&#8221;center&#8221; onclick=&#8221;custom_link&#8221; css=&#8221;&#8221; link=&#8221;https://www3.unicentro.br/noticias/banco-de-imagens/&#8221;][/vc_column][vc_column width=&#8221;3/4&#8243;][vc_tta_accordion active_section=&#8221;&#8221; css_animation=&#8221;slideInRight&#8221;][vc_tta_section title=&#8221;Projeto Redescobrir-se: Preparação para a Aposentadoria.&#8221; tab_id=&#8221;1773249396828-ca72f301-4e80&#8243;][vc_column_text css=&#8221;&#8221;]A Universidade Estadual do Centro-Oeste – UNICENTRO, por meio do Núcleo de Formação e Assessoria Pedagógica – NUFAP-ENTREDOCENTES e da Pró-Reitoria de Gestão de Pessoas (PROGESP), convida os servidores docentes e agentes universitários que se encontram em abono de permanência a participarem do <strong>Projeto Redescobrir-se: Preparação para a Aposentadoria</strong>.</p>
<p>Com carga horária total de 60 horas, distribuídas em encontros mensais, em <b>Guarapuava e Irati</b>, o projeto contará com palestras, oficinas e atividades vivenciais conduzidas por profissionais de diferentes áreas, abordando temas como saúde, bem-estar, organização financeira, aspectos legais, alimentação, planejamento de vida e os impactos emocionais da transição para a aposentadoria.</p>
<p>Participar do <strong>Redescobrir-se</strong> é uma oportunidade de preparar-se de forma consciente e acolhedora para essa nova fase, fortalecendo autonomia, bem-estar e novos sentidos para o cotidiano.<br />
📲 Realize sua inscrição aqui &#8211; <a href="https://evento.unicentro.br/site/redescobrir_se_ppa/2026/1">https://evento.unicentro.br/site/redescobrir_se_ppa/2026/1</a>[/vc_column_text][/vc_tta_section][/vc_tta_accordion][/vc_column][vc_column][/vc_column][/vc_row][vc_row][vc_column width=&#8221;1/4&#8243;][vc_single_image image=&#8221;490&#8243; img_size=&#8221;medium&#8221; alignment=&#8221;center&#8221; onclick=&#8221;custom_link&#8221; css=&#8221;&#8221; link=&#8221;https://www3.unicentro.br/noticias/banco-de-imagens/&#8221;][/vc_column][vc_column width=&#8221;3/4&#8243;][vc_tta_accordion active_section=&#8221;&#8221; css_animation=&#8221;slideInRight&#8221;][vc_tta_section title=&#8221;Inspira Docência&#8221; tab_id=&#8221;1764270117677-341d5448-054b&#8221;][vc_column_text css=&#8221;&#8221;]O Inspira Docência é uma ação formativa para todos os docentes das instituições de ensino superior do Paraná. Onde busca o aprimoramento das práticas pedagógicas. fortalecimento do desenvolvimento profissional docente e a promoção da qualidade do ensino superior.</p>
<p>As atividades estão distribuídas nos dia 09, 19 e 24 de fevereiro. O curso faz parte da Rede Estadual de Docência no Ensino Superior (REDES), à qual nossa instituição é vinculada. As inscrições estão abertas e podem ser realizadas pelo site <a href="https://evento.unicentro.br/site/formacao2026/2026/">https://evento.unicentro.br/site/formacao2026/2026/</a></p>
<p>09/02/2026 &#8211; Comunicação didática e estilos de docência: entre saberes e mediações na sala de aula.</p>
<p>19/02/2026 &#8211; Mentes Diversas, Saberes Plurais: Neurodiversidade e a prática docente na Universidade.</p>
<p>24/02/2026 &#8211; Ingresso e permanência na universidade: desafios e tensões na formação.</p>
<p>06/03/2026 &#8211; <span class="_aupe copyable-text xkrh14z">O curioso caso de estudantes de licenciatura que não aspiram à docência: perfil, motivações e evasão.</span>[/vc_column_text][/vc_tta_section][/vc_tta_accordion][/vc_column][vc_column][/vc_column][/vc_row][vc_row][vc_column width=&#8221;1/4&#8243;][vc_single_image image=&#8221;384&#8243; img_size=&#8221;medium&#8221; alignment=&#8221;center&#8221; onclick=&#8221;custom_link&#8221; css=&#8221;&#8221; link=&#8221;https://www3.unicentro.br/noticias/banco-de-imagens/&#8221;][/vc_column][vc_column width=&#8221;3/4&#8243;][vc_tta_accordion active_section=&#8221;&#8221; css_animation=&#8221;slideInRight&#8221;][vc_tta_section title=&#8221;IV Encontro Estadual de Docência Universitária&#8221; tab_id=&#8221;1770900981246-d9eda219-345e&#8221;][vc_column_text css=&#8221;&#8221;]Nos dias 22 e 23 de outubro, a Unicentro sediou o IV Encontro Estadual de Docência Universitária, promovido pela Secretaria da Ciência, Tecnologia e Ensino Superior do Paraná (Seti) e pela Rede Estadual Docência no Ensino Superior (Redes), em integração com a 2ª Conferência da Redes/Seti. O evento reuniu docentes, discentes e pesquisadores das universidades estaduais do Paraná para refletir sobre os desafios contemporâneos da docência no ensino superior público. Foram debatidos temas como metodologias ativas, inclusão e diversidade, tecnologias educacionais, avaliação e políticas institucionais de desenvolvimento docente — fortalecendo o compromisso com uma educação superior pública de qualidade.[/vc_column_text][/vc_tta_section][/vc_tta_accordion][/vc_column][vc_column][/vc_column][/vc_row][vc_row][vc_column width=&#8221;1/4&#8243;][vc_single_image image=&#8221;299&#8243; img_size=&#8221;medium&#8221; alignment=&#8221;center&#8221; onclick=&#8221;custom_link&#8221; css=&#8221;&#8221; link=&#8221;https://www3.unicentro.br/noticias/banco-de-imagens/&#8221;][/vc_column][vc_column width=&#8221;3/4&#8243;][vc_tta_accordion active_section=&#8221;&#8221; css_animation=&#8221;slideInRight&#8221;][vc_tta_section title=&#8221;Comemoração dos 10 anos do Programa Entredocentes – 2025&#8243; tab_id=&#8221;1764270223207-78fc140e-9512&#8243;][vc_column_text css=&#8221;&#8221;]Criado em agosto de 2015, no dia 12 de agosto foi realizada a comemoração dos 10 anos. Contando com a palestra ministrada pelo professor Ângelo Cortelazzo, da Universidade Estadual de Campinas (Unicamp). A discussão refletiu sobre o sentido e a identidade da docência universitária, por meio de temas como formação de professores, o trabalho desempenhado pelo docente, aprendizado, ferramentas de aprendizagem e a relação professor-aluno.[/vc_column_text][/vc_tta_section][/vc_tta_accordion][/vc_column][/vc_row][vc_row][vc_column width=&#8221;1/4&#8243;][vc_single_image image=&#8221;88&#8243; img_size=&#8221;large&#8221; alignment=&#8221;center&#8221; onclick=&#8221;custom_link&#8221; css=&#8221;&#8221; link=&#8221;https://www3.unicentro.br/noticias/banco-de-imagens/&#8221;][/vc_column][vc_column width=&#8221;3/4&#8243;][vc_tta_accordion active_section=&#8221;&#8221; css_animation=&#8221;fadeInRight&#8221;][vc_tta_section title=&#8221;I Simpósio Internacional de Tecnologias Educacionais para o Ensino Superior &#8211; SITEES – 2025&#8243; tab_id=&#8221;1764270321874-ec88ffc1-329e&#8221;][vc_column_text css=&#8221;&#8221;]</p>
<p style="text-align: justify">No dia 10 de abril de 2025, a Sala de Eventos do Campus Santa Cruz, em Guarapuava &#8211; PR, recebeu a professora Sara Trindade, da Universidade do Porto, para a palestra <strong>&#8220;Inteligência Artificial e Ensino Superior: Repensando a Formação do Professor na Era Digital&#8221;</strong>. Complementando a programação, foram realizados os <strong>Workshops:</strong></p>
<p><strong>IA na Pesquisa e Extensão</strong>: <em>Ricardo Pereira</em> (UFSC) e <em>Maria Ivete Basniak</em> (UNESPAR)</p>
<p><strong>IA no Ensino</strong>: <em>Clodogil Fabiano Ribeiro dos Santos</em> (UNICENTRO)[/vc_column_text][/vc_tta_section][/vc_tta_accordion][/vc_column][/vc_row][vc_row][vc_column width=&#8221;1/4&#8243;][vc_single_image image=&#8221;64&#8243; img_size=&#8221;medium&#8221; alignment=&#8221;center&#8221; onclick=&#8221;custom_link&#8221; css_animation=&#8221;none&#8221; css=&#8221;&#8221; link=&#8221;https://www3.unicentro.br/entredocentes/wp-content/uploads/sites/187/2025/07/Anais_evento_REDES_6865927b139d8.pdf&#8221;][/vc_column][vc_column width=&#8221;3/4&#8243;][vc_tta_accordion active_section=&#8221;&#8221; css_animation=&#8221;fadeInRight&#8221;][vc_tta_section title=&#8221;Anais da 1ª Conferência da REDES – 2024&#8243; tab_id=&#8221;1764270409804-b18b186d-38ed&#8221;][vc_column_text css=&#8221;&#8221;]A publicação reúne experiências formativas e projetos desenvolvidos por docentes das universidades estaduais do Paraná, com foco na qualificação da docência no ensino superior.[/vc_column_text][/vc_tta_section][/vc_tta_accordion][/vc_column][/vc_row]</p>
</div>

<p>[vc_row][vc_column width=&#8221;1/4&#8243;][vc_single_image image=&#8221;543&#8243; img_size=&#8221;large&#8221; alignment=&#8221;center&#8221; onclick=&#8221;custom_link&#8221; css=&#8221;&#8221; link=&#8221;https://www3.unicentro.br/noticias/banco-de-imagens/&#8221;][/vc_column][vc_column width=&#8221;3/4&#8243;][vc_tta_accordion active_section=&#8221;&#8221; css_animation=&#8221;slideInRight&#8221;][vc_tta_section title=&#8221;Projeto Redescobrir-se: Preparação para a Aposentadoria.&#8221; tab_id=&#8221;1773249396828-ca72f301-4e80&#8243;][vc_column_text css=&#8221;&#8221;]A Universidade Estadual do Centro-Oeste – UNICENTRO, por meio do Núcleo de Formação e Assessoria Pedagógica – NUFAP-ENTREDOCENTES e da Pró-Reitoria de Gestão de Pessoas (PROGESP), convida os servidores docentes e agentes universitários que se encontram em abono [&hellip;]</p>
