{"id":39,"date":"2025-06-18T10:34:37","date_gmt":"2025-06-18T13:34:37","guid":{"rendered":"https:\/\/www3.unicentro.br\/entredocentes\/?page_id=39"},"modified":"2026-03-11T14:03:25","modified_gmt":"2026-03-11T17:03:25","slug":"inicial","status":"publish","type":"page","link":"https:\/\/www3.unicentro.br\/entredocentes\/","title":{"rendered":"Inicial"},"content":{"rendered":"<div class=\"wpb-content-wrapper\"><p>[vc_row u_row_style=&#8221;0&#8243; u_row_paralax=&#8221;0&#8243; u_row_scheme=&#8221;0&#8243; css=&#8221;.vc_custom_1750274561067{margin-bottom: 40px !important;}&#8221;][vc_column]\n\t\t\t\t<p class=\"rs-p-wp-fix\"><\/p>\n\t\t\t\t<sr7-module data-alias=\"slider-1\" data-id=\"1\" id=\"SR7_1_1\" class=\"rs-ov-hidden\" data-version=\"6.7.51\">\n\t\t\t\t\t<sr7-adjuster><\/sr7-adjuster>\n\t\t\t\t\t<sr7-content>\n\t\t\t\t\t\t<sr7-slide id=\"SR7_1_1-1\" data-key=\"1\">\n\t\t\t\t\t\t\t<sr7-txt id=\"SR7_1_1-1-0\" class=\"sr7-layer\">N U F A P\n<\/sr7-txt>\n\t\t\t\t\t\t\t<sr7-txt id=\"SR7_1_1-1-1\" class=\"sr7-layer\">E  N  T  R  E  D  O  C  E  N  T  E  S \n\n<\/sr7-txt>\n\t\t\t\t\t\t\t<sr7-txt id=\"SR7_1_1-1-3\" class=\"sr7-layer\">N\u00daCLEO DE FORMA\u00c7\u00c3O E ASSESSORIA PEDAG\u00d3GICA\n\n<\/sr7-txt>\n\t\t\t\t\t\t<\/sr7-slide>\n\t\t\t\t\t\t<sr7-slide id=\"SR7_1_1-2\" data-key=\"2\">\n\t\t\t\t\t\t<\/sr7-slide>\n\t\t\t\t\t<\/sr7-content>\n\t\t\t\t<\/sr7-module>\n\t\t\t\t<script>\n\t\t\t\t\twindow.SR7 ??={};SR7.PMH ??={}; SR7.PMH[\"SR7_1_1\"] = {cn:100,state:false,fn: function() { if (window._tpt!==undefined && window._tpt.prepareModuleHeight !== undefined) {  _tpt.prepareModuleHeight({id:\"SR7_1_1\",el:[900,900,768,960,720],type:'standard',shdw:'0',gh:[900,900,743,565,349],gw:[1240,1240,1024,778,480],vpt:['-100px'],size:{fullWidth:true, fullHeight:true},fho:'',mh:'0',onh:0,onw:0,bg:{color:'{\"orig\":\"transparent\",\"type\":\"solid\",\"string\":\"transparent\"}'}});   SR7.PMH[\"SR7_1_1\"].state=true;} else if(SR7.PMH[\"SR7_1_1\"].cn-->0)\tsetTimeout( SR7.PMH[\"SR7_1_1\"].fn,19);}};SR7.PMH[\"SR7_1_1\" ].fn();\n\t\t\t\t<\/script>\n[\/vc_column][\/vc_row][vc_row equal_height=&#8221;yes&#8221; content_placement=&#8221;middle&#8221; css_animation=&#8221;bounceInLeft&#8221; u_row_style=&#8221;0&#8243; u_row_paralax=&#8221;0&#8243; u_row_scheme=&#8221;0&#8243;][vc_column width=&#8221;1\/2&#8243;][vc_column_text css=&#8221;&#8221;]<\/p>\n<h2>Quem somos<\/h2>\n<p>O N\u00facleo de Forma\u00e7\u00e3o e Assessoria Pedag\u00f3gica de Professores da Unicentro \u2013 NUFAP \u2013 \u00e9 uma iniciativa voltada \u00e0 forma\u00e7\u00e3o continuada dos docentes da institui\u00e7\u00e3o.<\/p>\n<p>O programa busca apoiar e qualificar a pr\u00e1tica docente universit\u00e1ria por meio de cursos, oficinas, palestras e confer\u00eancias. Navegue pelo site e conhe\u00e7a mais sobre nossas a\u00e7\u00f5es![\/vc_column_text][vc_btn title=&#8221;Entre em contato&#8221; style=&#8221;flat&#8221; color=&#8221;danger&#8221; align=&#8221;center&#8221; css=&#8221;&#8221; el_class=&#8221;botao-padrao&#8221; link=&#8221;url:https%3A%2F%2Fwww3.unicentro.br%2Fentredocentes%2Fcontato%2F|title:CONTATO&#8221;][\/vc_column][vc_column width=&#8221;1\/2&#8243;][vc_single_image image=&#8221;562&#8243; img_size=&#8221;large&#8221; alignment=&#8221;center&#8221; css=&#8221;&#8221;][\/vc_column][\/vc_row][vc_row css_animation=&#8221;bounceInLeft&#8221; u_row_style=&#8221;0&#8243; u_row_paralax=&#8221;0&#8243; u_row_scheme=&#8221;0&#8243; css=&#8221;.vc_custom_1763573982290{margin-bottom: -45px !important;padding-top: 50px !important;padding-bottom: 50px !important;background-color: #B73E39 !important;}&#8221;][vc_column css=&#8221;.vc_custom_1750275937611{padding-bottom: 0px !important;}&#8221;][vc_column_text css=&#8221;&#8221;]<\/p>\n<h1 style=\"text-align: center\"><strong><span style=\"font-size: 36pt;color: #ffffff\">DESTAQUES<\/span><\/strong><\/h1>\n<p>[\/vc_column_text][vc_row_inner equal_height=&#8221;yes&#8221;][vc_column_inner width=&#8221;1\/3&#8243; css=&#8221;.vc_custom_1750275518951{padding: 30px !important;background-color: #FFFFFF !important;}&#8221;][vc_column_text css=&#8221;&#8221;]<a href=\"https:\/\/www3.unicentro.br\/entredocentes\/eventos\/\"><strong>EVENTOS<\/strong><\/a><\/p>\n<p>Participe dos encontros e momentos formativos promovidos pelo Entredocentes.<br \/>\nOs eventos re\u00fanem docentes de diferentes \u00e1reas para trocas de experi\u00eancias, oficinas, rodas de conversa, semin\u00e1rios e comemora\u00e7\u00f5es.<br \/>\nUm espa\u00e7o para refletir, construir e fortalecer a doc\u00eancia universit\u00e1ria de forma colaborativa.[\/vc_column_text][vc_btn title=&#8221;Acesso aos Anais de Eventos&#8221; style=&#8221;flat&#8221; color=&#8221;pink&#8221; align=&#8221;left&#8221; css=&#8221;&#8221; link=&#8221;url:https%3A%2F%2Fwww3.unicentro.br%2Fentredocentes%2Feventos%2F|title:Eventos&#8221;][\/vc_column_inner][vc_column_inner width=&#8221;1\/3&#8243; css=&#8221;.vc_custom_1750275728503{padding: 30px !important;background-color: #F4F1EC !important;}&#8221;][vc_column_text css=&#8221;&#8221;]<a href=\"https:\/\/www3.unicentro.br\/entredocentes\/cursos\/\"><strong>CURSOS<\/strong><\/a><\/p>\n<p>Aqui voc\u00ea encontra forma\u00e7\u00f5es continuadas com tem\u00e1ticas atuais, metodologias inovadoras e tecnologias educacionais. Os cursos s\u00e3o planejados para apoiar o desenvolvimento pedag\u00f3gico no ensino superior, valorizando a autonomia, a diversidade e o compromisso com a qualidade da educa\u00e7\u00e3o.[\/vc_column_text][vc_btn title=&#8221;Acesso aos Cursos&#8221; style=&#8221;flat&#8221; color=&#8221;pink&#8221; align=&#8221;left&#8221; css=&#8221;&#8221; link=&#8221;url:https%3A%2F%2Fwww3.unicentro.br%2Fentredocentes%2Fcursos%2F|title:Cursos&#8221;][\/vc_column_inner][vc_column_inner width=&#8221;1\/3&#8243; css=&#8221;.vc_custom_1762804524206{padding-top: 30px !important;padding-right: 30px !important;padding-bottom: 30px !important;padding-left: 30px !important;background-color: #FFFFFF !important;}&#8221;][vc_column_text css=&#8221;&#8221;]<a href=\"https:\/\/www3.unicentro.br\/entredocentes\/noticias\/\" target=\"_blank\" rel=\"noopener\"><strong>NOT\u00cdCIAS<\/strong><\/a><\/p>\n<p>Fique por dentro das a\u00e7\u00f5es, projetos, publica\u00e7\u00f5es e resultados que est\u00e3o movimentando a forma\u00e7\u00e3o docente na Unicentro.<\/p>\n<p>Nesta se\u00e7\u00e3o, voc\u00ea encontra not\u00edcias fresquinhas sobre tudo o que acontece no Programa.[\/vc_column_text][vc_btn title=&#8221;Acesso as not\u00edcias&#8221; style=&#8221;flat&#8221; color=&#8221;pink&#8221; align=&#8221;left&#8221; css=&#8221;&#8221; link=&#8221;url:https%3A%2F%2Fwww3.unicentro.br%2Fentredocentes%2Fnoticias%2F|title:Cursos&#8221;][\/vc_column_inner][\/vc_row_inner][\/vc_column][\/vc_row][vc_row equal_height=&#8221;yes&#8221; content_placement=&#8221;middle&#8221; css_animation=&#8221;bounceInLeft&#8221; u_row_style=&#8221;0&#8243; u_row_paralax=&#8221;0&#8243; u_row_scheme=&#8221;0&#8243; css=&#8221;.vc_custom_1763573929402{margin-top: -5px !important;padding-top: 30px !important;padding-bottom: 30px !important;background-color: #F4F1EC !important;}&#8221;][vc_column width=&#8221;1\/2&#8243;][vc_single_image image=&#8221;51&#8243; img_size=&#8221;full&#8221; alignment=&#8221;center&#8221; css=&#8221;&#8221;][\/vc_column][vc_column width=&#8221;1\/2&#8243;][vc_column_text css=&#8221;&#8221;]<\/p>\n<h2><strong>PARA VOC\u00ca<\/strong><\/h2>\n<p>Espa\u00e7o Maker<\/p>\n<ul>\n<li>Prepara\u00e7\u00e3o de aulas<\/li>\n<li>Videoconfer\u00eancias<\/li>\n<li>Apoio Ensino-Aprendizagem<\/li>\n<\/ul>\n<p>[\/vc_column_text][\/vc_column][\/vc_row][vc_row disable_element=&#8221;yes&#8221; u_row_style=&#8221;0&#8243; u_row_paralax=&#8221;0&#8243; u_row_scheme=&#8221;0&#8243; css=&#8221;.vc_custom_1751565579023{padding-top: 50px !important;padding-bottom: 50px !important;background: #B73E39 url(https:\/\/www3.unicentro.br\/entredocentes\/wp-content\/uploads\/sites\/187\/2025\/06\/reuniao-fundo-linha.jpg?id=52) !important;background-position: center !important;background-repeat: no-repeat !important;background-size: cover !important;}&#8221;][vc_column css=&#8221;.vc_custom_1750275937611{padding-bottom: 0px !important;}&#8221;][vc_column_text css=&#8221;&#8221;]<\/p>\n<h1 style=\"text-align: center\"><strong><span style=\"font-size: 36pt;color: #ffffff\">ENTREDOCENTES<\/span><\/strong><\/h1>\n<p>[\/vc_column_text][vc_row_inner equal_height=&#8221;yes&#8221; content_placement=&#8221;middle&#8221; el_class=&#8221;letras-brancas&#8221;][vc_column_inner width=&#8221;1\/3&#8243; css=&#8221;.vc_custom_1750277460272{padding: 30px !important;border: 1px solid #E9C715 !important;}&#8221;][vc_column_text css=&#8221;&#8221;]<strong>EVENTOS<\/strong><\/p>\n<p>Participe dos encontros e momentos formativos promovidos pelo Entredocentes.<br \/>\nOs eventos re\u00fanem docentes de diferentes \u00e1reas para trocas de experi\u00eancias, oficinas, rodas de conversa, semin\u00e1rios e comemora\u00e7\u00f5es.<br \/>\nUm espa\u00e7o para refletir, construir e fortalecer a doc\u00eancia universit\u00e1ria de forma colaborativa.[\/vc_column_text][\/vc_column_inner][vc_column_inner width=&#8221;1\/3&#8243; css=&#8221;.vc_custom_1750277372326{margin-right: 10px !important;margin-left: 10px !important;padding-top: 30px !important;padding-right: 30px !important;padding-bottom: 30px !important;padding-left: 30px !important;border: 1px solid #E9C715 !important;}&#8221;][vc_column_text css=&#8221;&#8221;]<strong>CURSOS<\/strong><\/p>\n<p>Aqui voc\u00ea encontra forma\u00e7\u00f5es continuadas com tem\u00e1ticas atuais, metodologias inovadoras e tecnologias educacionais. Os cursos s\u00e3o planejados para apoiar o desenvolvimento pedag\u00f3gico no ensino superior, valorizando a autonomia, a diversidade e o compromisso com a qualidade da educa\u00e7\u00e3o.[\/vc_column_text][\/vc_column_inner][vc_column_inner width=&#8221;1\/3&#8243; css=&#8221;.vc_custom_1750277380425{padding-top: 30px !important;padding-right: 30px !important;padding-bottom: 30px !important;padding-left: 30px !important;border: 1px solid #E9C715 !important;}&#8221;][vc_column_text css=&#8221;&#8221;]<strong>NOT\u00cdCIAS<\/strong><\/p>\n<p>Fique por dentro das a\u00e7\u00f5es, projetos, publica\u00e7\u00f5es e resultados que est\u00e3o movimentando a forma\u00e7\u00e3o docente na Unicentro.<br \/>\nNesta se\u00e7\u00e3o, voc\u00ea encontra not\u00edcias fresquinhas sobre tudo o que acontece no Programa.[\/vc_column_text][\/vc_column_inner][\/vc_row_inner][\/vc_column][\/vc_row][vc_row u_row_style=&#8221;0&#8243; u_row_paralax=&#8221;0&#8243; u_row_scheme=&#8221;0&#8243; css=&#8221;.vc_custom_1750277841402{margin-top: 30px !important;padding-top: 15px !important;}&#8221;][vc_column][vc_column_text css=&#8221;&#8221;]<\/p>\n<h2><a href=\"https:\/\/www3.unicentro.br\/entredocentes\/contato\/\">CONTATO<\/a><\/h2>\n<ul>\n<li>Sala 207, Bloco A<\/li>\n<li>(42) 3621-1366<\/li>\n<li><a href=\"mailto:entredocentes@unicentro.br\">entredocentes@unicentro.br<\/a><\/li>\n<li>@progentredocentes<\/li>\n<\/ul>\n<p><strong>Segunda a Sexta<\/strong><br \/>\n<strong>9h \u00e0s 17h<\/strong>[\/vc_column_text][\/vc_column][\/vc_row]<\/p>\n<\/div>","protected":false},"excerpt":{"rendered":"<p>[vc_row u_row_style=&#8221;0&#8243; u_row_paralax=&#8221;0&#8243; u_row_scheme=&#8221;0&#8243; css=&#8221;.vc_custom_1750274561067{margin-bottom: 40px !important;}&#8221;][vc_column][\/vc_column][\/vc_row][vc_row equal_height=&#8221;yes&#8221; content_placement=&#8221;middle&#8221; css_animation=&#8221;bounceInLeft&#8221; u_row_style=&#8221;0&#8243; u_row_paralax=&#8221;0&#8243; u_row_scheme=&#8221;0&#8243;][vc_column width=&#8221;1\/2&#8243;][vc_column_text css=&#8221;&#8221;] Quem somos O N\u00facleo de Forma\u00e7\u00e3o e Assessoria Pedag\u00f3gica de Professores da Unicentro \u2013 NUFAP \u2013 \u00e9 uma iniciativa voltada \u00e0 forma\u00e7\u00e3o continuada dos docentes da institui\u00e7\u00e3o. O programa busca apoiar e qualificar a pr\u00e1tica docente universit\u00e1ria por meio de [&hellip;]<\/p>\n","protected":false},"author":3,"featured_media":0,"parent":0,"menu_order":0,"comment_status":"closed","ping_status":"closed","template":"page-templates\/front-page.php","meta":{"_exactmetrics_skip_tracking":false,"_exactmetrics_sitenote_active":false,"_exactmetrics_sitenote_note":"","_exactmetrics_sitenote_category":0,"footnotes":"","_links_to":"","_links_to_target":""},"class_list":["post-39","page","type-page","status-publish","hentry"],"_links":{"self":[{"href":"https:\/\/www3.unicentro.br\/entredocentes\/wp-json\/wp\/v2\/pages\/39","targetHints":{"allow":["GET"]}}],"collection":[{"href":"https:\/\/www3.unicentro.br\/entredocentes\/wp-json\/wp\/v2\/pages"}],"about":[{"href":"https:\/\/www3.unicentro.br\/entredocentes\/wp-json\/wp\/v2\/types\/page"}],"author":[{"embeddable":true,"href":"https:\/\/www3.unicentro.br\/entredocentes\/wp-json\/wp\/v2\/users\/3"}],"replies":[{"embeddable":true,"href":"https:\/\/www3.unicentro.br\/entredocentes\/wp-json\/wp\/v2\/comments?post=39"}],"version-history":[{"count":4,"href":"https:\/\/www3.unicentro.br\/entredocentes\/wp-json\/wp\/v2\/pages\/39\/revisions"}],"predecessor-version":[{"id":563,"href":"https:\/\/www3.unicentro.br\/entredocentes\/wp-json\/wp\/v2\/pages\/39\/revisions\/563"}],"wp:attachment":[{"href":"https:\/\/www3.unicentro.br\/entredocentes\/wp-json\/wp\/v2\/media?parent=39"}],"curies":[{"name":"wp","href":"https:\/\/api.w.org\/{rel}","templated":true}]}}

<div class="wpb-content-wrapper"><p>[vc_row u_row_style=&#8221;0&#8243; u_row_paralax=&#8221;0&#8243; u_row_scheme=&#8221;0&#8243; css=&#8221;.vc_custom_1750274561067{margin-bottom: 40px !important;}&#8221;][vc_column]
				<p class="rs-p-wp-fix"></p>
				<sr7-module data-alias="slider-1" data-id="1" id="SR7_1_1" class="rs-ov-hidden" data-version="6.7.51">
					<sr7-adjuster></sr7-adjuster>
					<sr7-content>
						<sr7-slide id="SR7_1_1-1" data-key="1">
							<sr7-txt id="SR7_1_1-1-0" class="sr7-layer">N U F A P
</sr7-txt>
							<sr7-txt id="SR7_1_1-1-1" class="sr7-layer">E  N  T  R  E  D  O  C  E  N  T  E  S 

</sr7-txt>
							<sr7-txt id="SR7_1_1-1-3" class="sr7-layer">NÚCLEO DE FORMAÇÃO E ASSESSORIA PEDAGÓGICA

</sr7-txt>
						</sr7-slide>
						<sr7-slide id="SR7_1_1-2" data-key="2">
						</sr7-slide>
					</sr7-content>
				</sr7-module>
				<script>
					window.SR7 ??={};SR7.PMH ??={}; SR7.PMH["SR7_1_1"] = {cn:100,state:false,fn: function() { if (window._tpt!==undefined && window._tpt.prepareModuleHeight !== undefined) {  _tpt.prepareModuleHeight({id:"SR7_1_1",el:[900,900,768,960,720],type:'standard',shdw:'0',gh:[900,900,743,565,349],gw:[1240,1240,1024,778,480],vpt:['-100px'],size:{fullWidth:true, fullHeight:true},fho:'',mh:'0',onh:0,onw:0,bg:{color:'{"orig":"transparent","type":"solid","string":"transparent"}'}});   SR7.PMH["SR7_1_1"].state=true;} else if(SR7.PMH["SR7_1_1"].cn-->0)	setTimeout( SR7.PMH["SR7_1_1"].fn,19);}};SR7.PMH["SR7_1_1" ].fn();
				</script>
[/vc_column][/vc_row][vc_row equal_height=&#8221;yes&#8221; content_placement=&#8221;middle&#8221; css_animation=&#8221;bounceInLeft&#8221; u_row_style=&#8221;0&#8243; u_row_paralax=&#8221;0&#8243; u_row_scheme=&#8221;0&#8243;][vc_column width=&#8221;1/2&#8243;][vc_column_text css=&#8221;&#8221;]</p>
<h2>Quem somos</h2>
<p>O Núcleo de Formação e Assessoria Pedagógica de Professores da Unicentro – NUFAP – é uma iniciativa voltada à formação continuada dos docentes da instituição.</p>
<p>O programa busca apoiar e qualificar a prática docente universitária por meio de cursos, oficinas, palestras e conferências. Navegue pelo site e conheça mais sobre nossas ações![/vc_column_text][vc_btn title=&#8221;Entre em contato&#8221; style=&#8221;flat&#8221; color=&#8221;danger&#8221; align=&#8221;center&#8221; css=&#8221;&#8221; el_class=&#8221;botao-padrao&#8221; link=&#8221;url:https%3A%2F%2Fwww3.unicentro.br%2Fentredocentes%2Fcontato%2F|title:CONTATO&#8221;][/vc_column][vc_column width=&#8221;1/2&#8243;][vc_single_image image=&#8221;562&#8243; img_size=&#8221;large&#8221; alignment=&#8221;center&#8221; css=&#8221;&#8221;][/vc_column][/vc_row][vc_row css_animation=&#8221;bounceInLeft&#8221; u_row_style=&#8221;0&#8243; u_row_paralax=&#8221;0&#8243; u_row_scheme=&#8221;0&#8243; css=&#8221;.vc_custom_1763573982290{margin-bottom: -45px !important;padding-top: 50px !important;padding-bottom: 50px !important;background-color: #B73E39 !important;}&#8221;][vc_column css=&#8221;.vc_custom_1750275937611{padding-bottom: 0px !important;}&#8221;][vc_column_text css=&#8221;&#8221;]</p>
<h1 style="text-align: center"><strong><span style="font-size: 36pt;color: #ffffff">DESTAQUES</span></strong></h1>
<p>[/vc_column_text][vc_row_inner equal_height=&#8221;yes&#8221;][vc_column_inner width=&#8221;1/3&#8243; css=&#8221;.vc_custom_1750275518951{padding: 30px !important;background-color: #FFFFFF !important;}&#8221;][vc_column_text css=&#8221;&#8221;]<a href="https://www3.unicentro.br/entredocentes/eventos/"><strong>EVENTOS</strong></a></p>
<p>Participe dos encontros e momentos formativos promovidos pelo Entredocentes.<br />
Os eventos reúnem docentes de diferentes áreas para trocas de experiências, oficinas, rodas de conversa, seminários e comemorações.<br />
Um espaço para refletir, construir e fortalecer a docência universitária de forma colaborativa.[/vc_column_text][vc_btn title=&#8221;Acesso aos Anais de Eventos&#8221; style=&#8221;flat&#8221; color=&#8221;pink&#8221; align=&#8221;left&#8221; css=&#8221;&#8221; link=&#8221;url:https%3A%2F%2Fwww3.unicentro.br%2Fentredocentes%2Feventos%2F|title:Eventos&#8221;][/vc_column_inner][vc_column_inner width=&#8221;1/3&#8243; css=&#8221;.vc_custom_1750275728503{padding: 30px !important;background-color: #F4F1EC !important;}&#8221;][vc_column_text css=&#8221;&#8221;]<a href="https://www3.unicentro.br/entredocentes/cursos/"><strong>CURSOS</strong></a></p>
<p>Aqui você encontra formações continuadas com temáticas atuais, metodologias inovadoras e tecnologias educacionais. Os cursos são planejados para apoiar o desenvolvimento pedagógico no ensino superior, valorizando a autonomia, a diversidade e o compromisso com a qualidade da educação.[/vc_column_text][vc_btn title=&#8221;Acesso aos Cursos&#8221; style=&#8221;flat&#8221; color=&#8221;pink&#8221; align=&#8221;left&#8221; css=&#8221;&#8221; link=&#8221;url:https%3A%2F%2Fwww3.unicentro.br%2Fentredocentes%2Fcursos%2F|title:Cursos&#8221;][/vc_column_inner][vc_column_inner width=&#8221;1/3&#8243; css=&#8221;.vc_custom_1762804524206{padding-top: 30px !important;padding-right: 30px !important;padding-bottom: 30px !important;padding-left: 30px !important;background-color: #FFFFFF !important;}&#8221;][vc_column_text css=&#8221;&#8221;]<a href="https://www3.unicentro.br/entredocentes/noticias/" target="_blank" rel="noopener"><strong>NOTÍCIAS</strong></a></p>
<p>Fique por dentro das ações, projetos, publicações e resultados que estão movimentando a formação docente na Unicentro.</p>
<p>Nesta seção, você encontra notícias fresquinhas sobre tudo o que acontece no Programa.[/vc_column_text][vc_btn title=&#8221;Acesso as notícias&#8221; style=&#8221;flat&#8221; color=&#8221;pink&#8221; align=&#8221;left&#8221; css=&#8221;&#8221; link=&#8221;url:https%3A%2F%2Fwww3.unicentro.br%2Fentredocentes%2Fnoticias%2F|title:Cursos&#8221;][/vc_column_inner][/vc_row_inner][/vc_column][/vc_row][vc_row equal_height=&#8221;yes&#8221; content_placement=&#8221;middle&#8221; css_animation=&#8221;bounceInLeft&#8221; u_row_style=&#8221;0&#8243; u_row_paralax=&#8221;0&#8243; u_row_scheme=&#8221;0&#8243; css=&#8221;.vc_custom_1763573929402{margin-top: -5px !important;padding-top: 30px !important;padding-bottom: 30px !important;background-color: #F4F1EC !important;}&#8221;][vc_column width=&#8221;1/2&#8243;][vc_single_image image=&#8221;51&#8243; img_size=&#8221;full&#8221; alignment=&#8221;center&#8221; css=&#8221;&#8221;][/vc_column][vc_column width=&#8221;1/2&#8243;][vc_column_text css=&#8221;&#8221;]</p>
<h2><strong>PARA VOCÊ</strong></h2>
<p>Espaço Maker</p>
<ul>
<li>Preparação de aulas</li>
<li>Videoconferências</li>
<li>Apoio Ensino-Aprendizagem</li>
</ul>
<p>[/vc_column_text][/vc_column][/vc_row][vc_row disable_element=&#8221;yes&#8221; u_row_style=&#8221;0&#8243; u_row_paralax=&#8221;0&#8243; u_row_scheme=&#8221;0&#8243; css=&#8221;.vc_custom_1751565579023{padding-top: 50px !important;padding-bottom: 50px !important;background: #B73E39 url(https://www3.unicentro.br/entredocentes/wp-content/uploads/sites/187/2025/06/reuniao-fundo-linha.jpg?id=52) !important;background-position: center !important;background-repeat: no-repeat !important;background-size: cover !important;}&#8221;][vc_column css=&#8221;.vc_custom_1750275937611{padding-bottom: 0px !important;}&#8221;][vc_column_text css=&#8221;&#8221;]</p>
<h1 style="text-align: center"><strong><span style="font-size: 36pt;color: #ffffff">ENTREDOCENTES</span></strong></h1>
<p>[/vc_column_text][vc_row_inner equal_height=&#8221;yes&#8221; content_placement=&#8221;middle&#8221; el_class=&#8221;letras-brancas&#8221;][vc_column_inner width=&#8221;1/3&#8243; css=&#8221;.vc_custom_1750277460272{padding: 30px !important;border: 1px solid #E9C715 !important;}&#8221;][vc_column_text css=&#8221;&#8221;]<strong>EVENTOS</strong></p>
<p>Participe dos encontros e momentos formativos promovidos pelo Entredocentes.<br />
Os eventos reúnem docentes de diferentes áreas para trocas de experiências, oficinas, rodas de conversa, seminários e comemorações.<br />
Um espaço para refletir, construir e fortalecer a docência universitária de forma colaborativa.[/vc_column_text][/vc_column_inner][vc_column_inner width=&#8221;1/3&#8243; css=&#8221;.vc_custom_1750277372326{margin-right: 10px !important;margin-left: 10px !important;padding-top: 30px !important;padding-right: 30px !important;padding-bottom: 30px !important;padding-left: 30px !important;border: 1px solid #E9C715 !important;}&#8221;][vc_column_text css=&#8221;&#8221;]<strong>CURSOS</strong></p>
<p>Aqui você encontra formações continuadas com temáticas atuais, metodologias inovadoras e tecnologias educacionais. Os cursos são planejados para apoiar o desenvolvimento pedagógico no ensino superior, valorizando a autonomia, a diversidade e o compromisso com a qualidade da educação.[/vc_column_text][/vc_column_inner][vc_column_inner width=&#8221;1/3&#8243; css=&#8221;.vc_custom_1750277380425{padding-top: 30px !important;padding-right: 30px !important;padding-bottom: 30px !important;padding-left: 30px !important;border: 1px solid #E9C715 !important;}&#8221;][vc_column_text css=&#8221;&#8221;]<strong>NOTÍCIAS</strong></p>
<p>Fique por dentro das ações, projetos, publicações e resultados que estão movimentando a formação docente na Unicentro.<br />
Nesta seção, você encontra notícias fresquinhas sobre tudo o que acontece no Programa.[/vc_column_text][/vc_column_inner][/vc_row_inner][/vc_column][/vc_row][vc_row u_row_style=&#8221;0&#8243; u_row_paralax=&#8221;0&#8243; u_row_scheme=&#8221;0&#8243; css=&#8221;.vc_custom_1750277841402{margin-top: 30px !important;padding-top: 15px !important;}&#8221;][vc_column][vc_column_text css=&#8221;&#8221;]</p>
<h2><a href="https://www3.unicentro.br/entredocentes/contato/">CONTATO</a></h2>
<ul>
<li>Sala 207, Bloco A</li>
<li>(42) 3621-1366</li>
<li><a href="mailto:entredocentes@unicentro.br">entredocentes@unicentro.br</a></li>
<li>@progentredocentes</li>
</ul>
<p><strong>Segunda a Sexta</strong><br />
<strong>9h às 17h</strong>[/vc_column_text][/vc_column][/vc_row]</p>
</div>

<p>[vc_row u_row_style=&#8221;0&#8243; u_row_paralax=&#8221;0&#8243; u_row_scheme=&#8221;0&#8243; css=&#8221;.vc_custom_1750274561067{margin-bottom: 40px !important;}&#8221;][vc_column][/vc_column][/vc_row][vc_row equal_height=&#8221;yes&#8221; content_placement=&#8221;middle&#8221; css_animation=&#8221;bounceInLeft&#8221; u_row_style=&#8221;0&#8243; u_row_paralax=&#8221;0&#8243; u_row_scheme=&#8221;0&#8243;][vc_column width=&#8221;1/2&#8243;][vc_column_text css=&#8221;&#8221;] Quem somos O Núcleo de Formação e Assessoria Pedagógica de Professores da Unicentro – NUFAP – é uma iniciativa voltada à formação continuada dos docentes da instituição. O programa busca apoiar e qualificar a prática docente universitária por meio de [&hellip;]</p>
