{"id":176,"date":"2025-11-19T11:50:03","date_gmt":"2025-11-19T14:50:03","guid":{"rendered":"https:\/\/www3.unicentro.br\/entredocentes\/?page_id=176"},"modified":"2026-02-19T11:53:12","modified_gmt":"2026-02-19T14:53:12","slug":"fotos","status":"publish","type":"page","link":"https:\/\/www3.unicentro.br\/entredocentes\/fotos\/","title":{"rendered":"Fotos"},"content":{"rendered":"<div class=\"wpb-content-wrapper\"><p>[vc_row][vc_column][vc_column_text css=&#8221;&#8221;]<strong>Forma\u00e7\u00e3o Administrativa e Pedag\u00f3gica do Projeto Integra\u00e7\u00e3o, campus CEDETEG e Irati\u00a0<\/strong>[\/vc_column_text][vc_media_grid style=&#8221;load-more&#8221; items_per_page=&#8221;6&#8243; element_width=&#8221;2&#8243; css=&#8221;&#8221; btn_color=&#8221;pink&#8221; grid_id=&#8221;vc_gid:1771512320880-82f1f96a-2e43-3&#8243; include=&#8221;516,517,518,519,520,521,522,523,524,525,526,527,528,529,530,531,532,533,515,514,513,512,511,510,509,508,507,506,505,504&#8243;][\/vc_column][\/vc_row][vc_row][vc_column][vc_column_text css=&#8221;&#8221;]<strong>I Simp\u00f3sio Internacional de Tecnologias Educacionais para o Ensino Superior<\/strong>[\/vc_column_text][vc_media_grid style=&#8221;load-more&#8221; items_per_page=&#8221;6&#8243; element_width=&#8221;2&#8243; css=&#8221;&#8221; btn_color=&#8221;pink&#8221; grid_id=&#8221;vc_gid:1771512312519-4fc4cbd1-81cc-7&#8243; include=&#8221;220,219,218,212,213,211,205,207,208,209,216,199,200,201,202,198,197,196,190,191,193,194,195,221,223,227,226,225,224,229,228,230,231,234,233,235,236,237,239,240,241&#8243;][\/vc_column][\/vc_row][vc_row][vc_column][vc_column_text css=&#8221;&#8221;]<strong>Comemora\u00e7\u00e3o dos 10 anos do Programa Entredocentes<\/strong>[\/vc_column_text][vc_media_grid style=&#8221;load-more&#8221; items_per_page=&#8221;6&#8243; element_width=&#8221;2&#8243; css=&#8221;&#8221; btn_color=&#8221;pink&#8221; grid_id=&#8221;vc_gid:1771512312520-680ce30b-b905-5&#8243; include=&#8221;299,300,302,301,303,296,294,295,293,292,291,290,259,267,266,265,264,263,262,261,268,269,275,277,278,272,270,305,306,307&#8243;][\/vc_column][\/vc_row][vc_row][vc_column][vc_column_text css=&#8221;&#8221;]<strong><a class=\"current_folder folder\" data-id=\"176dzkRwyd1KBz0YHZ26BgzQwcuRaUAjk\">IV Encontro Estadual de Doc\u00eancia Universit\u00e1ria e <\/a><a class=\"current_folder folder\" data-id=\"176dzkRwyd1KBz0YHZ26BgzQwcuRaUAjk\">2\u00aa Confer\u00eancia da REDES<\/a><\/strong>[\/vc_column_text][vc_media_grid style=&#8221;load-more&#8221; items_per_page=&#8221;6&#8243; element_width=&#8221;2&#8243; css=&#8221;&#8221; btn_color=&#8221;pink&#8221; grid_id=&#8221;vc_gid:1771512312520-4e711721-4b2f-5&#8243; include=&#8221;382,351,357,356,355,354,353,352,358,344,345,346,347,348,349,350,343,342,341,340,339,338,337,332,334,335,336,333,331,330,329,328,327,326,325,324,323,322&#8243;][\/vc_column][\/vc_row]<\/p>\n<\/div>","protected":false},"excerpt":{"rendered":"<p>[vc_row][vc_column][vc_column_text css=&#8221;&#8221;]Forma\u00e7\u00e3o Administrativa e Pedag\u00f3gica do Projeto Integra\u00e7\u00e3o, campus CEDETEG e Irati\u00a0[\/vc_column_text][vc_media_grid style=&#8221;load-more&#8221; items_per_page=&#8221;6&#8243; element_width=&#8221;2&#8243; css=&#8221;&#8221; btn_color=&#8221;pink&#8221; grid_id=&#8221;vc_gid:1771512320880-82f1f96a-2e43-3&#8243; include=&#8221;516,517,518,519,520,521,522,523,524,525,526,527,528,529,530,531,532,533,515,514,513,512,511,510,509,508,507,506,505,504&#8243;][\/vc_column][\/vc_row][vc_row][vc_column][vc_column_text css=&#8221;&#8221;]I Simp\u00f3sio Internacional de Tecnologias Educacionais para o Ensino Superior[\/vc_column_text][vc_media_grid style=&#8221;load-more&#8221; items_per_page=&#8221;6&#8243; element_width=&#8221;2&#8243; css=&#8221;&#8221; btn_color=&#8221;pink&#8221; grid_id=&#8221;vc_gid:1771512312519-4fc4cbd1-81cc-7&#8243; include=&#8221;220,219,218,212,213,211,205,207,208,209,216,199,200,201,202,198,197,196,190,191,193,194,195,221,223,227,226,225,224,229,228,230,231,234,233,235,236,237,239,240,241&#8243;][\/vc_column][\/vc_row][vc_row][vc_column][vc_column_text css=&#8221;&#8221;]Comemora\u00e7\u00e3o dos 10 anos do Programa Entredocentes[\/vc_column_text][vc_media_grid style=&#8221;load-more&#8221; items_per_page=&#8221;6&#8243; element_width=&#8221;2&#8243; css=&#8221;&#8221; btn_color=&#8221;pink&#8221; grid_id=&#8221;vc_gid:1771512312520-680ce30b-b905-5&#8243; include=&#8221;299,300,302,301,303,296,294,295,293,292,291,290,259,267,266,265,264,263,262,261,268,269,275,277,278,272,270,305,306,307&#8243;][\/vc_column][\/vc_row][vc_row][vc_column][vc_column_text css=&#8221;&#8221;]IV Encontro Estadual de Doc\u00eancia [&hellip;]<\/p>\n","protected":false},"author":899,"featured_media":0,"parent":0,"menu_order":0,"comment_status":"closed","ping_status":"closed","template":"","meta":{"_exactmetrics_skip_tracking":false,"_exactmetrics_sitenote_active":false,"_exactmetrics_sitenote_note":"","_exactmetrics_sitenote_category":0,"footnotes":"","_links_to":"","_links_to_target":""},"class_list":["post-176","page","type-page","status-publish","hentry"],"_links":{"self":[{"href":"https:\/\/www3.unicentro.br\/entredocentes\/wp-json\/wp\/v2\/pages\/176","targetHints":{"allow":["GET"]}}],"collection":[{"href":"https:\/\/www3.unicentro.br\/entredocentes\/wp-json\/wp\/v2\/pages"}],"about":[{"href":"https:\/\/www3.unicentro.br\/entredocentes\/wp-json\/wp\/v2\/types\/page"}],"author":[{"embeddable":true,"href":"https:\/\/www3.unicentro.br\/entredocentes\/wp-json\/wp\/v2\/users\/899"}],"replies":[{"embeddable":true,"href":"https:\/\/www3.unicentro.br\/entredocentes\/wp-json\/wp\/v2\/comments?post=176"}],"version-history":[{"count":2,"href":"https:\/\/www3.unicentro.br\/entredocentes\/wp-json\/wp\/v2\/pages\/176\/revisions"}],"predecessor-version":[{"id":534,"href":"https:\/\/www3.unicentro.br\/entredocentes\/wp-json\/wp\/v2\/pages\/176\/revisions\/534"}],"wp:attachment":[{"href":"https:\/\/www3.unicentro.br\/entredocentes\/wp-json\/wp\/v2\/media?parent=176"}],"curies":[{"name":"wp","href":"https:\/\/api.w.org\/{rel}","templated":true}]}}

<div class="wpb-content-wrapper"><p>[vc_row][vc_column][vc_column_text css=&#8221;&#8221;]<strong>Formação Administrativa e Pedagógica do Projeto Integração, campus CEDETEG e Irati </strong>[/vc_column_text][vc_media_grid style=&#8221;load-more&#8221; items_per_page=&#8221;6&#8243; element_width=&#8221;2&#8243; css=&#8221;&#8221; btn_color=&#8221;pink&#8221; grid_id=&#8221;vc_gid:1771512320880-82f1f96a-2e43-3&#8243; include=&#8221;516,517,518,519,520,521,522,523,524,525,526,527,528,529,530,531,532,533,515,514,513,512,511,510,509,508,507,506,505,504&#8243;][/vc_column][/vc_row][vc_row][vc_column][vc_column_text css=&#8221;&#8221;]<strong>I Simpósio Internacional de Tecnologias Educacionais para o Ensino Superior</strong>[/vc_column_text][vc_media_grid style=&#8221;load-more&#8221; items_per_page=&#8221;6&#8243; element_width=&#8221;2&#8243; css=&#8221;&#8221; btn_color=&#8221;pink&#8221; grid_id=&#8221;vc_gid:1771512312519-4fc4cbd1-81cc-7&#8243; include=&#8221;220,219,218,212,213,211,205,207,208,209,216,199,200,201,202,198,197,196,190,191,193,194,195,221,223,227,226,225,224,229,228,230,231,234,233,235,236,237,239,240,241&#8243;][/vc_column][/vc_row][vc_row][vc_column][vc_column_text css=&#8221;&#8221;]<strong>Comemoração dos 10 anos do Programa Entredocentes</strong>[/vc_column_text][vc_media_grid style=&#8221;load-more&#8221; items_per_page=&#8221;6&#8243; element_width=&#8221;2&#8243; css=&#8221;&#8221; btn_color=&#8221;pink&#8221; grid_id=&#8221;vc_gid:1771512312520-680ce30b-b905-5&#8243; include=&#8221;299,300,302,301,303,296,294,295,293,292,291,290,259,267,266,265,264,263,262,261,268,269,275,277,278,272,270,305,306,307&#8243;][/vc_column][/vc_row][vc_row][vc_column][vc_column_text css=&#8221;&#8221;]<strong><a class="current_folder folder" data-id="176dzkRwyd1KBz0YHZ26BgzQwcuRaUAjk">IV Encontro Estadual de Docência Universitária e </a><a class="current_folder folder" data-id="176dzkRwyd1KBz0YHZ26BgzQwcuRaUAjk">2ª Conferência da REDES</a></strong>[/vc_column_text][vc_media_grid style=&#8221;load-more&#8221; items_per_page=&#8221;6&#8243; element_width=&#8221;2&#8243; css=&#8221;&#8221; btn_color=&#8221;pink&#8221; grid_id=&#8221;vc_gid:1771512312520-4e711721-4b2f-5&#8243; include=&#8221;382,351,357,356,355,354,353,352,358,344,345,346,347,348,349,350,343,342,341,340,339,338,337,332,334,335,336,333,331,330,329,328,327,326,325,324,323,322&#8243;][/vc_column][/vc_row]</p>
</div>

<p>[vc_row][vc_column][vc_column_text css=&#8221;&#8221;]Formação Administrativa e Pedagógica do Projeto Integração, campus CEDETEG e Irati [/vc_column_text][vc_media_grid style=&#8221;load-more&#8221; items_per_page=&#8221;6&#8243; element_width=&#8221;2&#8243; css=&#8221;&#8221; btn_color=&#8221;pink&#8221; grid_id=&#8221;vc_gid:1771512320880-82f1f96a-2e43-3&#8243; include=&#8221;516,517,518,519,520,521,522,523,524,525,526,527,528,529,530,531,532,533,515,514,513,512,511,510,509,508,507,506,505,504&#8243;][/vc_column][/vc_row][vc_row][vc_column][vc_column_text css=&#8221;&#8221;]I Simpósio Internacional de Tecnologias Educacionais para o Ensino Superior[/vc_column_text][vc_media_grid style=&#8221;load-more&#8221; items_per_page=&#8221;6&#8243; element_width=&#8221;2&#8243; css=&#8221;&#8221; btn_color=&#8221;pink&#8221; grid_id=&#8221;vc_gid:1771512312519-4fc4cbd1-81cc-7&#8243; include=&#8221;220,219,218,212,213,211,205,207,208,209,216,199,200,201,202,198,197,196,190,191,193,194,195,221,223,227,226,225,224,229,228,230,231,234,233,235,236,237,239,240,241&#8243;][/vc_column][/vc_row][vc_row][vc_column][vc_column_text css=&#8221;&#8221;]Comemoração dos 10 anos do Programa Entredocentes[/vc_column_text][vc_media_grid style=&#8221;load-more&#8221; items_per_page=&#8221;6&#8243; element_width=&#8221;2&#8243; css=&#8221;&#8221; btn_color=&#8221;pink&#8221; grid_id=&#8221;vc_gid:1771512312520-680ce30b-b905-5&#8243; include=&#8221;299,300,302,301,303,296,294,295,293,292,291,290,259,267,266,265,264,263,262,261,268,269,275,277,278,272,270,305,306,307&#8243;][/vc_column][/vc_row][vc_row][vc_column][vc_column_text css=&#8221;&#8221;]IV Encontro Estadual de Docência [&hellip;]</p>
