{"id":147,"date":"2025-11-14T11:05:45","date_gmt":"2025-11-14T14:05:45","guid":{"rendered":"https:\/\/www3.unicentro.br\/entredocentes\/?page_id=147"},"modified":"2026-01-22T13:21:59","modified_gmt":"2026-01-22T16:21:59","slug":"cronograma-projeto-integracao-conhecendo-a-unicentro","status":"publish","type":"page","link":"https:\/\/www3.unicentro.br\/entredocentes\/cronograma-projeto-integracao-conhecendo-a-unicentro\/","title":{"rendered":"Projeto Integra\u00e7\u00e3o: Conhecendo a UNICENTRO"},"content":{"rendered":"<div class=\"wpb-content-wrapper\"><p>[vc_row][vc_column][vc_column_text]CRONOGRAMA[\/vc_column_text][\/vc_column][\/vc_row][vc_row][vc_column width=&#8221;1\/3&#8243;][vc_tta_accordion shape=&#8221;round&#8221; active_section=&#8221;&#8221; collapsible_all=&#8221;true&#8221;][vc_tta_section title=&#8221;Novembro 2025&#8243; tab_id=&#8221;1764092623235-47caa79c-a7bf&#8221;][vc_column_text css=&#8221;&#8221;]<\/p>\n<pre class=\"western\"><span style=\"font-size: 10pt;font-family: georgia, palatino, serif\"><span style=\"font-family: arial, helvetica, sans-serif\"><strong><u>24\/11\/2025 \u2013 C\u00e2mpus Santa Cruz e Cedeteg<\/u><\/strong>\r\n1\u00aa Oficina do Projeto Integra\u00e7\u00e3o.\r\nDas 13h30 \u00e0s 17h30. \r\nPr\u00f3-Reitoria de Gest\u00e3o de Pessoas, Prog<span lang=\"pt-BR\">esp. <\/span>\r\nLocal: Miniaudit\u00f3rio do Programa de P\u00f3s Gradua\u00e7\u00e3o \r\nem Biologia Evolutiva\r\n\r\n<strong><u>25\/11\/2025 \u2013 C\u00e2mpus de Irati<\/u><\/strong>\r\n1\u00aa Oficina do Projeto Integra\u00e7\u00e3o.\r\nDas 13h30 \u00e0s 17h30. \r\nPr\u00f3-Reitoria de Gest\u00e3o de Pessoas, Progesp.\r\nLocal:\u00a0Miniaudit\u00f3rio\u00a0- Pr\u00e9dio\u00a0principal\r\n<\/span><\/span><\/pre>\n<p>[\/vc_column_text][\/vc_tta_section][\/vc_tta_accordion][\/vc_column][vc_column width=&#8221;1\/3&#8243;][vc_tta_accordion shape=&#8221;round&#8221; active_section=&#8221;&#8221; collapsible_all=&#8221;true&#8221;][vc_tta_section title=&#8221;Fevereiro 2026&#8243; tab_id=&#8221;1764092762588-2d28ab3e-4fff&#8221;][vc_column_text css=&#8221;&#8221;]<\/p>\n<pre class=\"western\"><span style=\"font-size: 10pt;font-family: arial, helvetica, sans-serif\"><strong><u>10\/02\/2026 \u2013 C\u00e2mpus de Irati <\/u><\/strong>\r\n2\u00aa Oficina do Projeto Integra\u00e7\u00e3o.\r\nDas 13h30 \u00e0s 17h30.\r\nPr\u00f3-Reitoria de Ensino, Proen.\r\nLocal:\u00a0Miniaudit\u00f3rio\u00a0- Pr\u00e9dio\u00a0principal\r\n\r\n<strong><u>11\/02\/2026 \u2013 C\u00e2mpus Santa Cruz e Cedeteg<\/u><\/strong>\r\n2\u00aa Oficina do Projeto Integra\u00e7\u00e3o.\r\nDas 13h30 \u00e0s 17h30. \r\nPr\u00f3-Reitoria de Ensino, Proen.\r\nLocal: Miniaudit\u00f3rio do PDE - C\u00e2mpus Cedeteg\r\n\r\n<strong><u>26\/02\/2026 \u2013 C\u00e2mpus de Irati <\/u><\/strong>\r\n3\u00aa Oficina do Projeto Integra\u00e7\u00e3o.\r\nDas 13h30 \u00e0s 17h30. \r\nPr\u00f3-Reitoria de Pesquisa e P\u00f3s-Gradua\u00e7\u00e3o, Propesp.\r\nLocal:\u00a0Miniaudit\u00f3rio\u00a0- Pr\u00e9dio\u00a0principal\r\n\r\n<strong><u>27\/02\/2026 \u2013 C\u00e2mpus Santa Cruz e Cedeteg<\/u><\/strong>\r\n3\u00aa Oficina do Projeto Integra\u00e7\u00e3o.\r\nDas 13h30 \u00e0s 17h30. \r\nPr\u00f3-Reitoria de Pesquisa e P\u00f3s-Gradua\u00e7\u00e3o, Propesp.\r\nLocal: Miniaudit\u00f3rio do PDE - C\u00e2mpus Cedeteg<\/span><\/pre>\n<p>[\/vc_column_text][\/vc_tta_section][\/vc_tta_accordion][\/vc_column][vc_column width=&#8221;1\/3&#8243;][vc_tta_accordion shape=&#8221;round&#8221; active_section=&#8221;&#8221; collapsible_all=&#8221;true&#8221;][vc_tta_section title=&#8221;Mar\u00e7o 2026&#8243; tab_id=&#8221;1764092857990-b4b799b7-c2fc&#8221;][vc_column_text css=&#8221;&#8221;]<\/p>\n<pre class=\"western\"><span style=\"font-size: 10pt;font-family: arial, helvetica, sans-serif\"><strong><u>10\/03\/2026 \u2013 C\u00e2mpus de Irati<\/u><\/strong>\r\n4\u00aa Oficina do Projeto Integra\u00e7\u00e3o.\r\n1\u00aa PARTE: 13h30 \u00e0s 15h. PROPLAN.\r\n2\u00aa PARTE: 15h \u00e0s 16h30. PROAE.\r\n3\u00aa PARTE: 16h30 \u00e0s 17h30. COORTI.\r\nLocal:\u00a0Miniaudit\u00f3rio\u00a0- Pr\u00e9dio\u00a0principal\r\n\r\n<strong><u>11\/03\/2026 \u2013 C\u00e2mpus Santa Cruz e Cedeteg<\/u><\/strong>\r\n4\u00aa Oficina do Projeto Integra\u00e7\u00e3o.\r\n1\u00aa PARTE: 13h30 \u00e0s 15h. PROPLAN.\r\n2\u00aa PARTE: 15h \u00e0s 16h30. PROAE.\r\n3\u00aa PARTE: 16h30 \u00e0s 17h30. COORTI.\r\nLocal: Miniaudit\u00f3rio do PDE - C\u00e2mpus Cedeteg\r\n\r\n<strong><u>25\/03\/2026 \u2013 C\u00e2mpus de Irati<\/u><\/strong>\r\n5\u00aa Oficina do Projeto Integra\u00e7\u00e3o.\r\n1\u00aa PARTE: 13h30 \u00e0s 16h30. PROEC.\r\n2\u00aa PARTE: 16h30 \u00e0s 17h30. COORED.\r\nLocal:\u00a0Miniaudit\u00f3rio\u00a0- Pr\u00e9dio\u00a0principal\r\n\r\n<strong><u>26\/03\/2026 \u2013 C\u00e2mpus Santa Cruz e Cedeteg<\/u><\/strong>\r\n5\u00aa Oficina do Projeto Integra\u00e7\u00e3o.\r\n1\u00aa PARTE: 13h30 \u00e0s 16h30. PROEC.\r\n2\u00aa PARTE: 16h30 \u00e0s 17h30. COORED.\r\nLocal: Miniaudit\u00f3rio do PDE - C\u00e2mpus Cedeteg\r\n<\/span><\/pre>\n<p>[\/vc_column_text][\/vc_tta_section][\/vc_tta_accordion][\/vc_column][\/vc_row][vc_row][vc_column width=&#8221;1\/3&#8243;][vc_tta_accordion shape=&#8221;round&#8221; active_section=&#8221;&#8221; collapsible_all=&#8221;true&#8221;][vc_tta_section title=&#8221;Abril 2026&#8243; tab_id=&#8221;1764093044510-219bcdaa-7eca&#8221;][vc_column_text css=&#8221;&#8221;]<\/p>\n<pre class=\"western\"><span style=\"font-size: 10pt;font-family: arial, helvetica, sans-serif\"><strong><u>14\/04\/2026 \u2013 C\u00e2mpus de Irati<\/u><\/strong>\r\n6\u00aa Oficina do Projeto Integra\u00e7\u00e3o.\r\n1\u00aa PARTE: 13h30 \u00e0s 16h30. PROAF.\r\n2\u00aa PARTE: 16h30 \u00e0s 17h30. COORCAP.\r\nLocal:\u00a0Miniaudit\u00f3rio\u00a0- Pr\u00e9dio\u00a0principal\r\n\r\n<strong><u>15\/04\/2026 \u2013 C\u00e2mpus Santa Cruz e Cedeteg<\/u><\/strong>\r\n1\u00aa PARTE: 13h30 \u00e0s 16h30. PROAF.\r\n2\u00aa PARTE: 16h30 \u00e0s 17h30. COORCAP.\r\nLocal: Miniaudit\u00f3rio do PDE - C\u00e2mpus Cedeteg<\/span><\/pre>\n<p>[\/vc_column_text][\/vc_tta_section][\/vc_tta_accordion][\/vc_column][\/vc_row]<\/p>\n<\/div>","protected":false},"excerpt":{"rendered":"<p>[vc_row][vc_column][vc_column_text]CRONOGRAMA[\/vc_column_text][\/vc_column][\/vc_row][vc_row][vc_column width=&#8221;1\/3&#8243;][vc_tta_accordion shape=&#8221;round&#8221; active_section=&#8221;&#8221; collapsible_all=&#8221;true&#8221;][vc_tta_section title=&#8221;Novembro 2025&#8243; tab_id=&#8221;1764092623235-47caa79c-a7bf&#8221;][vc_column_text css=&#8221;&#8221;] 24\/11\/2025 \u2013 C\u00e2mpus Santa Cruz e Cedeteg 1\u00aa Oficina do Projeto Integra\u00e7\u00e3o. Das 13h30 \u00e0s 17h30. Pr\u00f3-Reitoria de Gest\u00e3o de Pessoas, Progesp. Local: Miniaudit\u00f3rio do Programa de P\u00f3s Gradua\u00e7\u00e3o em Biologia Evolutiva 25\/11\/2025 \u2013 C\u00e2mpus de Irati 1\u00aa Oficina do Projeto Integra\u00e7\u00e3o. Das 13h30 \u00e0s 17h30. [&hellip;]<\/p>\n","protected":false},"author":899,"featured_media":0,"parent":0,"menu_order":0,"comment_status":"closed","ping_status":"closed","template":"","meta":{"_exactmetrics_skip_tracking":false,"_exactmetrics_sitenote_active":false,"_exactmetrics_sitenote_note":"","_exactmetrics_sitenote_category":0,"footnotes":"","_links_to":"","_links_to_target":""},"class_list":["post-147","page","type-page","status-publish","hentry"],"_links":{"self":[{"href":"https:\/\/www3.unicentro.br\/entredocentes\/wp-json\/wp\/v2\/pages\/147","targetHints":{"allow":["GET"]}}],"collection":[{"href":"https:\/\/www3.unicentro.br\/entredocentes\/wp-json\/wp\/v2\/pages"}],"about":[{"href":"https:\/\/www3.unicentro.br\/entredocentes\/wp-json\/wp\/v2\/types\/page"}],"author":[{"embeddable":true,"href":"https:\/\/www3.unicentro.br\/entredocentes\/wp-json\/wp\/v2\/users\/899"}],"replies":[{"embeddable":true,"href":"https:\/\/www3.unicentro.br\/entredocentes\/wp-json\/wp\/v2\/comments?post=147"}],"version-history":[{"count":2,"href":"https:\/\/www3.unicentro.br\/entredocentes\/wp-json\/wp\/v2\/pages\/147\/revisions"}],"predecessor-version":[{"id":468,"href":"https:\/\/www3.unicentro.br\/entredocentes\/wp-json\/wp\/v2\/pages\/147\/revisions\/468"}],"wp:attachment":[{"href":"https:\/\/www3.unicentro.br\/entredocentes\/wp-json\/wp\/v2\/media?parent=147"}],"curies":[{"name":"wp","href":"https:\/\/api.w.org\/{rel}","templated":true}]}}

Projeto Integração: Conhecendo a UNICENTRO

<div class="wpb-content-wrapper"><p>[vc_row][vc_column][vc_column_text]CRONOGRAMA[/vc_column_text][/vc_column][/vc_row][vc_row][vc_column width=&#8221;1/3&#8243;][vc_tta_accordion shape=&#8221;round&#8221; active_section=&#8221;&#8221; collapsible_all=&#8221;true&#8221;][vc_tta_section title=&#8221;Novembro 2025&#8243; tab_id=&#8221;1764092623235-47caa79c-a7bf&#8221;][vc_column_text css=&#8221;&#8221;]</p>
<pre class="western"><span style="font-size: 10pt;font-family: georgia, palatino, serif"><span style="font-family: arial, helvetica, sans-serif"><strong><u>24/11/2025 – Câmpus Santa Cruz e Cedeteg</u></strong>
1ª Oficina do Projeto Integração.
Das 13h30 às 17h30. 
Pró-Reitoria de Gestão de Pessoas, Prog<span lang="pt-BR">esp. </span>
Local: Miniauditório do Programa de Pós Graduação 
em Biologia Evolutiva

<strong><u>25/11/2025 – Câmpus de Irati</u></strong>
1ª Oficina do Projeto Integração.
Das 13h30 às 17h30. 
Pró-Reitoria de Gestão de Pessoas, Progesp.
Local: Miniauditório - Prédio principal
</span></span></pre>
<p>[/vc_column_text][/vc_tta_section][/vc_tta_accordion][/vc_column][vc_column width=&#8221;1/3&#8243;][vc_tta_accordion shape=&#8221;round&#8221; active_section=&#8221;&#8221; collapsible_all=&#8221;true&#8221;][vc_tta_section title=&#8221;Fevereiro 2026&#8243; tab_id=&#8221;1764092762588-2d28ab3e-4fff&#8221;][vc_column_text css=&#8221;&#8221;]</p>
<pre class="western"><span style="font-size: 10pt;font-family: arial, helvetica, sans-serif"><strong><u>10/02/2026 – Câmpus de Irati </u></strong>
2ª Oficina do Projeto Integração.
Das 13h30 às 17h30.
Pró-Reitoria de Ensino, Proen.
Local: Miniauditório - Prédio principal

<strong><u>11/02/2026 – Câmpus Santa Cruz e Cedeteg</u></strong>
2ª Oficina do Projeto Integração.
Das 13h30 às 17h30. 
Pró-Reitoria de Ensino, Proen.
Local: Miniauditório do PDE - Câmpus Cedeteg

<strong><u>26/02/2026 – Câmpus de Irati </u></strong>
3ª Oficina do Projeto Integração.
Das 13h30 às 17h30. 
Pró-Reitoria de Pesquisa e Pós-Graduação, Propesp.
Local: Miniauditório - Prédio principal

<strong><u>27/02/2026 – Câmpus Santa Cruz e Cedeteg</u></strong>
3ª Oficina do Projeto Integração.
Das 13h30 às 17h30. 
Pró-Reitoria de Pesquisa e Pós-Graduação, Propesp.
Local: Miniauditório do PDE - Câmpus Cedeteg</span></pre>
<p>[/vc_column_text][/vc_tta_section][/vc_tta_accordion][/vc_column][vc_column width=&#8221;1/3&#8243;][vc_tta_accordion shape=&#8221;round&#8221; active_section=&#8221;&#8221; collapsible_all=&#8221;true&#8221;][vc_tta_section title=&#8221;Março 2026&#8243; tab_id=&#8221;1764092857990-b4b799b7-c2fc&#8221;][vc_column_text css=&#8221;&#8221;]</p>
<pre class="western"><span style="font-size: 10pt;font-family: arial, helvetica, sans-serif"><strong><u>10/03/2026 – Câmpus de Irati</u></strong>
4ª Oficina do Projeto Integração.
1ª PARTE: 13h30 às 15h. PROPLAN.
2ª PARTE: 15h às 16h30. PROAE.
3ª PARTE: 16h30 às 17h30. COORTI.
Local: Miniauditório - Prédio principal

<strong><u>11/03/2026 – Câmpus Santa Cruz e Cedeteg</u></strong>
4ª Oficina do Projeto Integração.
1ª PARTE: 13h30 às 15h. PROPLAN.
2ª PARTE: 15h às 16h30. PROAE.
3ª PARTE: 16h30 às 17h30. COORTI.
Local: Miniauditório do PDE - Câmpus Cedeteg

<strong><u>25/03/2026 – Câmpus de Irati</u></strong>
5ª Oficina do Projeto Integração.
1ª PARTE: 13h30 às 16h30. PROEC.
2ª PARTE: 16h30 às 17h30. COORED.
Local: Miniauditório - Prédio principal

<strong><u>26/03/2026 – Câmpus Santa Cruz e Cedeteg</u></strong>
5ª Oficina do Projeto Integração.
1ª PARTE: 13h30 às 16h30. PROEC.
2ª PARTE: 16h30 às 17h30. COORED.
Local: Miniauditório do PDE - Câmpus Cedeteg
</span></pre>
<p>[/vc_column_text][/vc_tta_section][/vc_tta_accordion][/vc_column][/vc_row][vc_row][vc_column width=&#8221;1/3&#8243;][vc_tta_accordion shape=&#8221;round&#8221; active_section=&#8221;&#8221; collapsible_all=&#8221;true&#8221;][vc_tta_section title=&#8221;Abril 2026&#8243; tab_id=&#8221;1764093044510-219bcdaa-7eca&#8221;][vc_column_text css=&#8221;&#8221;]</p>
<pre class="western"><span style="font-size: 10pt;font-family: arial, helvetica, sans-serif"><strong><u>14/04/2026 – Câmpus de Irati</u></strong>
6ª Oficina do Projeto Integração.
1ª PARTE: 13h30 às 16h30. PROAF.
2ª PARTE: 16h30 às 17h30. COORCAP.
Local: Miniauditório - Prédio principal

<strong><u>15/04/2026 – Câmpus Santa Cruz e Cedeteg</u></strong>
1ª PARTE: 13h30 às 16h30. PROAF.
2ª PARTE: 16h30 às 17h30. COORCAP.
Local: Miniauditório do PDE - Câmpus Cedeteg</span></pre>
<p>[/vc_column_text][/vc_tta_section][/vc_tta_accordion][/vc_column][/vc_row]</p>
</div>

<p>[vc_row][vc_column][vc_column_text]CRONOGRAMA[/vc_column_text][/vc_column][/vc_row][vc_row][vc_column width=&#8221;1/3&#8243;][vc_tta_accordion shape=&#8221;round&#8221; active_section=&#8221;&#8221; collapsible_all=&#8221;true&#8221;][vc_tta_section title=&#8221;Novembro 2025&#8243; tab_id=&#8221;1764092623235-47caa79c-a7bf&#8221;][vc_column_text css=&#8221;&#8221;] 24/11/2025 – Câmpus Santa Cruz e Cedeteg 1ª Oficina do Projeto Integração. Das 13h30 às 17h30. Pró-Reitoria de Gestão de Pessoas, Progesp. Local: Miniauditório do Programa de Pós Graduação em Biologia Evolutiva 25/11/2025 – Câmpus de Irati 1ª Oficina do Projeto Integração. Das 13h30 às 17h30. [&hellip;]</p>
