{"id":107,"date":"2025-11-10T16:06:57","date_gmt":"2025-11-10T19:06:57","guid":{"rendered":"https:\/\/www3.unicentro.br\/entredocentes\/?page_id=107"},"modified":"2026-02-27T16:13:49","modified_gmt":"2026-02-27T19:13:49","slug":"cursos","status":"publish","type":"page","link":"https:\/\/www3.unicentro.br\/entredocentes\/cursos\/","title":{"rendered":"Cursos"},"content":{"rendered":"<div class=\"wpb-content-wrapper\"><p>[vc_row][vc_column css_animation=&#8221;slideInDown&#8221; width=&#8221;1\/4&#8243;][vc_single_image image=&#8221;392&#8243; img_size=&#8221;500&#215;400&#8243; css=&#8221;&#8221;][\/vc_column][vc_column width=&#8221;3\/4&#8243;][vc_tta_accordion shape=&#8221;round&#8221; active_section=&#8221;&#8221; collapsible_all=&#8221;true&#8221;][vc_tta_section title=&#8221;Projeto Integra\u00e7\u00e3o: Conhecendo a UNICENTRO&#8221; tab_id=&#8221;1764093593550-605210f4-df60&#8243;][vc_column_text css=&#8221;&#8221;]<\/p>\n<p style=\"text-align: justify\"><span style=\"font-family: georgia, palatino, serif\">O projeto visa o acolhimento e ambienta\u00e7\u00e3o<span class=\"gmail_default\">\u00a0<\/span>dos ingressantes na carreira universit\u00e1ria da UNICENTRO. Entende-se que o per\u00edodo logo<span class=\"gmail_default\">\u00a0<\/span>ap\u00f3s o ingresso na universidade, e que se estende durante todo o est\u00e1gio probat\u00f3rio, \u00e9<span class=\"gmail_default\">\u00a0<\/span>prop\u00edcio para o conhecimento e assimila\u00e7\u00e3o de normas e regulamentos, para a<span class=\"gmail_default\">\u00a0<\/span>experimenta\u00e7\u00e3o e utiliza\u00e7\u00e3o de ferramentas, espa\u00e7os e infraestruturas dispon\u00edveis para o<span class=\"gmail_default\">\u00a0<\/span>desenvolvimento de melhores pr\u00e1ticas de doc\u00eancia.<\/span><br \/>\n<span style=\"font-family: georgia, palatino, serif\">O Projeto Integra\u00e7\u00e3o: Conhecendo a UNICENTRO<span class=\"gmail_default\">,<\/span>\u00a0\u00e9 composto de 6 oficinas, sendo cada<span class=\"gmail_default\">\u00a0<\/span>oficina de 4 horas, perfazendo um total de 24 horas, ser\u00e1 ofertado no per\u00edodo de<span class=\"gmail_default\">\u00a0<\/span>novembro\/2025 a abril\/2026<span class=\"gmail_default\">.<\/span><\/span><\/p>\n<p style=\"text-align: justify\">\u00a0 \u00a0 \u00a0 \u00a0 \u00a0 \u00a0 \u00a0 \u00a0 \u00a0 \u00a0 \u00a0 \u00a0 \u00a0 \u00a0 \u00a0 \u00a0 \u00a0 \u00a0 \u00a0 \u00a0 \u00a0 \u00a0 \u00a0 \u00a0 \u00a0 \u00a0 \u00a0 \u00a0 \u00a0 \u00a0 \u00a0 \u00a0 \u00a0 \u00a0 \u00a0 \u00a0 \u00a0 \u00a0 \u00a0 \u00a0 \u00a0 \u00a0 \u00a0 \u00a0 \u00a0 \u00a0 \u00a0 \u00a0 \u00a0 \u00a0 \u00a0 \u00a0 \u00a0 \u00a0 \u00a0 \u00a0 \u00a0 \u00a0 \u00a0 \u00a0 \u00a0 \u00a0 \u00a0 \u00a0 \u00a0 \u00a0 \u00a0 \u00a0 \u00a0 \u00a0 \u00a0 \u00a0 \u00a0 \u00a0 \u00a0 \u00a0 \u00a0 \u00a0 \u00a0 \u00a0 \u00a0 \u00a0 \u00a0 \u00a0 \u00a0 \u00a0 \u00a0 \u00a0 \u00a0 \u00a0 \u00a0 \u00a0 \u00a0 \u00a0 \u00a0 \u00a0 \u00a0 \u00a0 \u00a0 \u00a0 \u00a0 \u00a0 \u00a0 \u00a0 \u00a0 \u00a0 \u00a0 \u00a0 \u00a0 \u00a0 \u00a0 \u00a0 \u00a0 \u00a0 \u00a0<a href=\"https:\/\/www3.unicentro.br\/entredocentes\/cronograma-projeto-integracao-conhecendo-a-unicentro\/\">\u00a0 Acesse cronograma &gt;<\/a><\/p>\n<p>[\/vc_column_text][vc_column_text css=&#8221;&#8221;][\/vc_column_text][\/vc_tta_section][\/vc_tta_accordion][\/vc_column][\/vc_row][vc_row][vc_column css_animation=&#8221;slideInDown&#8221; width=&#8221;1\/4&#8243;][vc_single_image image=&#8221;543&#8243; img_size=&#8221;500&#215;400&#8243; css=&#8221;&#8221;][\/vc_column][vc_column width=&#8221;3\/4&#8243;][vc_tta_accordion shape=&#8221;round&#8221; active_section=&#8221;&#8221; collapsible_all=&#8221;true&#8221;][vc_tta_section title=&#8221;Projeto Redescobrir-se: Prepara\u00e7\u00e3o para a Aposentadoria&#8221; tab_id=&#8221;1771510950826-3c6b1912-939f&#8221;][vc_column_text css=&#8221;&#8221;]A Universidade Estadual do Centro-Oeste (UNICENTRO), por meio do NUFAP-ENTREDOCENTES e da PROGESP, lan\u00e7a o <strong>Projeto Redescobrir-se<\/strong>, voltado a servidores docentes e agentes universit\u00e1rios em abono de perman\u00eancia. Com carga hor\u00e1ria de <strong>60 horas<\/strong>, distribu\u00eddas em encontros mensais em <strong>Guarapuava e Irati<\/strong>, o projeto oferece palestras, oficinas e atividades vivenciais conduzidas por profissionais de diversas \u00e1reas. Os temas abordam sa\u00fade, bem-estar, organiza\u00e7\u00e3o financeira, aspectos legais, alimenta\u00e7\u00e3o, planejamento de vida e os impactos emocionais da transi\u00e7\u00e3o para a aposentadoria.<\/p>\n<p>O objetivo \u00e9 proporcionar um espa\u00e7o de reflex\u00e3o e orienta\u00e7\u00e3o, auxiliando cada participante a construir, com seguran\u00e7a e qualidade de vida, seu projeto de futuro.<\/p>\n<p style=\"text-align: justify\">\u00a0 \u00a0 \u00a0 \u00a0 \u00a0 \u00a0 \u00a0 \u00a0 \u00a0 \u00a0 \u00a0 \u00a0 \u00a0 \u00a0 \u00a0 \u00a0 \u00a0 \u00a0 \u00a0 \u00a0 \u00a0 \u00a0 \u00a0 \u00a0 \u00a0 \u00a0 \u00a0 \u00a0 \u00a0 \u00a0 \u00a0 \u00a0 \u00a0 \u00a0 \u00a0 \u00a0 \u00a0 \u00a0 \u00a0 \u00a0 \u00a0 \u00a0 \u00a0 \u00a0 \u00a0 \u00a0 \u00a0 \u00a0 \u00a0 \u00a0 \u00a0 \u00a0 \u00a0 \u00a0 \u00a0 \u00a0 \u00a0 \u00a0 \u00a0 \u00a0 \u00a0 \u00a0 \u00a0 \u00a0 \u00a0 \u00a0 \u00a0 \u00a0 \u00a0 \u00a0 \u00a0 \u00a0 \u00a0 \u00a0 \u00a0 \u00a0 \u00a0 \u00a0 \u00a0 \u00a0 \u00a0 \u00a0 \u00a0 \u00a0 \u00a0 \u00a0 \u00a0 \u00a0 \u00a0 \u00a0 \u00a0 \u00a0 \u00a0 \u00a0 \u00a0 \u00a0 \u00a0 \u00a0 \u00a0 \u00a0 \u00a0 \u00a0 \u00a0 \u00a0 \u00a0 \u00a0 \u00a0 \u00a0 \u00a0 \u00a0 \u00a0 \u00a0 \u00a0 \u00a0 \u00a0<a href=\"https:\/\/www3.unicentro.br\/entredocentes\/cronograma-ppa\/\">\u00a0 Acesse cronograma &gt;<\/a><\/p>\n<p>[\/vc_column_text][vc_column_text css=&#8221;&#8221;][\/vc_column_text][\/vc_tta_section][\/vc_tta_accordion][\/vc_column][\/vc_row]<\/p>\n<\/div>","protected":false},"excerpt":{"rendered":"<p>[vc_row][vc_column css_animation=&#8221;slideInDown&#8221; width=&#8221;1\/4&#8243;][vc_single_image image=&#8221;392&#8243; img_size=&#8221;500&#215;400&#8243; css=&#8221;&#8221;][\/vc_column][vc_column width=&#8221;3\/4&#8243;][vc_tta_accordion shape=&#8221;round&#8221; active_section=&#8221;&#8221; collapsible_all=&#8221;true&#8221;][vc_tta_section title=&#8221;Projeto Integra\u00e7\u00e3o: Conhecendo a UNICENTRO&#8221; tab_id=&#8221;1764093593550-605210f4-df60&#8243;][vc_column_text css=&#8221;&#8221;] O projeto visa o acolhimento e ambienta\u00e7\u00e3o\u00a0dos ingressantes na carreira universit\u00e1ria da UNICENTRO. Entende-se que o per\u00edodo logo\u00a0ap\u00f3s o ingresso na universidade, e que se estende durante todo o est\u00e1gio probat\u00f3rio, \u00e9\u00a0prop\u00edcio para o conhecimento e assimila\u00e7\u00e3o de [&hellip;]<\/p>\n","protected":false},"author":899,"featured_media":0,"parent":0,"menu_order":0,"comment_status":"closed","ping_status":"closed","template":"","meta":{"_exactmetrics_skip_tracking":false,"_exactmetrics_sitenote_active":false,"_exactmetrics_sitenote_note":"","_exactmetrics_sitenote_category":0,"footnotes":"","_links_to":"","_links_to_target":""},"class_list":["post-107","page","type-page","status-publish","hentry"],"_links":{"self":[{"href":"https:\/\/www3.unicentro.br\/entredocentes\/wp-json\/wp\/v2\/pages\/107","targetHints":{"allow":["GET"]}}],"collection":[{"href":"https:\/\/www3.unicentro.br\/entredocentes\/wp-json\/wp\/v2\/pages"}],"about":[{"href":"https:\/\/www3.unicentro.br\/entredocentes\/wp-json\/wp\/v2\/types\/page"}],"author":[{"embeddable":true,"href":"https:\/\/www3.unicentro.br\/entredocentes\/wp-json\/wp\/v2\/users\/899"}],"replies":[{"embeddable":true,"href":"https:\/\/www3.unicentro.br\/entredocentes\/wp-json\/wp\/v2\/comments?post=107"}],"version-history":[{"count":2,"href":"https:\/\/www3.unicentro.br\/entredocentes\/wp-json\/wp\/v2\/pages\/107\/revisions"}],"predecessor-version":[{"id":553,"href":"https:\/\/www3.unicentro.br\/entredocentes\/wp-json\/wp\/v2\/pages\/107\/revisions\/553"}],"wp:attachment":[{"href":"https:\/\/www3.unicentro.br\/entredocentes\/wp-json\/wp\/v2\/media?parent=107"}],"curies":[{"name":"wp","href":"https:\/\/api.w.org\/{rel}","templated":true}]}}

<div class="wpb-content-wrapper"><p>[vc_row][vc_column css_animation=&#8221;slideInDown&#8221; width=&#8221;1/4&#8243;][vc_single_image image=&#8221;392&#8243; img_size=&#8221;500&#215;400&#8243; css=&#8221;&#8221;][/vc_column][vc_column width=&#8221;3/4&#8243;][vc_tta_accordion shape=&#8221;round&#8221; active_section=&#8221;&#8221; collapsible_all=&#8221;true&#8221;][vc_tta_section title=&#8221;Projeto Integração: Conhecendo a UNICENTRO&#8221; tab_id=&#8221;1764093593550-605210f4-df60&#8243;][vc_column_text css=&#8221;&#8221;]</p>
<p style="text-align: justify"><span style="font-family: georgia, palatino, serif">O projeto visa o acolhimento e ambientação<span class="gmail_default"> </span>dos ingressantes na carreira universitária da UNICENTRO. Entende-se que o período logo<span class="gmail_default"> </span>após o ingresso na universidade, e que se estende durante todo o estágio probatório, é<span class="gmail_default"> </span>propício para o conhecimento e assimilação de normas e regulamentos, para a<span class="gmail_default"> </span>experimentação e utilização de ferramentas, espaços e infraestruturas disponíveis para o<span class="gmail_default"> </span>desenvolvimento de melhores práticas de docência.</span><br />
<span style="font-family: georgia, palatino, serif">O Projeto Integração: Conhecendo a UNICENTRO<span class="gmail_default">,</span> é composto de 6 oficinas, sendo cada<span class="gmail_default"> </span>oficina de 4 horas, perfazendo um total de 24 horas, será ofertado no período de<span class="gmail_default"> </span>novembro/2025 a abril/2026<span class="gmail_default">.</span></span></p>
<p style="text-align: justify">                                                                                                                                                                                                                                     <a href="https://www3.unicentro.br/entredocentes/cronograma-projeto-integracao-conhecendo-a-unicentro/">  Acesse cronograma &gt;</a></p>
<p>[/vc_column_text][vc_column_text css=&#8221;&#8221;][/vc_column_text][/vc_tta_section][/vc_tta_accordion][/vc_column][/vc_row][vc_row][vc_column css_animation=&#8221;slideInDown&#8221; width=&#8221;1/4&#8243;][vc_single_image image=&#8221;543&#8243; img_size=&#8221;500&#215;400&#8243; css=&#8221;&#8221;][/vc_column][vc_column width=&#8221;3/4&#8243;][vc_tta_accordion shape=&#8221;round&#8221; active_section=&#8221;&#8221; collapsible_all=&#8221;true&#8221;][vc_tta_section title=&#8221;Projeto Redescobrir-se: Preparação para a Aposentadoria&#8221; tab_id=&#8221;1771510950826-3c6b1912-939f&#8221;][vc_column_text css=&#8221;&#8221;]A Universidade Estadual do Centro-Oeste (UNICENTRO), por meio do NUFAP-ENTREDOCENTES e da PROGESP, lança o <strong>Projeto Redescobrir-se</strong>, voltado a servidores docentes e agentes universitários em abono de permanência. Com carga horária de <strong>60 horas</strong>, distribuídas em encontros mensais em <strong>Guarapuava e Irati</strong>, o projeto oferece palestras, oficinas e atividades vivenciais conduzidas por profissionais de diversas áreas. Os temas abordam saúde, bem-estar, organização financeira, aspectos legais, alimentação, planejamento de vida e os impactos emocionais da transição para a aposentadoria.</p>
<p>O objetivo é proporcionar um espaço de reflexão e orientação, auxiliando cada participante a construir, com segurança e qualidade de vida, seu projeto de futuro.</p>
<p style="text-align: justify">                                                                                                                                                                                                                                     <a href="https://www3.unicentro.br/entredocentes/cronograma-ppa/">  Acesse cronograma &gt;</a></p>
<p>[/vc_column_text][vc_column_text css=&#8221;&#8221;][/vc_column_text][/vc_tta_section][/vc_tta_accordion][/vc_column][/vc_row]</p>
</div>

<p>[vc_row][vc_column css_animation=&#8221;slideInDown&#8221; width=&#8221;1/4&#8243;][vc_single_image image=&#8221;392&#8243; img_size=&#8221;500&#215;400&#8243; css=&#8221;&#8221;][/vc_column][vc_column width=&#8221;3/4&#8243;][vc_tta_accordion shape=&#8221;round&#8221; active_section=&#8221;&#8221; collapsible_all=&#8221;true&#8221;][vc_tta_section title=&#8221;Projeto Integração: Conhecendo a UNICENTRO&#8221; tab_id=&#8221;1764093593550-605210f4-df60&#8243;][vc_column_text css=&#8221;&#8221;] O projeto visa o acolhimento e ambientação dos ingressantes na carreira universitária da UNICENTRO. Entende-se que o período logo após o ingresso na universidade, e que se estende durante todo o estágio probatório, é propício para o conhecimento e assimilação de [&hellip;]</p>
